{"id":6781,"date":"2020-07-10T20:25:06","date_gmt":"2020-07-11T01:25:06","guid":{"rendered":"https:\/\/todoenseguridad.com\/site\/producto\/pl1224grc-syscom-kit-solar-de-24-w-con-poe-802-3af-y-poe-pasivo\/"},"modified":"2026-03-25T12:30:19","modified_gmt":"2026-03-25T17:30:19","slug":"pl1224grc-syscom-kit-solar-de-24-w-con-poe-802-3af-y-poe-pasivo","status":"publish","type":"product","link":"https:\/\/todoenseguridad.com\/site\/producto\/pl1224grc-syscom-kit-solar-de-24-w-con-poe-802-3af-y-poe-pasivo\/","title":{"rendered":"PL1224GRC SYSCOM Kit Solar de 24 W con PoE 802.3af y PoE Pasivo"},"content":{"rendered":"<p><!--?xml version=\"1.0\" encoding=\"utf-8\"?--><\/p>\n<h2 id=\"product_title_163600\"><span style=\"color: #0000ff;\">PL1224GRC SYSCOM Kit Solar de 24 W con PoE 802.3af y PoE Pasivo 24 Vcd para una C\u00e1mara IP y un Radio Ubiquiti airMAX o Cambium ePMP<\/span><\/h2>\n<p>&nbsp;<\/p>\n<h2><span style=\"color: #000000;\">Alimentaci\u00f3n para un radio de enlace inal\u00e1mbirco:<\/span><\/h2>\n<p><span style=\"color: #000000;\">-Radio de hasta 10 W.<\/span><\/p>\n<h2><span style=\"color: #000000;\">Lista de compatibilidad Ubiquiti Networks:<\/span><\/h2>\n<p><span style=\"color: #000000;\">&#8211;\u00a0LOCOM2.<\/span><br \/>\n<span style=\"color: #000000;\">&#8211;\u00a0LOCOM5.<\/span><br \/>\n<span style=\"color: #000000;\">&#8211;\u00a0ROCKETM2,\u00a0ROCKETM5,\u00a0R5AC-Lite<\/span><\/p>\n<h2><span style=\"color: #000000;\">Lista de compatibilidad Cambium Networks:<\/span><\/h2>\n<p><span style=\"color: #000000;\">&#8211;\u00a0EPMP-5C,\u00a0EPMP-5I.<\/span><\/p>\n<p><span style=\"color: #000000;\"><strong>Pinout de cable para alimentar equipos Cambium Networks:<\/strong><\/span><br \/>\n<span style=\"color: #000000;\">&#8211; Se usa un cable con configuraci\u00f3n PoE cruzada (No es un cable de datos cruzado).<\/span><\/p>\n<p>&nbsp;<\/p>\n<h2><span style=\"color: #000000;\">Alimentaci\u00f3n para una c\u00e1mara IP:<\/span><\/h2>\n<p><span style=\"color: #000000;\">-C\u00e1mara IP de hasta 14 W de consumo.<\/span><\/p>\n<h2><span style=\"color: #000000;\">Lista de componentes incluidos en el kit:<\/span><\/h2>\n<p><span style=\"color: #000000;\">2 x PRO-150-12\u00a0 \u00a0 \u00a0 \u00a0 -M\u00f3dulo fotovoltaico de 150 W, 12 Vcd.<\/span><br \/>\n<span style=\"color: #000000;\">1 x LS-3024-B\u00a0\u00a0 \u00a0 \u00a0 \u00a0 \u00a0-Controlador de carga 30 A, 12 Vcd.<\/span><br \/>\n<span style=\"color: #000000;\">3 x PL-110-D12\u00a0 \u00a0 \u00a0 \u00a0 -Acumulador ciclo profundo VRLA 12 Vcd, 110 Ah.<\/span><br \/>\n<span style=\"color: #000000;\">1 x TP-1224G\u00a0\u00a0 \u00a0 \u00a0 \u00a0 \u00a0 -Convertidor CD con PoE Pasivo de 12-24 Vcd, 0.8 A.<\/span><br \/>\n<span style=\"color: #000000;\">1 x TP-1248GDHP\u00a0 \u00a0-Convertidor CD \u00a0Ent: 10-15 Vcd, Sal: POE 802.3af\/at.<\/span><br \/>\n<span style=\"color: #000000;\">1 x SS-PBL-V5\u00a0 \u00a0 \u00a0 \u00a0 \u00a0-Montaje para poste\/torre para paneles solares.<\/span><br \/>\n<span style=\"color: #000000;\">1 x GT-003G\u00a0 \u00a0 \u00a0 \u00a0 \u00a0 \u00a0 -Gabinete de l\u00e1mina galvanizada para bater\u00edas.<\/span><br \/>\n<span style=\"color: #000000;\">1 x PROSECB02\u00a0 \u00a0 \u00a0 \u00a0 \u00a0 \u00a0 \u00a0 \u00a0-Conector doble MC-4.<\/span><br \/>\n<span style=\"color: #000000;\">1 x PROSECA01\u00a0 \u00a0 \u00a0 \u00a0 \u00a0 \u00a0 \u00a0 -Conector sencillo MC-4.<\/span><br \/>\n<span style=\"color: #000000;\">1 x LA-302DC\u00a0 \u00a0 \u00a0 \u00a0 \u00a0 -Protector de descargas el\u00e9ctricas para sistemas fotovoltaicos.<\/span><\/p>\n<p>&nbsp;<\/p>\n<p style=\"color: #848282; font-family: tahoma, verdana, arial; font-size: 11px;\" align=\"justify\"><span style=\"color: #ff0000;\"><strong><span style=\"font-size: xx-large;\">DUDAS?<\/span><\/strong><\/span><\/p>\n<p style=\"color: #848282; font-family: tahoma, verdana, arial; font-size: 11px;\" align=\"justify\"><span style=\"color: #ff6600; font-size: medium;\"><strong>Llamenos GRATIS NACIONAL al\u00a0 01-800-087-4650<\/strong><\/span><\/p>\n<p style=\"color: #848282; font-family: tahoma, verdana, arial; font-size: 11px;\"><span style=\"color: #ada96e;\">En algunas ocasiones nuestros inventarios pueden moverse y no tener en existencia alg\u00fan producto. Llamenos o escribanos para confirmar si ese articulo que busca lo tenemos o quizas podamos sugerir algun otro.<br \/>\nUtilice la<\/span>\u00a0<strong>AYUDA EN LINEA<\/strong><\/p>\n<p><span style=\"color: #f87217; font-family: tahoma, verdana, arial; font-size: 11px;\">Por favor tome un minuto y revise nuestras POLITICAS de venta al calce de la pagina.<\/span><\/p>\n<p>&nbsp;<\/p>\n<p>&nbsp;<\/p>\n","protected":false},"excerpt":{"rendered":"<p>PL1224GRC SYSCOM Kit Solar de 24 W con PoE 802.3af y PoE Pasivo 24 Vcd para una C\u00e1mara IP y un Radio Ubiquiti airMAX o Cambium ePMP &nbsp; Alimentaci\u00f3n para un radio de enlace inal\u00e1mbirco: -Radio de hasta 10 W. Lista de compatibilidad Ubiquiti Networks: &#8211;\u00a0LOCOM2. &#8211;\u00a0LOCOM5. &#8211;\u00a0ROCKETM2,\u00a0ROCKETM5,\u00a0R5AC-Lite Lista de compatibilidad Cambium Networks: &#8211;\u00a0EPMP-5C,\u00a0EPMP-5I. Pinout [&hellip;]<\/p>\n","protected":false},"featured_media":8980,"template":"","meta":{"_acf_changed":false},"product_brand":[],"product_cat":[120],"product_tag":[],"berocket_brand":[],"class_list":{"0":"post-6781","1":"product","2":"type-product","3":"status-publish","4":"has-post-thumbnail","6":"product_cat-kits-energia-solar","8":"first","9":"instock","10":"featured","11":"taxable","12":"shipping-taxable","13":"purchasable","14":"product-type-simple","15":"berocket_lgv_grid","16":"berocket_lgv_list_grid"},"acf":[],"aioseo_notices":[],"_links":{"self":[{"href":"https:\/\/todoenseguridad.com\/site\/wp-json\/wp\/v2\/product\/6781","targetHints":{"allow":["GET"]}}],"collection":[{"href":"https:\/\/todoenseguridad.com\/site\/wp-json\/wp\/v2\/product"}],"about":[{"href":"https:\/\/todoenseguridad.com\/site\/wp-json\/wp\/v2\/types\/product"}],"wp:featuredmedia":[{"embeddable":true,"href":"https:\/\/todoenseguridad.com\/site\/wp-json\/wp\/v2\/media\/8980"}],"wp:attachment":[{"href":"https:\/\/todoenseguridad.com\/site\/wp-json\/wp\/v2\/media?parent=6781"}],"wp:term":[{"taxonomy":"product_brand","embeddable":true,"href":"https:\/\/todoenseguridad.com\/site\/wp-json\/wp\/v2\/product_brand?post=6781"},{"taxonomy":"product_cat","embeddable":true,"href":"https:\/\/todoenseguridad.com\/site\/wp-json\/wp\/v2\/product_cat?post=6781"},{"taxonomy":"product_tag","embeddable":true,"href":"https:\/\/todoenseguridad.com\/site\/wp-json\/wp\/v2\/product_tag?post=6781"},{"taxonomy":"berocket_brand","embeddable":true,"href":"https:\/\/todoenseguridad.com\/site\/wp-json\/wp\/v2\/berocket_brand?post=6781"}],"curies":[{"name":"wp","href":"https:\/\/api.w.org\/{rel}","templated":true}]}}