{"id":6768,"date":"2020-07-10T20:25:02","date_gmt":"2020-07-11T01:25:02","guid":{"rendered":"https:\/\/todoenseguridad.com\/site\/producto\/ew2501-dahua-camara-fish-eye-5-mp-hdcvi-ir-10-mts-360-grados\/"},"modified":"2023-06-27T11:17:21","modified_gmt":"2023-06-27T16:17:21","slug":"ew2501-dahua-camara-fish-eye-5-mp-hdcvi-ir-10-mts-360-grados","status":"publish","type":"product","link":"https:\/\/todoenseguridad.com\/site\/producto\/ew2501-dahua-camara-fish-eye-5-mp-hdcvi-ir-10-mts-360-grados\/","title":{"rendered":"EW2501 DAHUA Camara FISH EYE 5 MP HDCVI \/ Ir 10 Mts \/ 360 Grados"},"content":{"rendered":"<p><!--?xml version=\"1.0\" encoding=\"utf-8\"?--><\/p>\n<h2><span style=\"color: #0000ff;\">EW2501 DAHUA Camara FISH EYE 5 MP HDCVI \/ Ir 10 Mts \/ 360 Grados \/ WDR Real \/ Audio integrado<\/span><\/h2>\n<h3><span style=\"color: #000000;\"> Informaci\u00f3n General<\/span><\/h3>\n<div>\n<p><span style=\"color: #000000;\">La c\u00e1mara modelo\u00a0<strong style=\"background-color: transparent;\">EW2501N<\/strong><strong>\u00a0<\/strong>es\u00a0una c\u00e1mara domo tipo ojo de pez, cuenta\u00a0con una excelente resoluci\u00f3n de 5 megap\u00edxeles,\u00a0tiene\u00a0un lente de\u00a0<strong>1.4mm<\/strong>\u00a0con el cual obtendremos un angulo de vista de 180\u00b0 de vista panor\u00e1mica (montada en Pared) o una incre\u00edble vista de 360\u00b0 (montada en techo), con este tipo de lente no tendremos puntos ciegos en el \u00e1rea de cobertura, por su dise\u00f1o puede ser instalada en aeropuertos, centros comerciales, locales comerciales, oficinas, en los cuales se podr\u00e1\u00a0aprovechar su vista de 360\u00b0, este tipo de c\u00e1mara\u00a0genera un ahorro en el numero de c\u00e1maras durante la implementaci\u00f3n de un sistema de seguridad, puede sustituir hasta 4 c\u00e1maras por 1 fisheye.<\/span><\/p>\n<\/div>\n<p>&nbsp;<\/p>\n<div>\n<h3><span style=\"color: #000000;\">Funci\u00f3n Dewarping<\/span><\/h3>\n<p><span style=\"color: #000000;\"><span class=\"ql-cursor\">\u00bf<\/span>cuenta con la funci\u00f3n Dewarping,\u00a0consiste en realizar la descomposici\u00f3n de la imagen que se obtiene\u00a0en 180\u00b0 y 360\u00b0 dependiendo de la posici\u00f3n en la que se instale. Esta caracter\u00edstica se podr\u00e1 observar en tiempo real, esta funci\u00f3n tambi\u00e9n se podr\u00e1 observar desde el software Smart PSS en tiempo real.<\/span><\/p>\n<\/div>\n<p>&nbsp;<\/p>\n<div>\n<h3><span style=\"color: #000000;\">Distancia DORI<\/span><\/h3>\n<p><span style=\"color: #000000;\">La distancia DORI es una proximidad general de la distancia que hace que sea f\u00e1cil elegir la c\u00e1mara adecuada para sus necesidades. La distancia DORI se calcula sobre la base de la especificaci\u00f3n del sensor y del resultado de la prueba de laboratorio seg\u00fan EN 62676-4, que define los criterios para Detectar, Observar, Reconocer e Identificar, respectivamente,<\/span><\/p>\n<\/div>\n<p>&nbsp;<\/p>\n<h3><span style=\"color: #000000;\"> Principales Caracter\u00edsticas<\/span><\/h3>\n<ul>\n<li><span style=\"color: #000000;\">Sensor de imagen 1\/2.8&#8243; 5MP CMOS<\/span><\/li>\n<li><span style=\"color: #000000;\">D\u00eda\/ Noche Auto (Electronic) \/ Manual<\/span><\/li>\n<li><span style=\"color: #000000;\">Contraluz BLC\/ HLC\/ WDR.<\/span><\/li>\n<li><span style=\"color: #000000;\">Reducci\u00f3n de ruido 2D\/3D.<\/span><\/li>\n<li><span style=\"color: #000000;\">Longitud focal 1.4mm.<\/span><\/li>\n<li><span style=\"color: #000000;\">Distancia IR 10m.<\/span><\/li>\n<li><span style=\"color: #000000;\">LEDS IR 3.<\/span><\/li>\n<li><span style=\"color: #000000;\">Smart IR Auto\/Manual.<\/span><\/li>\n<li><span style=\"color: #000000;\">Fuente de alimentaci\u00f3n 12 V +-30%.<\/span><\/li>\n<li><span style=\"color: #000000;\">Consumo de energ\u00eda &lt;7.3W.(Con IR encendidos)<\/span><\/li>\n<li><span style=\"color: #000000;\">Ambiente de trabajo -30\u00b0C +60\u00b0C.<\/span><\/li>\n<li><span style=\"color: #000000;\">Material Aluminio + Plastico<\/span><\/li>\n<li><span style=\"color: #000000;\">Dimensiones \u03a6126.2mm x 40.6mm(\u03a64.97&#8243;x 1.6&#8243;)<\/span><\/li>\n<li><span style=\"color: #000000;\">Peso 0.42kg.<\/span><\/li>\n<\/ul>\n<p>&nbsp;<\/p>\n<p style=\"color: #848282; font-family: tahoma, verdana, arial; font-size: 11px;\" align=\"justify\"><span style=\"color: #ff0000;\"><strong><span style=\"font-size: xx-large;\">DUDAS?<\/span><\/strong><\/span><\/p>\n<p style=\"color: #848282; font-family: tahoma, verdana, arial; font-size: 11px;\" align=\"justify\"><span style=\"color: #ff6600; font-size: medium;\"><strong>Llamenos GRATIS NACIONAL al\u00a0 01-800-087-4650<\/strong><\/span><\/p>\n<p style=\"color: #848282; font-family: tahoma, verdana, arial; font-size: 11px;\"><span style=\"color: #ada96e;\">En algunas ocasiones nuestros inventarios pueden moverse y no tener en existencia alg\u00fan producto. Llamenos o escribanos para confirmar si ese articulo que busca lo tenemos o quizas podamos sugerir algun otro.<br \/>\nUtilice la<\/span>\u00a0<strong>AYUDA EN LINEA<\/strong><\/p>\n<p><span style=\"color: #f87217; font-family: tahoma, verdana, arial; font-size: 11px;\">Por favor tome un minuto y revise nuestras POLITICAS de venta al calce de la pagina.<\/span><\/p>\n<p>&nbsp;<\/p>\n<p>&nbsp;<\/p>\n<p>&nbsp;<\/p>\n","protected":false},"excerpt":{"rendered":"<p>EW2501 DAHUA Camara FISH EYE 5 MP HDCVI \/ Ir 10 Mts \/ 360 Grados \/ WDR Real \/ Audio integrado Informaci\u00f3n General La c\u00e1mara modelo\u00a0EW2501N\u00a0es\u00a0una c\u00e1mara domo tipo ojo de pez, cuenta\u00a0con una excelente resoluci\u00f3n de 5 megap\u00edxeles,\u00a0tiene\u00a0un lente de\u00a01.4mm\u00a0con el cual obtendremos un angulo de vista de 180\u00b0 de vista panor\u00e1mica (montada en [&hellip;]<\/p>\n","protected":false},"featured_media":8210,"template":"","meta":{"_acf_changed":false},"product_brand":[],"product_cat":[108],"product_tag":[],"berocket_brand":[],"class_list":{"0":"post-6768","1":"product","2":"type-product","3":"status-publish","4":"has-post-thumbnail","6":"product_cat-domo-cctv-hdcvi","8":"first","9":"instock","10":"taxable","11":"shipping-taxable","12":"purchasable","13":"product-type-simple","14":"berocket_lgv_grid","15":"berocket_lgv_list_grid"},"acf":[],"aioseo_notices":[],"_links":{"self":[{"href":"https:\/\/todoenseguridad.com\/site\/wp-json\/wp\/v2\/product\/6768","targetHints":{"allow":["GET"]}}],"collection":[{"href":"https:\/\/todoenseguridad.com\/site\/wp-json\/wp\/v2\/product"}],"about":[{"href":"https:\/\/todoenseguridad.com\/site\/wp-json\/wp\/v2\/types\/product"}],"wp:featuredmedia":[{"embeddable":true,"href":"https:\/\/todoenseguridad.com\/site\/wp-json\/wp\/v2\/media\/8210"}],"wp:attachment":[{"href":"https:\/\/todoenseguridad.com\/site\/wp-json\/wp\/v2\/media?parent=6768"}],"wp:term":[{"taxonomy":"product_brand","embeddable":true,"href":"https:\/\/todoenseguridad.com\/site\/wp-json\/wp\/v2\/product_brand?post=6768"},{"taxonomy":"product_cat","embeddable":true,"href":"https:\/\/todoenseguridad.com\/site\/wp-json\/wp\/v2\/product_cat?post=6768"},{"taxonomy":"product_tag","embeddable":true,"href":"https:\/\/todoenseguridad.com\/site\/wp-json\/wp\/v2\/product_tag?post=6768"},{"taxonomy":"berocket_brand","embeddable":true,"href":"https:\/\/todoenseguridad.com\/site\/wp-json\/wp\/v2\/berocket_brand?post=6768"}],"curies":[{"name":"wp","href":"https:\/\/api.w.org\/{rel}","templated":true}]}}