{"id":6748,"date":"2020-07-10T20:24:59","date_gmt":"2020-07-11T01:24:59","guid":{"rendered":"https:\/\/todoenseguridad.com\/site\/producto\/hac-hfw1239t-a-led-dahua-camara-bullet-hdcvi-full-color-1080p-m\/"},"modified":"2026-03-30T17:43:15","modified_gmt":"2026-03-30T22:43:15","slug":"hac-hfw1239t-a-led-dahua-camara-bullet-hdcvi-full-color-1080p-m","status":"publish","type":"product","link":"https:\/\/todoenseguridad.com\/site\/producto\/hac-hfw1239t-a-led-dahua-camara-bullet-hdcvi-full-color-1080p-m\/","title":{"rendered":"HAC-HFW1239T-A-LED DAHUA Camara Bullet HDCVI Full Color 1080P\/ Microfono Integrado\/ Metalica"},"content":{"rendered":"<p><!--?xml version=\"1.0\" encoding=\"utf-8\"?--><\/p>\n<h2><span style=\"color: #0000ff;\">HAC-HFW1239T-A-LED DAHUA Camara Bullet HDCVI Full Color 1080P\/ Microfono Integrado\/ Metalica\/ Led de 20 Mts\/ 3.6 MM\/ IP67\/ Starlight<\/span><\/h2>\n<h3><span style=\"color: #000000;\"> Informaci\u00f3n General<\/span><\/h3>\n<div>\n<p class=\"ql-align-justify\"><span style=\"color: #000000;\">La c\u00e1mara modelo\u00a0<strong>HFW1239T-A-LED\u00a0<\/strong>es una c\u00e1mara bullet de\u00a0<strong>2MP\u00a0<\/strong>de resoluci\u00f3n<strong>,<\/strong>con la cual podemos apreciar una imagen con mayor nitidez, brillo y claridad . Este modelo\u00a0incorpora un lente\u00a0de\u00a03.6mm dando un angulo de visi\u00f3n de<strong> 86.9\u00b0<\/strong>, tecnolog\u00eda <strong>Full Color<\/strong> esta tecnolog\u00eda nos permite obtener un\u00a0rendimiento excepcional ideal para la visualizaci\u00f3n y reproducci\u00f3n\u00a0de im\u00e1genes bajo condiciones de poca iluminaci\u00f3n.<\/span><\/p>\n<\/div>\n<h3><span style=\"color: #000000;\"> Full Color<\/span><\/h3>\n<div>\n<p><span style=\"color: #000000;\">Esta tecnolog\u00eda nos permite obtener un\u00a0rendimiento excepcional ideal para la visualizaci\u00f3n y reproducci\u00f3n\u00a0de im\u00e1genes bajo condiciones de poca iluminaci\u00f3n, tanto en condiciones de contraluz extremo como en la obscuridad.<\/span><\/p>\n<p><span style=\"color: #000000;\">Las c\u00e1maras fullcolor permite una monitorizaci\u00f3n 24\/7, para recopilaci\u00f3n de datos crom\u00e1ticos.<\/span><\/p>\n<\/div>\n<h3><span style=\"color: #000000;\"> DWDR<\/span><\/h3>\n<div>\n<p class=\"ql-align-justify\"><span style=\"color: #000000;\">Nuestra c\u00e1mara\u00a0cuenta con DWDR, esta funci\u00f3n\u00a0se encarga de medir, compensar y ajustar la luz en la imagen\u00a0captada para despu\u00e9s combinar los espacios de luces brillantes con los espacios de sombras que hay en una misma toma, creando\u00a0un equilibrio en la imagen final.<\/span><\/p>\n<\/div>\n<h3><span style=\"color: #000000;\"> Smart IR<\/span><\/h3>\n<div>\n<p><span style=\"color: #000000;\">Con la iluminaci\u00f3n IR, las im\u00e1genes detalladas se pueden capturar con poca luz o oscuridad total. La tecnolog\u00eda Smart IR ajusta la intensidad de los LED infrarrojos para compensar la distancia de un objeto evitando\u00a0que los LEDs IR borren las im\u00e1genes a medida que se acercan a la c\u00e1mara. La iluminaci\u00f3n infrarroja integrada de la c\u00e1mara proporciona un alto rendimiento en entornos con poca luz extrema de hasta 20 mts.<\/span><\/p>\n<\/div>\n<h3><span style=\"color: #000000;\"> AUDIO HDCVI<\/span><\/h3>\n<div>\n<p><span style=\"color: #000000;\">Cuenta con un\u00a0<strong>micr\u00f3fono integrado<\/strong> de esta manera se puede transmitir la se\u00f1al de video y audio utilizando un solo cable (coaxial o UTP) hacia un\u00a0DVR DAHUA HDCVI, para poder ver y escuchar dichas se\u00f1ales desde nuestra PC por Software o Smart pone por la App.<\/span><\/p>\n<p>&nbsp;<\/p>\n<\/div>\n<h3><span style=\"color: #000000;\"> Principales Caracteristicas<\/span><\/h3>\n<div>\n<ul>\n<li class=\"ql-align-justify\"><span style=\"color: #000000;\">1 \/ 2.8 \u00bb CMOS<\/span><\/li>\n<li class=\"ql-align-justify\"><span style=\"color: #000000;\">M\u00e1x Distancia IR LEDs 20m.<\/span><\/li>\n<li class=\"ql-align-justify\"><span style=\"color: #000000;\">Lente 3.6mm.<\/span><\/li>\n<li class=\"ql-align-justify\"><span style=\"color: #000000;\">\u00c1ngulo de Visi\u00f3n 103.6\u00b0\u00d786.9\u00b0\u00d746.3\u00b0 (diagonal\u00d7horizontal\u00d7vertical)<\/span><\/li>\n<li class=\"ql-align-justify\"><span style=\"color: #000000;\">Zoom: Digital 16x.<\/span><\/li>\n<li class=\"ql-align-justify\"><span style=\"color: #000000;\">Fuente de alimentaci\u00f3n 12V DC +-30%.<\/span><\/li>\n<li class=\"ql-align-justify\"><span style=\"color: #000000;\">Consumo de energ\u00eda\u00a03W (IR encendidos).<\/span><\/li>\n<li class=\"ql-align-justify\"><span style=\"color: #000000;\">Condiciones de Trabajo -40\u00b0 C ~ +60\u00b0 C \/ menos de 95% RH<\/span><\/li>\n<li class=\"ql-align-justify\"><span style=\"color: #000000;\">\u00cdndice de protecci\u00f3n IP67.<\/span><\/li>\n<li class=\"ql-align-justify\"><span style=\"color: #000000;\">Micr\u00f3fono embebido.<\/span><\/li>\n<li class=\"ql-align-justify\"><span style=\"color: #000000;\">Peso 0.34kg.<\/span><\/li>\n<li class=\"ql-align-justify\"><span style=\"color: #000000;\">Material Metalico<\/span><\/li>\n<\/ul>\n<p>&nbsp;<\/p>\n<\/div>\n<p style=\"color: #848282; font-family: tahoma, verdana, arial; font-size: 11px;\" align=\"justify\"><span style=\"color: #ff0000;\"><strong><span style=\"font-size: xx-large;\">DUDAS?<\/span><\/strong><\/span><\/p>\n<p style=\"color: #848282; font-family: tahoma, verdana, arial; font-size: 11px;\" align=\"justify\"><span style=\"color: #ff6600; font-size: medium;\"><strong>Llamenos GRATIS NACIONAL al\u00a0 01-800-087-4650<\/strong><\/span><\/p>\n<p style=\"color: #848282; font-family: tahoma, verdana, arial; font-size: 11px;\"><span style=\"color: #ada96e;\">En algunas ocasiones nuestros inventarios pueden moverse y no tener en existencia alg\u00fan producto. Llamenos o escribanos para confirmar si ese articulo que busca lo tenemos o quizas podamos sugerir algun otro.<br \/>\nUtilice la<\/span>\u00a0<strong>AYUDA EN LINEA<\/strong><\/p>\n<p><span style=\"color: #f87217; font-family: tahoma, verdana, arial; font-size: 11px;\">Por favor tome un minuto y revise nuestras POLITICAS de venta al calce de la pagina.<\/span><\/p>\n<p>&nbsp;<\/p>\n","protected":false},"excerpt":{"rendered":"<p>HAC-HFW1239T-A-LED DAHUA Camara Bullet HDCVI Full Color 1080P\/ Microfono Integrado\/ Metalica\/ Led de 20 Mts\/ 3.6 MM\/ IP67\/ Starlight Informaci\u00f3n General La c\u00e1mara modelo\u00a0HFW1239T-A-LED\u00a0es una c\u00e1mara bullet de\u00a02MP\u00a0de resoluci\u00f3n,con la cual podemos apreciar una imagen con mayor nitidez, brillo y claridad . Este modelo\u00a0incorpora un lente\u00a0de\u00a03.6mm dando un angulo de visi\u00f3n de 86.9\u00b0, tecnolog\u00eda Full [&hellip;]<\/p>\n","protected":false},"featured_media":7748,"template":"","meta":{"_acf_changed":false},"product_brand":[],"product_cat":[107,104],"product_tag":[],"berocket_brand":[],"class_list":{"0":"post-6748","1":"product","2":"type-product","3":"status-publish","4":"has-post-thumbnail","6":"product_cat-bullet-cctv-hdcvi","7":"product_cat-cctv-hdcvi","9":"first","10":"instock","11":"sale","12":"taxable","13":"shipping-taxable","14":"purchasable","15":"product-type-simple","16":"berocket_lgv_grid","17":"berocket_lgv_list_grid"},"acf":[],"aioseo_notices":[],"_links":{"self":[{"href":"https:\/\/todoenseguridad.com\/site\/wp-json\/wp\/v2\/product\/6748","targetHints":{"allow":["GET"]}}],"collection":[{"href":"https:\/\/todoenseguridad.com\/site\/wp-json\/wp\/v2\/product"}],"about":[{"href":"https:\/\/todoenseguridad.com\/site\/wp-json\/wp\/v2\/types\/product"}],"wp:featuredmedia":[{"embeddable":true,"href":"https:\/\/todoenseguridad.com\/site\/wp-json\/wp\/v2\/media\/7748"}],"wp:attachment":[{"href":"https:\/\/todoenseguridad.com\/site\/wp-json\/wp\/v2\/media?parent=6748"}],"wp:term":[{"taxonomy":"product_brand","embeddable":true,"href":"https:\/\/todoenseguridad.com\/site\/wp-json\/wp\/v2\/product_brand?post=6748"},{"taxonomy":"product_cat","embeddable":true,"href":"https:\/\/todoenseguridad.com\/site\/wp-json\/wp\/v2\/product_cat?post=6748"},{"taxonomy":"product_tag","embeddable":true,"href":"https:\/\/todoenseguridad.com\/site\/wp-json\/wp\/v2\/product_tag?post=6748"},{"taxonomy":"berocket_brand","embeddable":true,"href":"https:\/\/todoenseguridad.com\/site\/wp-json\/wp\/v2\/berocket_brand?post=6748"}],"curies":[{"name":"wp","href":"https:\/\/api.w.org\/{rel}","templated":true}]}}