{"id":6720,"date":"2020-07-10T20:24:55","date_gmt":"2020-07-11T01:24:55","guid":{"rendered":"https:\/\/todoenseguridad.com\/site\/producto\/hum4231-dahua-camara-ip-pinhole-2mp-lente-de-2-8mm-h-254-wdr\/"},"modified":"2025-02-17T10:33:19","modified_gmt":"2025-02-17T15:33:19","slug":"hum4231-dahua-camara-ip-pinhole-2mp-lente-de-2-8mm-h-254-wdr","status":"publish","type":"product","link":"https:\/\/todoenseguridad.com\/site\/producto\/hum4231-dahua-camara-ip-pinhole-2mp-lente-de-2-8mm-h-254-wdr\/","title":{"rendered":"HUM4231 DAHUA Camara IP Pinhole 2MP\/ Lente de 2.8mm\/ H.254+\/ WDR"},"content":{"rendered":"<p><!--?xml version=\"1.0\" encoding=\"utf-8\"?--><\/p>\n<h2><span style=\"color: #0000ff;\">HUM4231 DAHUA Camara IP Pinhole 2MP\/ Lente de 2.8mm\/ H.254+\/ WDR Real\/ 1 Entrada de Audio y 1 Salida\/ Metalica<\/span><\/h2>\n<h3><span style=\"color: #000000;\"> Informaci\u00f3n General<\/span><\/h3>\n<div>\n<p class=\"ql-align-justify\"><span style=\"color: #000000;\">Mini c\u00e1mara de Video Vigilancia, con una muy Alta Resoluci\u00f3n ya que cuenta con una resoluci\u00f3n <strong>1080P<\/strong>, cuenta con colores bien definidos. Cuenta con un lente fijo\u00a0<\/span><strong><span style=\"color: #000000;\">PIN HOLE de 2.8mm.<\/span> <\/strong><\/p>\n<p class=\"ql-align-justify\"><span style=\"color: #000000;\">Este equipo se instala f\u00e1cilmente en cualquier lugar pasando inadvertida gracias a su tama\u00f1o. Su resoluci\u00f3n, sensibilidad y gran \u00e1ngulo de apertura y\u00a0presentaci\u00f3n estilizada resulta ideal para la vigilancia de tiendas, oficinas, comercios, almacenes,\u00a0uso residencial, guarder\u00edas, salones de clase, f\u00e1bricas y cualquier lugar con iluminaci\u00f3n.<\/span><\/p>\n<\/div>\n<h3><span style=\"color: #000000;\"> WDR Real<\/span><\/h3>\n<div>\n<p><span style=\"color: #000000;\">La c\u00e1mara\u00a0logra obtener im\u00e1genes n\u00edtdas en escenarios donde hay variaci\u00f3n\u00a0en las condiciones de iluminaci\u00f3n ya sea\u00a0baja y\/o brillante,la funci\u00f3n\u00a0<\/span><strong style=\"color: #000000;\">WDR real120dB<\/strong><span style=\"color: #000000;\">\u00a0se encarga de medir, compensar y ajustar la luz en la imagen\u00a0captada para despues combinar los espacios de luces brillantes con los espacios de sombras,creando\u00a0un equilibrio en la imagen final.<\/span><\/p>\n<\/div>\n<h3><span style=\"color: #000000;\"> H.265<\/span><\/h3>\n<div>\n<p><span style=\"color: #000000;\">El codificador <strong>H.265<\/strong>\u00a0mejora enormemente la calidad y la eficiencia del material de video comparado con<strong> H.264<\/strong> que mejora hasta un <strong>50%<\/strong>, por lo tanto, un codificador <strong>H.265<\/strong> ser\u00eda muy \u00fatil cuando intente convertir videos para compartir en Internet y a trav\u00e9s de dispositivos como tel\u00e9fonos inteligentes y tabletas.<\/span><\/p>\n<\/div>\n<h3><span style=\"color: #000000;\"> Facil Instalaci\u00f3n<\/span><\/h3>\n<div>\n<p><span style=\"color: #000000;\">Este equipo se instala f\u00e1cilmente en cualquier lugar pasando inadvertida gracias a su tama\u00f1o.<\/span><\/p>\n<ol>\n<li><span style=\"color: #000000;\">Fijamos la base de la c\u00e1mara.<\/span><\/li>\n<li><span style=\"color: #000000;\">Ajustamos la c\u00e1mara y apretamos los tornillos laterrales<\/span><\/li>\n<li><span style=\"color: #000000;\">Ajustamos el \u00e1ngulo de la c\u00e1mara<\/span><\/li>\n<\/ol>\n<\/div>\n<h3><span style=\"color: #000000;\"> Principales Caracteristicas<\/span><\/h3>\n<ul>\n<li class=\"ql-align-justify\"><span style=\"color: #000000;\">1 \/ 2.7 \u00bb Progresivo CMOS<\/span><\/li>\n<li class=\"ql-align-justify\"><span style=\"color: #000000;\">Codificaci\u00f3n de video H.265\/H.264<\/span><\/li>\n<li class=\"ql-align-justify\"><span style=\"color: #000000;\">D\u00eda \/ Noche Auto (ICR) \/ Color \/ B \/ W.<\/span><\/li>\n<li class=\"ql-align-justify\"><span style=\"color: #000000;\">Compensaci\u00f3n de contraluz BLC \/ HLC \/ WDR (120dB).<\/span><\/li>\n<li class=\"ql-align-justify\"><span style=\"color: #000000;\">M\u00faltiple monitoreo por red: visor Web, CMS (DSS \/ PSS) y DMSS..<\/span><\/li>\n<li class=\"ql-align-justify\"><span style=\"color: #000000;\">IVS: tripwire, intrusi\u00f3n, objeto abandonado\/perdido.<\/span><\/li>\n<li class=\"ql-align-justify\"><span style=\"color: #000000;\">Zoom: Digital 16x.<\/span><\/li>\n<li class=\"ql-align-justify\"><span style=\"color: #000000;\">Puerto ethernet RJ-45 (10 \/ 100Base-T).<\/span><\/li>\n<li class=\"ql-align-justify\"><span style=\"color: #000000;\">Fuente de alimentaci\u00f3n 12V DC 1.5A<\/span><\/li>\n<li class=\"ql-align-justify\"><span style=\"color: #000000;\">Condiciones de Trabajo -30\u00b0 C ~ +60\u00b0 C (-22\u00b0 F ~ +140\u00b0 F) \/ menos de 95% RH<\/span><\/li>\n<li class=\"ql-align-justify\"><span style=\"color: #000000;\">Peso .102kg.<\/span><\/li>\n<li class=\"ql-align-justify\"><span style=\"color: #000000;\">Material Metalico<\/span><\/li>\n<\/ul>\n<p>&nbsp;<\/p>\n<p style=\"color: #848282; font-family: tahoma, verdana, arial; font-size: 11px;\" align=\"justify\"><span style=\"color: #ff0000;\"><strong><span style=\"font-size: xx-large;\">DUDAS?<\/span><\/strong><\/span><\/p>\n<p style=\"color: #848282; font-family: tahoma, verdana, arial; font-size: 11px;\" align=\"justify\"><span style=\"color: #ff6600; font-size: medium;\"><strong>Llamenos GRATIS NACIONAL al\u00a0 01-800-087-4650<\/strong><\/span><\/p>\n<p style=\"color: #848282; font-family: tahoma, verdana, arial; font-size: 11px;\"><span style=\"color: #ada96e;\">En algunas ocasiones nuestros inventarios pueden moverse y no tener en existencia alg\u00fan producto. Llamenos o escribanos para confirmar si ese articulo que busca lo tenemos o quizas podamos sugerir algun otro.<br \/>\nUtilice la<\/span>\u00a0<strong>AYUDA EN LINEA<\/strong><\/p>\n<p><span style=\"color: #f87217; font-family: tahoma, verdana, arial; font-size: 11px;\">Por favor tome un minuto y revise nuestras POLITICAS de venta al calce de la pagina.<\/span><\/p>\n<p>&nbsp;<\/p>\n","protected":false},"excerpt":{"rendered":"<p>HUM4231 DAHUA Camara IP Pinhole 2MP\/ Lente de 2.8mm\/ H.254+\/ WDR Real\/ 1 Entrada de Audio y 1 Salida\/ Metalica Informaci\u00f3n General Mini c\u00e1mara de Video Vigilancia, con una muy Alta Resoluci\u00f3n ya que cuenta con una resoluci\u00f3n 1080P, cuenta con colores bien definidos. Cuenta con un lente fijo\u00a0PIN HOLE de 2.8mm. Este equipo se [&hellip;]<\/p>\n","protected":false},"featured_media":8639,"template":"","meta":{"_acf_changed":false},"product_brand":[],"product_cat":[58],"product_tag":[],"berocket_brand":[],"class_list":{"0":"post-6720","1":"product","2":"type-product","3":"status-publish","4":"has-post-thumbnail","6":"product_cat-cubo","8":"first","9":"instock","10":"taxable","11":"shipping-taxable","12":"purchasable","13":"product-type-simple","14":"berocket_lgv_grid","15":"berocket_lgv_list_grid"},"acf":[],"aioseo_notices":[],"_links":{"self":[{"href":"https:\/\/todoenseguridad.com\/site\/wp-json\/wp\/v2\/product\/6720","targetHints":{"allow":["GET"]}}],"collection":[{"href":"https:\/\/todoenseguridad.com\/site\/wp-json\/wp\/v2\/product"}],"about":[{"href":"https:\/\/todoenseguridad.com\/site\/wp-json\/wp\/v2\/types\/product"}],"wp:featuredmedia":[{"embeddable":true,"href":"https:\/\/todoenseguridad.com\/site\/wp-json\/wp\/v2\/media\/8639"}],"wp:attachment":[{"href":"https:\/\/todoenseguridad.com\/site\/wp-json\/wp\/v2\/media?parent=6720"}],"wp:term":[{"taxonomy":"product_brand","embeddable":true,"href":"https:\/\/todoenseguridad.com\/site\/wp-json\/wp\/v2\/product_brand?post=6720"},{"taxonomy":"product_cat","embeddable":true,"href":"https:\/\/todoenseguridad.com\/site\/wp-json\/wp\/v2\/product_cat?post=6720"},{"taxonomy":"product_tag","embeddable":true,"href":"https:\/\/todoenseguridad.com\/site\/wp-json\/wp\/v2\/product_tag?post=6720"},{"taxonomy":"berocket_brand","embeddable":true,"href":"https:\/\/todoenseguridad.com\/site\/wp-json\/wp\/v2\/berocket_brand?post=6720"}],"curies":[{"name":"wp","href":"https:\/\/api.w.org\/{rel}","templated":true}]}}