{"id":6666,"date":"2020-07-10T20:18:54","date_gmt":"2020-07-11T01:18:54","guid":{"rendered":"https:\/\/todoenseguridad.com\/site\/producto\/lbe-5ac-gen2-ubiquiti-networks-litebeam-2x2-mimo-airmax-ac-gen2\/"},"modified":"2026-03-30T17:44:08","modified_gmt":"2026-03-30T22:44:08","slug":"lbe-5ac-gen2-ubiquiti-networks-litebeam-2x2-mimo-airmax-ac-gen2","status":"publish","type":"product","link":"https:\/\/todoenseguridad.com\/site\/producto\/lbe-5ac-gen2-ubiquiti-networks-litebeam-2x2-mimo-airmax-ac-gen2\/","title":{"rendered":"LBE-5AC-GEN2 UBIQUITI NETWORKS LiteBeam 2&#215;2 MIMO airMAX AC GEN2 CPE hasta 450 Mbps"},"content":{"rendered":"<p><!--?xml version=\"1.0\" encoding=\"utf-8\"?--><\/p>\n<h2 id=\"product_title_95410\"><span style=\"color: #0000ff;\">LBE-5AC-GEN2 UBIQUITI NETWORKS LiteBeam 2&#215;2 MIMO airMAX AC GEN2 CPE hasta 450 Mbps, 5 GHz (5150 &#8211; 5875 MHz) con antena integrada de 23 dBi<\/span><\/h2>\n<h3><span style=\"color: #000000;\">Puertos:<\/span><\/h3>\n<p style=\"line-height: 1.5;\"><span style=\"font-size: 14px; color: #000000;\">1 puerto de datos 10\/100\/1000 Mbps.<\/span><\/p>\n<p><span style=\"color: #000000;\"><strong>Sistema operativo:<\/strong><\/span><\/p>\n<p style=\"line-height: 1.5;\"><span style=\"font-size: 14px; color: #000000;\">airOS\u00ae 8.<\/span><\/p>\n<p><span style=\"color: #000000;\"><strong>Modos de operaci\u00f3n<\/strong>:<\/span><\/p>\n<p style=\"line-height: 1.5;\"><span style=\"font-size: 14px; color: #000000;\">Access point.<\/span><\/p>\n<p style=\"line-height: 1.5;\"><span style=\"font-size: 14px; color: #000000;\">Estaci\u00f3n.<\/span><\/p>\n<p><span style=\"color: #000000;\"><strong>Caracter\u00edsticas:<\/strong><\/span><\/p>\n<p style=\"line-height: 1.5;\"><span style=\"font-size: 14px; color: #000000;\">Anchos de canal ajustable:<\/span><\/p>\n<ul>\n<li style=\"line-height: 1.5;\"><span style=\"font-size: 14px; color: #000000;\">PtP: 10\/20\/30\/40\/50\/60\/80 MHz.<\/span><\/li>\n<li style=\"line-height: 1.5;\"><span style=\"font-size: 14px; color: #000000;\">PtMP: 10\/20\/30\/40 MHz.<\/span><\/li>\n<\/ul>\n<p style=\"line-height: 1.5;\"><span style=\"font-size: 14px; color: #000000;\">Procesador MIPS.<\/span><\/p>\n<p style=\"line-height: 1.5;\"><span style=\"font-size: 14px; color: #000000;\">Fuerte seguridad WPA2 AES.<\/span><\/p>\n<p style=\"line-height: 1.5;\"><span style=\"font-size: 14px; color: #000000;\">Alto desempe\u00f1o.<\/span><\/p>\n<p style=\"line-height: 1.5;\"><span style=\"font-size: 14px; color: #000000;\">Dise\u00f1o integrado.<\/span><\/p>\n<p style=\"line-height: 1.5;\"><span style=\"font-size: 14px; color: #000000;\">Radio de administraci\u00f3n en 2.4 GHz.<\/span><\/p>\n<p style=\"line-height: 1.5;\"><span style=\"font-size: 14px; color: #000000;\">SNR mejorado.<\/span><\/p>\n<p style=\"line-height: 1.5;\"><span style=\"font-size: 14px; color: #000000;\">Inmunidad al ruido mejorada.<\/span><\/p>\n<p><span style=\"color: #000000;\"><strong>Caracter\u00edsticas f\u00edsicas y el\u00e9ctricas:<\/strong><\/span><\/p>\n<p style=\"line-height: 1.5;\"><span style=\"font-size: 14px; color: #000000;\">Alimentaci\u00f3n: 24 VDC, 0.3 A.<\/span><\/p>\n<p style=\"line-height: 1.5;\"><span style=\"font-size: 14px; color: #000000;\">Dimensiones: 358 x 271.95 x 272.5 mm.<\/span><\/p>\n<p style=\"line-height: 1.5;\"><span style=\"font-size: 14px; color: #000000;\">Peso: 800 g.<\/span><\/p>\n<p style=\"line-height: 1.5;\"><span style=\"font-size: 14px; color: #000000;\">Temperatura de operaci\u00f3n: -40 a 70 \u00b0C.<\/span><\/p>\n<p><span style=\"color: #000000;\"><strong>Incluye:<\/strong><\/span><\/p>\n<p style=\"line-height: 1.5;\"><span style=\"font-size: 14px; color: #000000;\">Adaptador PoE Gigabit 24 VDC 0.3 A.<\/span><\/p>\n<p style=\"line-height: 1.5;\"><span style=\"font-size: 14px; color: #000000;\">Montaje en poste o m\u00e1stil.<\/span><\/p>\n<p><span style=\"color: #000000;\"><strong>Garant\u00eda:<\/strong><\/span><\/p>\n<p style=\"line-height: 1.5;\"><span style=\"font-size: 14px; color: #000000;\">1 A\u00f1o.<\/span><\/p>\n<p>&nbsp;<\/p>\n<p style=\"color: #848282; font-family: tahoma, verdana, arial; font-size: 11px;\" align=\"justify\"><span style=\"color: #ff0000;\"><strong><span style=\"font-size: xx-large;\">DUDAS?<\/span><\/strong><\/span><\/p>\n<p style=\"color: #848282; font-family: tahoma, verdana, arial; font-size: 11px;\" align=\"justify\"><span style=\"color: #ff6600; font-size: medium;\"><strong>Llamenos GRATIS NACIONAL al\u00a0 01-800-087-4650<\/strong><\/span><\/p>\n<p style=\"color: #848282; font-family: tahoma, verdana, arial; font-size: 11px;\"><span style=\"color: #ada96e;\">En algunas ocasiones nuestros inventarios pueden moverse y no tener en existencia alg\u00fan producto. Llamenos o escribanos para confirmar si ese articulo que busca lo tenemos o quizas podamos sugerir algun otro.<br \/>\nUtilice la<\/span>\u00a0<strong>AYUDA EN LINEA<\/strong><\/p>\n<p><span style=\"color: #f87217; font-family: tahoma, verdana, arial; font-size: 11px;\">Por favor tome un minuto y revise nuestras POLITICAS de venta al calce de la pagina.<\/span><\/p>\n<p>&nbsp;<\/p>\n<p>&nbsp;<\/p>\n","protected":false},"excerpt":{"rendered":"<p>LBE-5AC-GEN2 UBIQUITI NETWORKS LiteBeam 2&#215;2 MIMO airMAX AC GEN2 CPE hasta 450 Mbps, 5 GHz (5150 &#8211; 5875 MHz) con antena integrada de 23 dBi Puertos: 1 puerto de datos 10\/100\/1000 Mbps. Sistema operativo: airOS\u00ae 8. Modos de operaci\u00f3n: Access point. Estaci\u00f3n. Caracter\u00edsticas: Anchos de canal ajustable: PtP: 10\/20\/30\/40\/50\/60\/80 MHz. PtMP: 10\/20\/30\/40 MHz. Procesador MIPS. [&hellip;]<\/p>\n","protected":false},"featured_media":8714,"template":"","meta":{"_acf_changed":false},"product_brand":[],"product_cat":[77],"product_tag":[],"berocket_brand":[],"class_list":{"0":"post-6666","1":"product","2":"type-product","3":"status-publish","4":"has-post-thumbnail","6":"product_cat-enlaces-punto-a-punto-ptop-wifi-2-4-5-8-60ghz","8":"first","9":"instock","10":"taxable","11":"shipping-taxable","12":"purchasable","13":"product-type-simple","14":"berocket_lgv_grid","15":"berocket_lgv_list_grid"},"acf":[],"aioseo_notices":[],"_links":{"self":[{"href":"https:\/\/todoenseguridad.com\/site\/wp-json\/wp\/v2\/product\/6666","targetHints":{"allow":["GET"]}}],"collection":[{"href":"https:\/\/todoenseguridad.com\/site\/wp-json\/wp\/v2\/product"}],"about":[{"href":"https:\/\/todoenseguridad.com\/site\/wp-json\/wp\/v2\/types\/product"}],"wp:featuredmedia":[{"embeddable":true,"href":"https:\/\/todoenseguridad.com\/site\/wp-json\/wp\/v2\/media\/8714"}],"wp:attachment":[{"href":"https:\/\/todoenseguridad.com\/site\/wp-json\/wp\/v2\/media?parent=6666"}],"wp:term":[{"taxonomy":"product_brand","embeddable":true,"href":"https:\/\/todoenseguridad.com\/site\/wp-json\/wp\/v2\/product_brand?post=6666"},{"taxonomy":"product_cat","embeddable":true,"href":"https:\/\/todoenseguridad.com\/site\/wp-json\/wp\/v2\/product_cat?post=6666"},{"taxonomy":"product_tag","embeddable":true,"href":"https:\/\/todoenseguridad.com\/site\/wp-json\/wp\/v2\/product_tag?post=6666"},{"taxonomy":"berocket_brand","embeddable":true,"href":"https:\/\/todoenseguridad.com\/site\/wp-json\/wp\/v2\/berocket_brand?post=6666"}],"curies":[{"name":"wp","href":"https:\/\/api.w.org\/{rel}","templated":true}]}}