{"id":6652,"date":"2020-07-10T20:18:51","date_gmt":"2020-07-11T01:18:51","guid":{"rendered":"https:\/\/todoenseguridad.com\/site\/producto\/ds-2ae4215t-d3-hikvision-domo-ptz-turbohd-2mp-15x-zoom-uso-e\/"},"modified":"2025-02-17T12:09:21","modified_gmt":"2025-02-17T17:09:21","slug":"ds-2ae4215t-d3-hikvision-domo-ptz-turbohd-2mp-15x-zoom-uso-e","status":"publish","type":"product","link":"https:\/\/todoenseguridad.com\/site\/producto\/ds-2ae4215t-d3-hikvision-domo-ptz-turbohd-2mp-15x-zoom-uso-e\/","title":{"rendered":"DS-2AE4215T-D3 HIKVISION Domo PTZ TURBOHD 2MP \/ 15X Zoom \/ Uso en Plafon"},"content":{"rendered":"<p><!--?xml version=\"1.0\" encoding=\"utf-8\"?--><\/p>\n<h2 id=\"product_title_176381\"><span style=\"color: #0000ff;\">DS-2AE4215T-D3 HIKVISION Domo PTZ TURBOHD 2MP \/ 15X Zoom \/ Uso en Plafon \/ Interior \/ RS-485 \/ WDR 120dB<\/span><\/h2>\n<h3><span style=\"color: #000000;\"><strong>Caracter\u00edsticas principales:<\/strong><\/span><\/h3>\n<ul>\n<li><span style=\"color: #000000;\">Resoluci\u00f3n maxima: 2 Megapixel (1920 x 1080).<\/span><\/li>\n<li><span style=\"color: #000000;\">Iluminaci\u00f3n m\u00ednima: color 0.005 Lux @ (F1.6, AGC ON).<\/span><\/li>\n<li><span style=\"color: #000000;\">Iluminaci\u00f3n m\u00ednima: B\/N 0.001 Lux @ (F1.6, AGC ON).<\/span><\/li>\n<li><span style=\"color: #000000;\">D\u00eda \/ Noche Real (filtro ICR).<\/span><\/li>\n<li><span style=\"color: #000000;\">Distancia focal: 5 a 75 mm (15X zoom \u00f3ptico 53.8\u00b0 a 4.0\u00b0).<\/span><\/li>\n<li><span style=\"color: #000000;\">Distancia de infrarrojo: N\/A<\/span><\/li>\n<li><span style=\"color: #000000;\">Funciones normales: WDR 120dB \/ BLC \/ HLC \/ EIS \/ 3D DNR.<\/span><\/li>\n<li><span style=\"color: #000000;\">Multiformato: TVI \/ AHD \/ CVI \/ CVBS.<\/span><\/li>\n<\/ul>\n<p>&nbsp;<\/p>\n<p><span style=\"color: #000000;\"><strong>Caracter\u00edsticas F\u00edsicas y El\u00e9ctricas:<\/strong><\/span><\/p>\n<ul>\n<li><span style=\"color: #000000;\">Alimentaci\u00f3n: 12VCD \/ 12 W.<\/span><\/li>\n<li><span style=\"color: #000000;\">Temperatura de operaci\u00f3n: -10\u00b0C a 50\u00b0C \/ Humedad al 90% m\u00e1ximo.<\/span><\/li>\n<li><span style=\"color: #000000;\">Uso en interior.<\/span><\/li>\n<li><span style=\"color: #000000;\">Protecci\u00f3n contra sobretensiones y protecci\u00f3n contra voltajes transitorios.<\/span><\/li>\n<li><span style=\"color: #000000;\">Dimensiones: 165 x 168 mm.<\/span><\/li>\n<li><span style=\"color: #000000;\">Peso: 2 kgs.<\/span><\/li>\n<li><span style=\"color: #000000;\">Garant\u00eda: 2 a\u00f1os.<\/span><\/li>\n<li><span style=\"color: #000000;\">No incluye fuente de alimentaci\u00f3n.<\/span><\/li>\n<\/ul>\n<p>&nbsp;<\/p>\n<p><span style=\"color: #000000;\"><strong>Caracter\u00edsticas Destacadas:<\/strong><\/span><\/p>\n<ul>\n<li><span style=\"color: #000000;\">Paneo: 360\u00b0.<\/span><\/li>\n<li><span style=\"color: #000000;\">Tildeo: 5\u00b0 a 90\u00ba (auto flip).<\/span><\/li>\n<li><span style=\"color: #000000;\">Preset \/ Patrol \/ Pattern: 256 \/ 10 \/ 5.<\/span><\/li>\n<li><span style=\"color: #000000;\">Tareas calendarizadas.<\/span><\/li>\n<\/ul>\n<p><span style=\"color: #000000;\"><strong>Entradas y Salidas de Audio \/ Alarmas \/ Almacenamiento \/ Red:<\/strong><\/span><\/p>\n<ul>\n<li><span style=\"color: #000000;\">Entradas de alarma: 2.<\/span><\/li>\n<li><span style=\"color: #000000;\">Salidas de alarma: 1.<\/span><\/li>\n<li><span style=\"color: #000000;\">Entradas de audio: N\/A.<\/span><\/li>\n<li><span style=\"color: #000000;\">Salidas de audio: N\/A.<\/span><\/li>\n<\/ul>\n<p>&nbsp;<\/p>\n<p style=\"color: #848282; font-family: tahoma, verdana, arial; font-size: 11px;\" align=\"justify\"><span style=\"color: #ff0000;\"><strong><span style=\"font-size: xx-large;\">DUDAS?<\/span><\/strong><\/span><\/p>\n<p style=\"color: #848282; font-family: tahoma, verdana, arial; font-size: 11px;\" align=\"justify\"><span style=\"color: #ff6600; font-size: medium;\"><strong>Llamenos GRATIS NACIONAL al\u00a0 01-800-087-4650<\/strong><\/span><\/p>\n<p style=\"color: #848282; font-family: tahoma, verdana, arial; font-size: 11px;\"><span style=\"color: #ada96e;\">En algunas ocasiones nuestros inventarios pueden moverse y no tener en existencia alg\u00fan producto. Llamenos o escribanos para confirmar si ese articulo que busca lo tenemos o quizas podamos sugerir algun otro.<br \/>\nUtilice la<\/span>\u00a0<strong>AYUDA EN LINEA<\/strong><\/p>\n<p style=\"color: #848282; font-family: tahoma, verdana, arial; font-size: 11px;\">\n<p><span style=\"color: #f87217; font-family: tahoma, verdana, arial; font-size: 11px;\">Por favor tome un minuto y revise nuestras POLITICAS de venta al calce de la pagina.<\/span><\/p>\n<p>&nbsp;<\/p>\n<p>&nbsp;<\/p>\n","protected":false},"excerpt":{"rendered":"<p>DS-2AE4215T-D3 HIKVISION Domo PTZ TURBOHD 2MP \/ 15X Zoom \/ Uso en Plafon \/ Interior \/ RS-485 \/ WDR 120dB Caracter\u00edsticas principales: Resoluci\u00f3n maxima: 2 Megapixel (1920 x 1080). Iluminaci\u00f3n m\u00ednima: color 0.005 Lux @ (F1.6, AGC ON). Iluminaci\u00f3n m\u00ednima: B\/N 0.001 Lux @ (F1.6, AGC ON). D\u00eda \/ Noche Real (filtro ICR). Distancia focal: [&hellip;]<\/p>\n","protected":false},"featured_media":6692,"template":"","meta":{"_acf_changed":false},"product_brand":[],"product_cat":[84],"product_tag":[],"berocket_brand":[],"class_list":{"0":"post-6652","1":"product","2":"type-product","3":"status-publish","4":"has-post-thumbnail","6":"product_cat-ptz","8":"first","9":"instock","10":"taxable","11":"shipping-taxable","12":"purchasable","13":"product-type-simple","14":"berocket_lgv_grid","15":"berocket_lgv_list_grid"},"acf":[],"aioseo_notices":[],"_links":{"self":[{"href":"https:\/\/todoenseguridad.com\/site\/wp-json\/wp\/v2\/product\/6652","targetHints":{"allow":["GET"]}}],"collection":[{"href":"https:\/\/todoenseguridad.com\/site\/wp-json\/wp\/v2\/product"}],"about":[{"href":"https:\/\/todoenseguridad.com\/site\/wp-json\/wp\/v2\/types\/product"}],"wp:featuredmedia":[{"embeddable":true,"href":"https:\/\/todoenseguridad.com\/site\/wp-json\/wp\/v2\/media\/6692"}],"wp:attachment":[{"href":"https:\/\/todoenseguridad.com\/site\/wp-json\/wp\/v2\/media?parent=6652"}],"wp:term":[{"taxonomy":"product_brand","embeddable":true,"href":"https:\/\/todoenseguridad.com\/site\/wp-json\/wp\/v2\/product_brand?post=6652"},{"taxonomy":"product_cat","embeddable":true,"href":"https:\/\/todoenseguridad.com\/site\/wp-json\/wp\/v2\/product_cat?post=6652"},{"taxonomy":"product_tag","embeddable":true,"href":"https:\/\/todoenseguridad.com\/site\/wp-json\/wp\/v2\/product_tag?post=6652"},{"taxonomy":"berocket_brand","embeddable":true,"href":"https:\/\/todoenseguridad.com\/site\/wp-json\/wp\/v2\/berocket_brand?post=6652"}],"curies":[{"name":"wp","href":"https:\/\/api.w.org\/{rel}","templated":true}]}}