{"id":6420,"date":"2020-07-10T20:18:14","date_gmt":"2020-07-11T01:18:14","guid":{"rendered":"https:\/\/todoenseguridad.com\/site\/producto\/ps12dc4c-epcom-fuente-de-alimentacion-salida-ajustable-3\/"},"modified":"2026-03-30T17:58:22","modified_gmt":"2026-03-30T22:58:22","slug":"ps12dc4c-epcom-fuente-de-alimentacion-salida-ajustable-3","status":"publish","type":"product","link":"https:\/\/todoenseguridad.com\/site\/producto\/ps12dc4c-epcom-fuente-de-alimentacion-salida-ajustable-3\/","title":{"rendered":"PS12DC4C EPCOM Fuente de alimentacion salida ajustable 12 a 13.8V CD, 5A"},"content":{"rendered":"<p><!--?xml version=\"1.0\" encoding=\"utf-8\"?--><\/p>\n<h2 align=\"justify\"><span style=\"color: #0000ff;\">PS12DC4C EPCOM Fuente De Alimentaci\u00f3n Salida Ajustable 12 a 13.8V CD, 5A<\/span><\/h2>\n<div id=\"idTab1\">\n<ul>\n<li><span style=\"color: #000000;\">Voltaje de entrada de 90 a 264V CA <\/span><\/li>\n<li><span style=\"color: #000000;\">Salida Ajustable de 12V a 13.8V CD.<\/span><\/li>\n<li><span style=\"color: #000000;\"> Sistema de 5A inteligentes (Distribuidos en 4 salidas). <\/span><\/li>\n<li><span style=\"color: #000000;\"> Fusible t\u00e9rmico PTC integrado de 6A. <\/span><\/li>\n<li><span style=\"color: #000000;\"> Incluye cable de alimentaci\u00f3n. <\/span><\/li>\n<li><span style=\"color: #000000;\"> LED indicador de alimentaci\u00f3n.<\/span><\/li>\n<li><span style=\"color: #000000;\">Dimensiones:\u00a0150 x 55 x 35 mm.<\/span><\/li>\n<\/ul>\n<\/div>\n<div>\n<div>\n<div>\n<div>\n<div>\n<p style=\"color: #848282; font-family: tahoma,verdana,arial; font-size: 11px;\" align=\"justify\"><span style=\"color: #ff0000;\"><strong><span style=\"font-size: xx-large;\">DUDAS?<\/span><\/strong><\/span><\/p>\n<p style=\"color: #848282; font-family: tahoma,verdana,arial; font-size: 11px;\" align=\"justify\"><span style=\"color: #ff6600; font-size: medium;\"><strong>Llamenos GRATIS NACIONAL al\u00a0 01-800-087-4650<\/strong><\/span><\/p>\n<p style=\"color: #848282; font-family: tahoma,verdana,arial; font-size: 11px;\"><span style=\"color: #ada96e;\">En algunas ocasiones nuestros inventarios pueden moverse y no tener en existencia alg\u00fan producto. Llamenos o escribanos para confirmar si ese articulo que busca lo tenemos o quizas podamos sugerir algun otro.<br \/>\nUtilice la<\/span>\u00a0<strong>AYUDA EN LINEA<\/strong><\/p>\n<p><span style=\"color: #f87217; font-family: tahoma,verdana,arial; font-size: 11px;\">Por favor tome un minuto y revise nuestras POLITICAS de venta al calce de la pagina.<\/span><\/p>\n<\/div>\n<\/div>\n<\/div>\n<\/div>\n<\/div>\n<p>&nbsp;<\/p>\n","protected":false},"excerpt":{"rendered":"<p>PS12DC4C EPCOM Fuente De Alimentaci\u00f3n Salida Ajustable 12 a 13.8V CD, 5A Voltaje de entrada de 90 a 264V CA Salida Ajustable de 12V a 13.8V CD. Sistema de 5A inteligentes (Distribuidos en 4 salidas). Fusible t\u00e9rmico PTC integrado de 6A. Incluye cable de alimentaci\u00f3n. LED indicador de alimentaci\u00f3n. Dimensiones:\u00a0150 x 55 x 35 mm. [&hellip;]<\/p>\n","protected":false},"featured_media":9032,"template":"","meta":{"_acf_changed":false},"product_brand":[],"product_cat":[133],"product_tag":[],"berocket_brand":[],"class_list":{"0":"post-6420","1":"product","2":"type-product","3":"status-publish","4":"has-post-thumbnail","6":"product_cat-fuentes-de-energia-accesorios-camaras-ip","8":"first","9":"instock","10":"taxable","11":"shipping-taxable","12":"purchasable","13":"product-type-simple","14":"berocket_lgv_grid","15":"berocket_lgv_list_grid"},"acf":[],"aioseo_notices":[],"_links":{"self":[{"href":"https:\/\/todoenseguridad.com\/site\/wp-json\/wp\/v2\/product\/6420","targetHints":{"allow":["GET"]}}],"collection":[{"href":"https:\/\/todoenseguridad.com\/site\/wp-json\/wp\/v2\/product"}],"about":[{"href":"https:\/\/todoenseguridad.com\/site\/wp-json\/wp\/v2\/types\/product"}],"wp:featuredmedia":[{"embeddable":true,"href":"https:\/\/todoenseguridad.com\/site\/wp-json\/wp\/v2\/media\/9032"}],"wp:attachment":[{"href":"https:\/\/todoenseguridad.com\/site\/wp-json\/wp\/v2\/media?parent=6420"}],"wp:term":[{"taxonomy":"product_brand","embeddable":true,"href":"https:\/\/todoenseguridad.com\/site\/wp-json\/wp\/v2\/product_brand?post=6420"},{"taxonomy":"product_cat","embeddable":true,"href":"https:\/\/todoenseguridad.com\/site\/wp-json\/wp\/v2\/product_cat?post=6420"},{"taxonomy":"product_tag","embeddable":true,"href":"https:\/\/todoenseguridad.com\/site\/wp-json\/wp\/v2\/product_tag?post=6420"},{"taxonomy":"berocket_brand","embeddable":true,"href":"https:\/\/todoenseguridad.com\/site\/wp-json\/wp\/v2\/berocket_brand?post=6420"}],"curies":[{"name":"wp","href":"https:\/\/api.w.org\/{rel}","templated":true}]}}