{"id":6224,"date":"2020-07-10T20:17:45","date_gmt":"2020-07-11T01:17:45","guid":{"rendered":"https:\/\/todoenseguridad.com\/site\/producto\/nanostation-ns-m5-ubiquiti-networks-access-point-3\/"},"modified":"2026-03-25T15:19:21","modified_gmt":"2026-03-25T20:19:21","slug":"nanostation-ns-m5-ubiquiti-networks-access-point-3","status":"publish","type":"product","link":"https:\/\/todoenseguridad.com\/site\/producto\/nanostation-ns-m5-ubiquiti-networks-access-point-3\/","title":{"rendered":"NanoStation NS-M5 UBIQUITI NETWORKS Access point, airMAX, MIMO 2&#215;2, 300 Mbps, Para Interperie"},"content":{"rendered":"<p><!--?xml version=\"1.0\" encoding=\"utf-8\"?--><\/p>\n<h2 align=\"justify\"><span style=\"color: #0000ff;\">NanoStation NS-M5 UBIQUITI NETWORKS Access Point, airMAX, MIMO 2&#215;2, 300 Mbps, Para Interperie, 5.1-5.8 GHz, 300 Mbps, 500 mW, Antena de 16 dBi Integrada.<\/span><\/h2>\n<ul>\n<li><span style=\"color: #000000;\">Modos de operaci\u00f3n: access point, station, repeater (WDS).<\/span><\/li>\n<li><span style=\"color: #000000;\">Se\u00f1alizaci\u00f3n propietaria: airMAX (MIMO TDMA).<\/span><\/li>\n<li><span style=\"color: #000000;\">Canal ajustable 5 a 40 MHz.<\/span><\/li>\n<li><span style=\"color: #000000;\">Seguridad: WPA, WPA2 y MAC ACL.<\/span><\/li>\n<li><span style=\"color: #000000;\">Alineaci\u00f3n de antenas: visual y audible (software).<\/span><\/li>\n<li><span style=\"color: #000000;\">Temperatura: -30 a 75 \u00b0C<\/span><\/li>\n<li><span style=\"color: #000000;\">Alimentaci\u00f3n: 24 Vcd, 0.5 A (incluye PoE convencional).<\/span><\/li>\n<\/ul>\n<p align=\"justify\"><span style=\"color: #000000;\">Dimensiones: 294x80x30 mm \/ Peso: 400 g<\/span><\/p>\n<p style=\"color: #848282; font-family: tahoma, verdana, arial; font-size: 11px;\" align=\"justify\"><span style=\"color: #ff0000;\"><strong><span style=\"font-size: xx-large;\">DUDAS?<\/span><\/strong><\/span><\/p>\n<p style=\"color: #848282; font-family: tahoma, verdana, arial; font-size: 11px;\" align=\"justify\"><span style=\"color: #ff6600; font-size: medium;\"><strong>Llamenos GRATIS NACIONAL al\u00a0 01-800-087-4650<\/strong><\/span><\/p>\n<p style=\"color: #848282; font-family: tahoma, verdana, arial; font-size: 11px;\"><span style=\"color: #ada96e;\">En algunas ocasiones nuestros inventarios pueden moverse y no tener en existencia alg\u00fan producto. Llamenos o escribanos para confirmar si ese articulo que busca lo tenemos o quizas podamos sugerir algun otro.<br \/>\nUtilice la<\/span>\u00a0<strong>AYUDA EN LINEA<\/strong><\/p>\n<p><span style=\"color: #f87217; font-family: tahoma, verdana, arial; font-size: 11px;\">Por favor tome un minuto y revise nuestras POLITICAS de venta al calce de la pagina.<\/span><\/p>\n","protected":false},"excerpt":{"rendered":"<p>NanoStation NS-M5 UBIQUITI NETWORKS Access Point, airMAX, MIMO 2&#215;2, 300 Mbps, Para Interperie, 5.1-5.8 GHz, 300 Mbps, 500 mW, Antena de 16 dBi Integrada. Modos de operaci\u00f3n: access point, station, repeater (WDS). Se\u00f1alizaci\u00f3n propietaria: airMAX (MIMO TDMA). Canal ajustable 5 a 40 MHz. Seguridad: WPA, WPA2 y MAC ACL. Alineaci\u00f3n de antenas: visual y audible [&hellip;]<\/p>\n","protected":false},"featured_media":8873,"template":"","meta":{"_acf_changed":false},"product_brand":[],"product_cat":[77,76,72],"product_tag":[],"berocket_brand":[],"class_list":{"0":"post-6224","1":"product","2":"type-product","3":"status-publish","4":"has-post-thumbnail","6":"product_cat-enlaces-punto-a-punto-ptop-wifi-2-4-5-8-60ghz","7":"product_cat-exterior","8":"product_cat-redes-inalambricas","10":"first","11":"instock","12":"taxable","13":"shipping-taxable","14":"purchasable","15":"product-type-simple","16":"berocket_lgv_grid","17":"berocket_lgv_list_grid"},"acf":[],"aioseo_notices":[],"_links":{"self":[{"href":"https:\/\/todoenseguridad.com\/site\/wp-json\/wp\/v2\/product\/6224","targetHints":{"allow":["GET"]}}],"collection":[{"href":"https:\/\/todoenseguridad.com\/site\/wp-json\/wp\/v2\/product"}],"about":[{"href":"https:\/\/todoenseguridad.com\/site\/wp-json\/wp\/v2\/types\/product"}],"wp:featuredmedia":[{"embeddable":true,"href":"https:\/\/todoenseguridad.com\/site\/wp-json\/wp\/v2\/media\/8873"}],"wp:attachment":[{"href":"https:\/\/todoenseguridad.com\/site\/wp-json\/wp\/v2\/media?parent=6224"}],"wp:term":[{"taxonomy":"product_brand","embeddable":true,"href":"https:\/\/todoenseguridad.com\/site\/wp-json\/wp\/v2\/product_brand?post=6224"},{"taxonomy":"product_cat","embeddable":true,"href":"https:\/\/todoenseguridad.com\/site\/wp-json\/wp\/v2\/product_cat?post=6224"},{"taxonomy":"product_tag","embeddable":true,"href":"https:\/\/todoenseguridad.com\/site\/wp-json\/wp\/v2\/product_tag?post=6224"},{"taxonomy":"berocket_brand","embeddable":true,"href":"https:\/\/todoenseguridad.com\/site\/wp-json\/wp\/v2\/berocket_brand?post=6224"}],"curies":[{"name":"wp","href":"https:\/\/api.w.org\/{rel}","templated":true}]}}