{"id":6182,"date":"2020-07-10T20:14:53","date_gmt":"2020-07-11T01:14:53","guid":{"rendered":"https:\/\/todoenseguridad.com\/site\/producto\/r011-century-paquete-de-100-etiquetas-adheribles-en-plastico-2\/"},"modified":"2023-07-07T12:09:40","modified_gmt":"2023-07-07T17:09:40","slug":"r011-century-paquete-de-100-etiquetas-adheribles-en-plastico-2","status":"publish","type":"product","link":"https:\/\/todoenseguridad.com\/site\/producto\/r011-century-paquete-de-100-etiquetas-adheribles-en-plastico-2\/","title":{"rendered":"R011 CENTURY Paquete de 100 Etiquetas Adheribles \/ En plastico"},"content":{"rendered":"<p><!--?xml version=\"1.0\" encoding=\"utf-8\"?--><\/p>\n<h2 id=\"product_title_141894\"><span style=\"color: #0000ff;\">R011 CENTURY Paquete de 100 Etiquetas Adheribles \/ En pl\u00e1stico \/ AM (Acustic Magnetic) \/ 58 KHz<\/span><\/h2>\n<h3><span style=\"color: #000000;\">especificaciones<\/span><\/h3>\n<ul>\n<li><span style=\"color: #000000;\">Frecuencia de operaci\u00f3n: 58 kHz.<\/span><\/li>\n<li><span style=\"color: #000000;\">Material: pl\u00e1stico.<\/span><\/li>\n<li><span style=\"color: #000000;\">Requiere DB104 para desactivar.<\/span><\/li>\n<li><span style=\"color: #000000;\">Compatible con antenas AM CA78LSJ.<\/span><\/li>\n<li><span style=\"color: #000000;\"><strong style=\"line-height: 20.8px;\">No se utilice en productos met\u00e1licos\u00a0ni en productos refrigerados (bajas temperaturas).<\/strong><\/span><\/li>\n<li><span style=\"color: #000000;\"><strong style=\"line-height: 20.8px;\">Dimensiones:\u00a0<\/strong>Label Length: 45\u00b10.2mm\u00a0 &amp; \u00b7Label Width: 10.8\u00b10.2mm<\/span><\/li>\n<\/ul>\n<div>\n<div>\n<div>\n<div>\n<p style=\"color: #848282; font-family: tahoma, verdana, arial; font-size: 11px;\" align=\"justify\"><span style=\"color: #ff0000;\"><strong><span style=\"font-size: xx-large;\">DUDAS?<\/span><\/strong><\/span><\/p>\n<p style=\"color: #848282; font-family: tahoma, verdana, arial; font-size: 11px;\" align=\"justify\"><span style=\"color: #ff6600; font-size: medium;\"><strong>Llamenos GRATIS NACIONAL al\u00a0 01-81-1522-9255<\/strong><\/span><\/p>\n<p style=\"color: #848282; font-family: tahoma, verdana, arial; font-size: 11px;\"><span style=\"color: #ada96e;\">En algunas ocasiones nuestros inventarios pueden moverse y no tener en existencia alg\u00fan producto. Llamenos o escribanos para confirmar si ese articulo que busca lo tenemos o quizas podamos sugerir algun otro.<br \/>\nUtilice la<\/span>\u00a0<strong>AYUDA EN LINEA<\/strong><\/p>\n<p><span style=\"color: #f87217; font-family: tahoma, verdana, arial; font-size: 11px;\">Por favor tome un minuto y revise nuestras POLITICAS de venta al calce de la pagina.<\/span><\/p>\n<\/div>\n<\/div>\n<\/div>\n<\/div>\n","protected":false},"excerpt":{"rendered":"<p>R011 CENTURY Paquete de 100 Etiquetas Adheribles \/ En pl\u00e1stico \/ AM (Acustic Magnetic) \/ 58 KHz especificaciones Frecuencia de operaci\u00f3n: 58 kHz. Material: pl\u00e1stico. Requiere DB104 para desactivar. Compatible con antenas AM CA78LSJ. No se utilice en productos met\u00e1licos\u00a0ni en productos refrigerados (bajas temperaturas). Dimensiones:\u00a0Label Length: 45\u00b10.2mm\u00a0 &amp; \u00b7Label Width: 10.8\u00b10.2mm DUDAS? Llamenos GRATIS [&hellip;]<\/p>\n","protected":false},"featured_media":9041,"template":"","meta":{"_acf_changed":false},"product_brand":[],"product_cat":[113,116],"product_tag":[],"berocket_brand":[],"class_list":{"0":"post-6182","1":"product","2":"type-product","3":"status-publish","4":"has-post-thumbnail","6":"product_cat-proteccion-de-mercancia","7":"product_cat-tags","9":"first","10":"instock","11":"taxable","12":"shipping-taxable","13":"purchasable","14":"product-type-simple","15":"berocket_lgv_grid","16":"berocket_lgv_list_grid"},"acf":[],"aioseo_notices":[],"_links":{"self":[{"href":"https:\/\/todoenseguridad.com\/site\/wp-json\/wp\/v2\/product\/6182","targetHints":{"allow":["GET"]}}],"collection":[{"href":"https:\/\/todoenseguridad.com\/site\/wp-json\/wp\/v2\/product"}],"about":[{"href":"https:\/\/todoenseguridad.com\/site\/wp-json\/wp\/v2\/types\/product"}],"wp:featuredmedia":[{"embeddable":true,"href":"https:\/\/todoenseguridad.com\/site\/wp-json\/wp\/v2\/media\/9041"}],"wp:attachment":[{"href":"https:\/\/todoenseguridad.com\/site\/wp-json\/wp\/v2\/media?parent=6182"}],"wp:term":[{"taxonomy":"product_brand","embeddable":true,"href":"https:\/\/todoenseguridad.com\/site\/wp-json\/wp\/v2\/product_brand?post=6182"},{"taxonomy":"product_cat","embeddable":true,"href":"https:\/\/todoenseguridad.com\/site\/wp-json\/wp\/v2\/product_cat?post=6182"},{"taxonomy":"product_tag","embeddable":true,"href":"https:\/\/todoenseguridad.com\/site\/wp-json\/wp\/v2\/product_tag?post=6182"},{"taxonomy":"berocket_brand","embeddable":true,"href":"https:\/\/todoenseguridad.com\/site\/wp-json\/wp\/v2\/berocket_brand?post=6182"}],"curies":[{"name":"wp","href":"https:\/\/api.w.org\/{rel}","templated":true}]}}