{"id":5635,"date":"2020-07-10T20:10:59","date_gmt":"2020-07-11T01:10:59","guid":{"rendered":"https:\/\/todoenseguridad.com\/site\/producto\/g07-century-arco-eas-receptor-rf-8-2-mhz-para-proteccia%c2%b3n-contra\/"},"modified":"2026-03-25T15:47:55","modified_gmt":"2026-03-25T20:47:55","slug":"g07-century-arco-eas-receptor-rf-8-2-mhz-para-proteccia%c2%b3n-contra","status":"publish","type":"product","link":"https:\/\/todoenseguridad.com\/site\/producto\/g07-century-arco-eas-receptor-rf-8-2-mhz-para-proteccia%c2%b3n-contra\/","title":{"rendered":"G07 CENTURY Arco EAS Receptor RF 8.2 MHz para proteccion contra robo de ropa, botellas, accesorios."},"content":{"rendered":"<p><!--?xml version=\"1.0\" encoding=\"utf-8\"?--><\/p>\n<h2 id=\"product_title_153234\"><span style=\"color: #0000ff;\">G07 CENTURY Arco EAS Receptor RF 8.2 MHz para protecci\u00f3n contra robo de ropa, botellas, accesorios.<\/span><\/h2>\n<h3><span style=\"color: #000000;\">especificaciones<\/span><\/h3>\n<ul>\n<li><span style=\"color: #000000;\"><strong>Solo Receptor (Requiere CA35).<\/strong><\/span><\/li>\n<li><span style=\"color: #000000;\">Frecuencia: 8.2 MHz. <strong>Tecnolog\u00eda RF<\/strong>.<\/span><\/li>\n<li><span style=\"color: #000000;\">Consumo de energ\u00eda: 15 W.<\/span><\/li>\n<li><span style=\"color: #000000;\">Voltaje de operaci\u00f3n: 12 Vcd.<\/span><\/li>\n<li><span style=\"color: #000000;\">Temperatura de operaci\u00f3n: \u00a00 a 35 \u00b0 C.<\/span><\/li>\n<li><span style=\"color: #000000;\">Base color: Gris.<\/span><\/li>\n<li style=\"margin: 0px; padding: 0px; border: 0px none; vertical-align: baseline;\"><span style=\"color: #000000;\">Material: Los laterales son de aluminio y al centro contiene acr\u00edlico.<\/span><\/li>\n<li><span style=\"color: #000000;\">Color de la luz de alarma: Roja.<\/span><\/li>\n<li><span style=\"color: #000000;\">Dimensiones: 1670 x 401 x 109\u00a0 mm<\/span><\/li>\n<li><span style=\"color: #000000;\">Volumen de alarma: \u00a0100\u00a0dB.<\/span><\/li>\n<\/ul>\n<p>&nbsp;<\/p>\n<div>\n<div>\n<div>\n<div>\n<p style=\"color: #848282; font-family: tahoma, verdana, arial; font-size: 11px;\" align=\"justify\"><span style=\"color: #ff0000;\"><strong><span style=\"font-size: xx-large;\">DUDAS?<\/span><\/strong><\/span><\/p>\n<p style=\"color: #848282; font-family: tahoma, verdana, arial; font-size: 11px;\" align=\"justify\"><span style=\"color: #ff6600; font-size: medium;\"><strong>Llamenos GRATIS NACIONAL al\u00a0 01-81-1522-9255<\/strong><\/span><\/p>\n<p style=\"color: #848282; font-family: tahoma, verdana, arial; font-size: 11px;\"><span style=\"color: #ada96e;\">En algunas ocasiones nuestros inventarios pueden moverse y no tener en existencia alg\u00fan producto. Llamenos o escribanos para confirmar si ese articulo que busca lo tenemos o quizas podamos sugerir algun otro.<br \/>\nUtilice la<\/span>\u00a0<strong>AYUDA EN LINEA<\/strong><\/p>\n<p><span style=\"color: #f87217; font-family: tahoma, verdana, arial; font-size: 11px;\">Por favor tome un minuto y revise nuestras POLITICAS de venta al calce de la pagina.<\/span><\/p>\n<\/div>\n<\/div>\n<\/div>\n<\/div>\n","protected":false},"excerpt":{"rendered":"<p>G07 CENTURY Arco EAS Receptor RF 8.2 MHz para protecci\u00f3n contra robo de ropa, botellas, accesorios. especificaciones Solo Receptor (Requiere CA35). Frecuencia: 8.2 MHz. Tecnolog\u00eda RF. Consumo de energ\u00eda: 15 W. Voltaje de operaci\u00f3n: 12 Vcd. Temperatura de operaci\u00f3n: \u00a00 a 35 \u00b0 C. Base color: Gris. Material: Los laterales son de aluminio y al [&hellip;]<\/p>\n","protected":false},"featured_media":8311,"template":"","meta":{"_acf_changed":false},"product_brand":[],"product_cat":[115,113],"product_tag":[],"berocket_brand":[],"class_list":{"0":"post-5635","1":"product","2":"type-product","3":"status-publish","4":"has-post-thumbnail","6":"product_cat-detectores-proteccion","7":"product_cat-proteccion-de-mercancia","9":"first","10":"instock","11":"sale","12":"taxable","13":"shipping-taxable","14":"purchasable","15":"product-type-simple","16":"berocket_lgv_grid","17":"berocket_lgv_list_grid"},"acf":[],"aioseo_notices":[],"_links":{"self":[{"href":"https:\/\/todoenseguridad.com\/site\/wp-json\/wp\/v2\/product\/5635","targetHints":{"allow":["GET"]}}],"collection":[{"href":"https:\/\/todoenseguridad.com\/site\/wp-json\/wp\/v2\/product"}],"about":[{"href":"https:\/\/todoenseguridad.com\/site\/wp-json\/wp\/v2\/types\/product"}],"wp:featuredmedia":[{"embeddable":true,"href":"https:\/\/todoenseguridad.com\/site\/wp-json\/wp\/v2\/media\/8311"}],"wp:attachment":[{"href":"https:\/\/todoenseguridad.com\/site\/wp-json\/wp\/v2\/media?parent=5635"}],"wp:term":[{"taxonomy":"product_brand","embeddable":true,"href":"https:\/\/todoenseguridad.com\/site\/wp-json\/wp\/v2\/product_brand?post=5635"},{"taxonomy":"product_cat","embeddable":true,"href":"https:\/\/todoenseguridad.com\/site\/wp-json\/wp\/v2\/product_cat?post=5635"},{"taxonomy":"product_tag","embeddable":true,"href":"https:\/\/todoenseguridad.com\/site\/wp-json\/wp\/v2\/product_tag?post=5635"},{"taxonomy":"berocket_brand","embeddable":true,"href":"https:\/\/todoenseguridad.com\/site\/wp-json\/wp\/v2\/berocket_brand?post=5635"}],"curies":[{"name":"wp","href":"https:\/\/api.w.org\/{rel}","templated":true}]}}