{"id":5482,"date":"2020-07-10T20:10:42","date_gmt":"2020-07-11T01:10:42","guid":{"rendered":"https:\/\/todoenseguridad.com\/site\/producto\/xvr1b16-dahua-cooper-dvr-16-canales-hdcvi-pentahibrido-1080p-72\/"},"modified":"2026-03-25T15:55:17","modified_gmt":"2026-03-25T20:55:17","slug":"xvr1b16-dahua-cooper-dvr-16-canales-hdcvi-pentahibrido-1080p-72","status":"publish","type":"product","link":"https:\/\/todoenseguridad.com\/site\/producto\/xvr1b16-dahua-cooper-dvr-16-canales-hdcvi-pentahibrido-1080p-72\/","title":{"rendered":"XVR1B16-I DAHUA COOPER DVR 16 CANALES HDCVI PENTAHIBRIDO 1080P\/ H265+"},"content":{"rendered":"<p><!--?xml version=\"1.0\" encoding=\"utf-8\"?--><\/p>\n<h2><span style=\"color: #0000ff;\">XVR1B16 DAHUA COOPER DVR 16 CANALES HDCVI PENTAHIBRIDO 1080P \/720P\/H265+\/2 CH IP ADICIONALES 16+2\/ SATA HASTA 6TB\/P2P\/SMART AUDIO HDCVI<\/span><\/h2>\n<h3><span style=\"color: #000000;\">INFORMACI\u00d3N GENERAL<\/span><\/h3>\n<p><span style=\"color: #000000;\">El XVR1B16\u00a0es un DVR Penta-h\u00edbrido que soporta 5 tecnolog\u00edas diferentes: HDCVI \/AHD\/TVI\/CVBS\/IP, con lo cual es posible actualizar un sistema CCTV anterior o en su defecto utilizarlo para un sistema CCTV completamente nuevo. Este DVR cuenta con\u00a016\u00a0canales HDCVI en el cual se transmite video de alta definici\u00f3n mediante cable coaxial, en el caso de este DVR a 1080N\/720P.<\/span><\/p>\n<h3><span style=\"color: #000000;\">COMPRESI\u00d3N DE VIDEO H265<\/span><\/h3>\n<div>\n<p><span style=\"color: #000000;\">La compresi\u00f3n de video H.265 reci\u00e9n agregada garantiza la misma calidad de imagen con solo la mitad de la tasa de bits y el almacenamiento en comparaci\u00f3n con H.264. Despu\u00e9s de actualizar su formato de c\u00f3dec de H.264 a H.265 y luego a H.265 +, H.265 XVR ofrece un m\u00e9todo de almacenamiento m\u00e1s rentable con menor capacidad de almacenamiento, mayor compatibilidad e inteligencia mejorada, lo que soluciona la demanda de almacenamiento y ofreciendo a los clientes y socios m\u00e1s oportunidades de negocio.<\/span><\/p>\n<\/div>\n<h3><span style=\"color: #000000;\">LARGA DISTANCIA DE TRANSMISI\u00d3N SOBRE CABLE COAXIAL.<\/span><\/h3>\n<div>\n<p><span style=\"color: #000000;\">Los sistemas de alta resoluci\u00f3n basados en HDCVI permite transmitir se\u00f1ales de v\u00eddeo en ultra resoluci\u00f3n (720P y 1080N) y control en un mismo cable coaxial. Otra caracter\u00edstica importante es la distancia de transmisi\u00f3n, al ser una se\u00f1al libre de interferencias, permite transmitir v\u00eddeo en distintas distancias.<\/span><\/p>\n<\/div>\n<h3><span style=\"color: #000000;\">Canales IP Adicionales<\/span><\/h3>\n<div>\n<p><span style=\"color: #000000;\">El COOPER XVR1B16 cuenta con 2 canales IP adicionales que soportan c\u00e1maras IP de hasta 6MP cada una, con lo cual es posible tener un sistema de hasta 18 canales en este equipo.<\/span><\/p>\n<\/div>\n<h3><span style=\"color: #000000;\">ALMACENAMIENTO M\u00c1S EXTENSO.<\/span><\/h3>\n<div>\n<p><span style=\"color: #000000;\">El COOPER XVR1B16 tiene un puerto SATA en donde podr\u00e9mos colocar un disco duro con capacidad\u00a0hasta 6TB, con esto tendr\u00e9mos mas\u00a0tiempo de grabaci\u00f3n local.\u00a0<\/span><\/p>\n<\/div>\n<h3><span style=\"color: #000000;\">MONITOREO A TRAVES DE SMART PSS.<\/span><\/h3>\n<p><span style=\"color: #000000;\">El Smart PSS es un software de gesti\u00f3n de dispositivos que puede soportar todos los productos de seguridad Dahua, es ampliamente utilizado en la mayor\u00eda de los sistemas de vigilancia y de intercomunicaci\u00f3n Dahua. Es f\u00e1cil de usar y con una versatilidad de funcionalidades tales como: visi\u00f3n en tiempo real, reproducci\u00f3n de grabaciones, b\u00fasqueda inteligente, alarmas y seguimiento inteligente, cada funcionalidad esta a su disposici\u00f3n de forma gratuita, sin necesidad de licencias<\/span><\/p>\n<h3><span style=\"color: #000000;\">PRINCIPALES CARACTERISTICAS<\/span><\/h3>\n<ul>\n<li><span style=\"color: #000000;\">Soporta\u00a0HDCVI\/ AHD\/ TVI\/ CVBS\/ IP.<\/span><\/li>\n<li><span style=\"color: #000000;\">Compresi\u00f3n de video\u00a0H.265+\/H.265\/H.264+\/H.264.<\/span><\/li>\n<li><span style=\"color: #000000;\">16 Canales HDCVI 1080N720P (1~15fps)<\/span><\/li>\n<li><span style=\"color: #000000;\">960H\/D1\/HD1\/BCIF\/CIF\/QCIF(1~25\/30fps)<\/span><\/li>\n<li><span style=\"color: #000000;\">2 Canales IP Adicionales hasta 6MP.<\/span><\/li>\n<li><span style=\"color: #000000;\">1 HDMI\/ 1 VGA.<\/span><\/li>\n<li><span style=\"color: #000000;\">1 Entrada \/1 Salida de Audio RCA.<\/span><\/li>\n<li><span style=\"color: #000000;\">1\u00a0puerto SATA (hasta 6TB).<\/span><\/li>\n<li><span style=\"color: #000000;\">2 puerto USB (USB 2.0).<\/span><\/li>\n<li><span style=\"color: #000000;\">1 Puerto RJ-45 (100M).<\/span><\/li>\n<li><span style=\"color: #000000;\">Soporta m\u00faltiples marcas de c\u00e1maras IP:\u00a0Dahua, Arecont Vision, AXIS,<\/span><\/li>\n<li><span style=\"color: #000000;\">Bosch, Brickcom, Canon, CP Plus, Dynacolor, Honeywell, Panasonic, Pelco, Samsung,<\/span><\/li>\n<li><span style=\"color: #000000;\">Sanyo, Sony, Videotec, Vivotek y m\u00e1s.<\/span><\/li>\n<li><span style=\"color: #000000;\">M\u00e1x Acceso de Usuarios: 128.<\/span><\/li>\n<li><span style=\"color: #000000;\">Fuente de Alimentaci\u00f3n DC12V\/ 2A.<\/span><\/li>\n<li><span style=\"color: #000000;\">Consumo de Energ\u00eda &lt;10W. (sin HDD).<\/span><\/li>\n<li><span style=\"color: #000000;\">Condiciones de Operaci\u00f3n -10\u00baC a 45\u00baC.<\/span><\/li>\n<li><span style=\"color: #000000;\">Peso 0.80kg. (sin DD).<\/span><\/li>\n<\/ul>\n<table border=\"0\">\n<tbody>\n<tr>\n<td><\/td>\n<\/tr>\n<tr>\n<td><\/td>\n<\/tr>\n<\/tbody>\n<\/table>\n<p>&nbsp;<\/p>\n<p style=\"color: #848282; font-family: tahoma, verdana, arial; font-size: 11px;\" align=\"justify\"><span style=\"color: #ff0000;\"><strong><span style=\"font-size: xx-large;\">DUDAS?<\/span><\/strong><\/span><\/p>\n<p style=\"color: #848282; font-family: tahoma, verdana, arial; font-size: 11px;\" align=\"justify\"><span style=\"color: #ff6600; font-size: medium;\"><strong>Llamenos GRATIS NACIONAL al\u00a0 01-800-087-4650<\/strong><\/span><\/p>\n<p style=\"color: #848282; font-family: tahoma, verdana, arial; font-size: 11px;\"><span style=\"color: #ada96e;\">En algunas ocasiones nuestros inventarios pueden moverse y no tener en existencia alg\u00fan producto. Llamenos o escribanos para confirmar si ese articulo que busca lo tenemos o quizas podamos sugerir algun otro.<br \/>\nUtilice la<\/span>\u00a0<strong>AYUDA EN LINEA<\/strong><\/p>\n<p><span style=\"color: #f87217; font-family: tahoma, verdana, arial; font-size: 11px;\">Por favor tome un minuto y revise nuestras POLITICAS de venta al calce de la pagina.<\/span><\/p>\n","protected":false},"excerpt":{"rendered":"<p>XVR1B16 DAHUA COOPER DVR 16 CANALES HDCVI PENTAHIBRIDO 1080P \/720P\/H265+\/2 CH IP ADICIONALES 16+2\/ SATA HASTA 6TB\/P2P\/SMART AUDIO HDCVI INFORMACI\u00d3N GENERAL El XVR1B16\u00a0es un DVR Penta-h\u00edbrido que soporta 5 tecnolog\u00edas diferentes: HDCVI \/AHD\/TVI\/CVBS\/IP, con lo cual es posible actualizar un sistema CCTV anterior o en su defecto utilizarlo para un sistema CCTV completamente nuevo. Este [&hellip;]<\/p>\n","protected":false},"featured_media":7619,"template":"","meta":{"_acf_changed":false},"product_brand":[],"product_cat":[86,85],"product_tag":[],"berocket_brand":[],"class_list":{"0":"post-5482","1":"product","2":"type-product","3":"status-publish","4":"has-post-thumbnail","6":"product_cat-16-canales","7":"product_cat-grabadora-dvr-hdcvi-hd","9":"first","10":"instock","11":"taxable","12":"shipping-taxable","13":"purchasable","14":"product-type-simple","15":"berocket_lgv_grid","16":"berocket_lgv_list_grid"},"acf":[],"aioseo_notices":[],"_links":{"self":[{"href":"https:\/\/todoenseguridad.com\/site\/wp-json\/wp\/v2\/product\/5482","targetHints":{"allow":["GET"]}}],"collection":[{"href":"https:\/\/todoenseguridad.com\/site\/wp-json\/wp\/v2\/product"}],"about":[{"href":"https:\/\/todoenseguridad.com\/site\/wp-json\/wp\/v2\/types\/product"}],"wp:featuredmedia":[{"embeddable":true,"href":"https:\/\/todoenseguridad.com\/site\/wp-json\/wp\/v2\/media\/7619"}],"wp:attachment":[{"href":"https:\/\/todoenseguridad.com\/site\/wp-json\/wp\/v2\/media?parent=5482"}],"wp:term":[{"taxonomy":"product_brand","embeddable":true,"href":"https:\/\/todoenseguridad.com\/site\/wp-json\/wp\/v2\/product_brand?post=5482"},{"taxonomy":"product_cat","embeddable":true,"href":"https:\/\/todoenseguridad.com\/site\/wp-json\/wp\/v2\/product_cat?post=5482"},{"taxonomy":"product_tag","embeddable":true,"href":"https:\/\/todoenseguridad.com\/site\/wp-json\/wp\/v2\/product_tag?post=5482"},{"taxonomy":"berocket_brand","embeddable":true,"href":"https:\/\/todoenseguridad.com\/site\/wp-json\/wp\/v2\/berocket_brand?post=5482"}],"curies":[{"name":"wp","href":"https:\/\/api.w.org\/{rel}","templated":true}]}}