{"id":5475,"date":"2020-07-10T20:10:42","date_gmt":"2020-07-11T01:10:42","guid":{"rendered":"https:\/\/todoenseguridad.com\/site\/producto\/xvr1b04-dahua-cooper-dvr-4-canales-hdcvi-pentahibrido-1080p-720-2\/"},"modified":"2026-03-25T15:54:43","modified_gmt":"2026-03-25T20:54:43","slug":"xvr1b04-dahua-cooper-dvr-4-canales-hdcvi-pentahibrido-1080p-720-2","status":"publish","type":"product","link":"https:\/\/todoenseguridad.com\/site\/producto\/xvr1b04-dahua-cooper-dvr-4-canales-hdcvi-pentahibrido-1080p-720-2\/","title":{"rendered":"XVR1B04-I DAHUA COOPER DVR 4 CANALES HDCVI WizSense 1080P\/ H.265+"},"content":{"rendered":"<p><!--?xml version=\"1.0\" encoding=\"utf-8\"?--><\/p>\n<h2 id=\"title\"><span style=\"color: #0000ff;\">DAHUA XVR1B04-I Grabadora DVR de 4 Canales 1080p Lite\u00a0 WizSense\u00a0 Cooper-I\/ H.265+ con 4 Canales+1 IP o Hasta 5 Canales IP y\u00a0 4 Canales con SMD Plus\/ Busqueda Inteligente (Humanos y Vehiculos) Codificaci\u00f3n Inteligente\/ 1 Puerto Sata<\/span><\/h2>\n<p><span style=\"color: #000000;\">IEl DVR\u00a0COOPER XVR1B04-I \u00a0es un DVR Penta-h\u00edbrido que soporta 5 tecnolog\u00edas diferentes: HDCVI \/AHD\/TVI\/CVBS\/IP, con lo cual es posible actualizar un sistema CCTV anterior o en su defecto utilizarlo para un sistema CCTV completamente nuevo. Este DVR soporta SMD Plus en sus 4 canales an\u00e1logos, permiti\u00e9ndonos tener .una detecci\u00f3n inteligente de movimiento.<\/span><\/p>\n<h3><span style=\"color: #000000;\">CANAL IP ADICIONAL.<\/span><\/h3>\n<p><span style=\"color: #000000;\">El DVR COOPER XVR1B04 cuenta con 1 canal IP adicional, el cual soporta c\u00e1maras IP de hasta 2MP de marcas como: Dahua, Arecont Vision, AXIS, Bosch, Brickcom, Canon, CP Plus, Dynacolor, Honeywell, Panasonic, Pelco, Samsung, Sanyo, Sony, Videotec, Vivotek, y m\u00e1s.<\/span><\/p>\n<h3><span style=\"color: #000000;\">LARGA DISTANCIA DE TRANSMISI\u00d3N SOBRE CABLE COAXIAL.<\/span><\/h3>\n<div>\n<p><span style=\"color: #000000;\">Los sistemas de alta resoluci\u00f3n basados en HDCVI permite transmitir se\u00f1ales de v\u00eddeo en ultra resoluci\u00f3n (720P y 1080N) y control en un mismo cable coaxial. Otra caracter\u00edstica importante es la distancia de transmisi\u00f3n, al ser una se\u00f1al libre de interferencias, permite transmitir v\u00eddeo en distintas distancias.<\/span><\/p>\n<\/div>\n<h3><span style=\"color: #000000;\">ALMACENAMIENTO MAS EXTENSO.<\/span><\/h3>\n<div>\n<p><span style=\"color: #000000;\">Cuenta con 1 puerto SATA por lo cual soporta hasta 6TB para almacenar grabaciones (capacidad m\u00e1xima del disco duro 6TB).<\/span><\/p>\n<\/div>\n<h3><span style=\"color: #000000;\">MONITOREO A TRAVES DE SMART PSS.<\/span><\/h3>\n<div>\n<p><span style=\"color: #000000;\">El Smart PSS es un software de gesti\u00f3n de dispositivos que puede soportar todos los productos de seguridad Dahua, es ampliamente utilizado en la mayor\u00eda de los sistemas de vigilancia y de intercomunicaci\u00f3n Dahua. Es f\u00e1cil de usar y con una versatilidad de funcionalidades tales como: visi\u00f3n en tiempo real, reproducci\u00f3n de grabaciones, b\u00fasqueda inteligente, alarmas y seguimiento inteligente, cada funcionalidad esta a su disposici\u00f3n de forma gratuita, sin necesidad de licencia.<\/span><\/p>\n<h3><span style=\"color: #000000;\">Principales Caracter\u00edsticas<\/span><\/h3>\n<ul>\n<li><span style=\"color: #000000;\">Soporta\u00a0HDCVI\/ AHD\/ TVI\/ CVBS\/ IP.<\/span><\/li>\n<li><span style=\"color: #000000;\">Compresi\u00f3n de video\u00a0IA\/ H.265+\/H.265\/H.264+\/H.264.<\/span><\/li>\n<li><span style=\"color: #000000;\">4\u00a0Canales HDCVI 1080N\/720P\/960H\/D1\/CIF\/(1~25\/30fps) CIF (1~15 fps)<\/span><\/li>\n<li><span style=\"color: #000000;\">1\u00a0Canal IP Adicional hasta 2MP.<\/span><\/li>\n<li><span style=\"color: #000000;\">1 HDMI\/ 1 VGA.<\/span><\/li>\n<li><span style=\"color: #000000;\">1 Entrada \/1 Salida de Audio RCA.<\/span><\/li>\n<li><span style=\"color: #000000;\">1\u00a0puerto SATA (hasta 6TB).<\/span><\/li>\n<li><span style=\"color: #000000;\">2\u00a0puerto USB (USB 2.0).<\/span><\/li>\n<li><span style=\"color: #000000;\">1 Puerto RJ-45 (100M).<\/span><\/li>\n<li><span style=\"color: #000000;\">Soporta m\u00faltiples marcas de c\u00e1maras IP:\u00a0Dahua, Arecont Vision, AXIS, Bosch,<\/span><\/li>\n<li><span style=\"color: #000000;\">Brickcom, Canon, CP Plus, Dynacolor, Honeywell, Panasonic, Pelco, Samsung,<\/span><\/li>\n<li><span style=\"color: #000000;\">Sanyo, Sony, Videotec, Vivotek y m\u00e1s.<\/span><\/li>\n<li><span style=\"color: #000000;\">Fuente de Alimentaci\u00f3n DC12V\/ 1.5A.<\/span><\/li>\n<li><span style=\"color: #000000;\">Consumo de Energ\u00eda &lt;7W. (sin HDD).<\/span><\/li>\n<li><span style=\"color: #000000;\">Condiciones de Operaci\u00f3n -10\u00baC a 45\u00baC.<\/span><\/li>\n<li><span style=\"color: #000000;\">Peso 0.57kg. (sin DD).<\/span><\/li>\n<\/ul>\n<\/div>\n<table border=\"0\">\n<tbody>\n<tr>\n<td><\/td>\n<\/tr>\n<tr>\n<td><\/td>\n<\/tr>\n<\/tbody>\n<\/table>\n<h3><span style=\"color: #000080;\">NO incluye disco duro.<\/span><\/h3>\n<p style=\"color: #848282; font-family: tahoma, verdana, arial; font-size: 11px;\" align=\"justify\"><span style=\"color: #ff0000;\"><strong><span style=\"font-size: xx-large;\">DUDAS?<\/span><\/strong><\/span><\/p>\n<p style=\"color: #848282; font-family: tahoma, verdana, arial; font-size: 11px;\" align=\"justify\"><span style=\"color: #ff6600; font-size: medium;\"><strong>Llamenos GRATIS NACIONAL al\u00a0 01-800-087-4650<\/strong><\/span><\/p>\n<p style=\"color: #848282; font-family: tahoma, verdana, arial; font-size: 11px;\"><span style=\"color: #ada96e;\">En algunas ocasiones nuestros inventarios pueden moverse y no tener en existencia alg\u00fan producto. Llamenos o escribanos para confirmar si ese articulo que busca lo tenemos o quizas podamos sugerir algun otro.<br \/>\nUtilice la<\/span>\u00a0<strong>AYUDA EN LINEA<\/strong><\/p>\n<p><span style=\"color: #f87217; font-family: tahoma, verdana, arial; font-size: 11px;\">Por favor tome un minuto y revise nuestras POLITICAS de venta al calce de la pagina.<\/span><\/p>\n","protected":false},"excerpt":{"rendered":"<h2 id=\"title\" class=\"mb-3\">DAHUA XVR1B04-I &#8211; Grabadora DVR de 4 Canales 1080p Lite\u00a0 WizSense\u00a0 Cooper-I\/ H.265+con 4 Canales+1 IP o Hasta 5 Canales IP y\u00a0 4 Canales con SMD Plus\/ Busqueda Inteligente (Humanos y Vehiculos) Codificaci\u00f3n Inteligente\/ 1 Puerto Sata<\/h2>\n","protected":false},"featured_media":9405,"template":"","meta":{"_acf_changed":false},"product_brand":[],"product_cat":[89],"product_tag":[],"berocket_brand":[],"class_list":{"0":"post-5475","1":"product","2":"type-product","3":"status-publish","4":"has-post-thumbnail","6":"product_cat-4-canales","8":"first","9":"instock","10":"sale","11":"taxable","12":"shipping-taxable","13":"purchasable","14":"product-type-simple","15":"berocket_lgv_grid","16":"berocket_lgv_list_grid"},"acf":[],"aioseo_notices":[],"_links":{"self":[{"href":"https:\/\/todoenseguridad.com\/site\/wp-json\/wp\/v2\/product\/5475","targetHints":{"allow":["GET"]}}],"collection":[{"href":"https:\/\/todoenseguridad.com\/site\/wp-json\/wp\/v2\/product"}],"about":[{"href":"https:\/\/todoenseguridad.com\/site\/wp-json\/wp\/v2\/types\/product"}],"wp:featuredmedia":[{"embeddable":true,"href":"https:\/\/todoenseguridad.com\/site\/wp-json\/wp\/v2\/media\/9405"}],"wp:attachment":[{"href":"https:\/\/todoenseguridad.com\/site\/wp-json\/wp\/v2\/media?parent=5475"}],"wp:term":[{"taxonomy":"product_brand","embeddable":true,"href":"https:\/\/todoenseguridad.com\/site\/wp-json\/wp\/v2\/product_brand?post=5475"},{"taxonomy":"product_cat","embeddable":true,"href":"https:\/\/todoenseguridad.com\/site\/wp-json\/wp\/v2\/product_cat?post=5475"},{"taxonomy":"product_tag","embeddable":true,"href":"https:\/\/todoenseguridad.com\/site\/wp-json\/wp\/v2\/product_tag?post=5475"},{"taxonomy":"berocket_brand","embeddable":true,"href":"https:\/\/todoenseguridad.com\/site\/wp-json\/wp\/v2\/berocket_brand?post=5475"}],"curies":[{"name":"wp","href":"https:\/\/api.w.org\/{rel}","templated":true}]}}