{"id":5220,"date":"2020-07-10T20:10:18","date_gmt":"2020-07-11T01:10:18","guid":{"rendered":"https:\/\/todoenseguridad.com\/site\/producto\/syscom-video-sye-800-gabinete-para-camara\/"},"modified":"2026-03-25T16:09:54","modified_gmt":"2026-03-25T21:09:54","slug":"syscom-video-sye-800-gabinete-para-camara","status":"publish","type":"product","link":"https:\/\/todoenseguridad.com\/site\/producto\/syscom-video-sye-800-gabinete-para-camara\/","title":{"rendered":"SYE-800 SYSCOM VIDEO Gabinete para camara\/ IP68"},"content":{"rendered":"<p><!--?xml version=\"1.0\" encoding=\"utf-8\"?--><\/p>\n<h2><span style=\"color: #0000ff;\"><span class=\"modelo-marca\">SYE-800<span class=\"modelo-marca\"> SYSCOM <\/span><\/span>Gabinete para c\u00e1mara cumple con norma anti explosi\u00f3n y norma de intrusi\u00f3n IP68 fabricado en acero inoxidable con limpiaparabrisas<\/span><\/h2>\n<p>&nbsp;<\/p>\n<h3><span style=\"color: #000000;\">Caracteristicas Principales:<\/span><\/h3>\n<p><span style=\"color: #000000;\">\u2022 Fabricado en acero inoxidable.<\/span><br \/>\n<span style=\"color: #000000;\">\u2022 Soporta IP68.<\/span><br \/>\n<span style=\"color: #000000;\">\u2022 Temperatura de operaci\u00f3n: -10\u00b0 a 60 \u00b0C.<\/span><br \/>\n<span style=\"color: #000000;\">\u2022 Marca de prueba anti explosi\u00f3n: Zona 2 Exd IICT6 \/ DIP A20 TA,T6.<\/span><br \/>\n<span style=\"color: #000000;\">\u2022 No incluye montaje.<\/span><br \/>\n<span style=\"color: #000000;\">\u2022 2 Entradas de cable antiexplosi\u00f3n G1\/2\u201d.<\/span><br \/>\n<span style=\"color: #000000;\">\u2022 Di\u00e1metro del vidrio frontal 67mm.<\/span><br \/>\n<span style=\"color: #000000;\">\u2022 Dimensiones exteriores: 350 mm \u00d7 150 mm \u00d7 165 mm<\/span><br \/>\n<span style=\"color: #000000;\">\u2022 Dimensiones interiores: 112 mm (di\u00e1metro) x 300 mm (largo).<\/span><br \/>\n<span style=\"color: #000000;\">\u2022 Peso:6kg<\/span><\/p>\n<p><span style=\"color: #000000;\">*2 A\u00f1os de Garant\u00eda.<\/span><\/p>\n<h3><span style=\"color: #000000;\">GABINETES ANTI-EXPLOSI\u00d3N<\/span><\/h3>\n<p><span style=\"color: #000000;\">El tener un equipo anti-explosi\u00f3n no significa que pueda llegar a soportar explosiones o impactos en el exterior de dicho equipo; el t\u00e9rmino se refiere a que el equipo anti-explosi\u00f3n es capaz de mantener o contener una explosi\u00f3n que se suscite dentro del mismo equipo, y de esta manera puede mantener seguro un lugar de ambiente peligroso.<\/span><\/p>\n<p><span style=\"color: #000000;\">Los lugares de ambiente peligroso son comunes en plantas petrol\u00edferas, qu\u00edmicas y en f\u00e1bricas donde se producen y almacenan gases, \u00e1cidos, pinturas y otros productos no estables. Todo equipo el\u00e9ctrico instalado en este tipo de lugares, debe estar dise\u00f1ado de manera que no pueda producir chispas.<\/span><\/p>\n<p>&nbsp;<\/p>\n<div>\n<div>\n<div>\n<div>\n<p style=\"color: #848282; font-family: tahoma, verdana, arial; font-size: 11px;\" align=\"justify\"><span style=\"color: #ff0000;\"><strong><span style=\"font-size: xx-large;\">DUDAS?<\/span><\/strong><\/span><\/p>\n<p style=\"color: #848282; font-family: tahoma, verdana, arial; font-size: 11px;\" align=\"justify\"><span style=\"color: #ff6600; font-size: medium;\"><strong>Llamenos GRATIS NACIONAL al\u00a0 01-81-1522-9255<\/strong><\/span><\/p>\n<p style=\"color: #848282; font-family: tahoma, verdana, arial; font-size: 11px;\"><span style=\"color: #ada96e;\">En algunas ocasiones nuestros inventarios pueden moverse y no tener en existencia alg\u00fan producto. Llamenos o escribanos para confirmar si ese articulo que busca lo tenemos o quizas podamos sugerir algun otro.<br \/>\nUtilice la<\/span>\u00a0<strong>AYUDA EN LINEA<\/strong><\/p>\n<p><span style=\"color: #f87217; font-family: tahoma, verdana, arial; font-size: 11px;\">Por favor tome un minuto y revise nuestras POLITICAS de venta al calce de la pagina.<\/span><\/p>\n<\/div>\n<\/div>\n<\/div>\n<\/div>\n","protected":false},"excerpt":{"rendered":"<p>SYE-800 SYSCOM Gabinete para c\u00e1mara cumple con norma anti explosi\u00f3n y norma de intrusi\u00f3n IP68 fabricado en acero inoxidable con limpiaparabrisas &nbsp; Caracteristicas Principales: \u2022 Fabricado en acero inoxidable. \u2022 Soporta IP68. \u2022 Temperatura de operaci\u00f3n: -10\u00b0 a 60 \u00b0C. \u2022 Marca de prueba anti explosi\u00f3n: Zona 2 Exd IICT6 \/ DIP A20 TA,T6. \u2022 [&hellip;]<\/p>\n","protected":false},"featured_media":9238,"template":"","meta":{"_acf_changed":false},"product_brand":[],"product_cat":[134],"product_tag":[],"berocket_brand":[],"class_list":{"0":"post-5220","1":"product","2":"type-product","3":"status-publish","4":"has-post-thumbnail","6":"product_cat-varios-accesorios-camaras-ip","8":"first","9":"instock","10":"taxable","11":"shipping-taxable","12":"purchasable","13":"product-type-simple","14":"berocket_lgv_grid","15":"berocket_lgv_list_grid"},"acf":[],"aioseo_notices":[],"_links":{"self":[{"href":"https:\/\/todoenseguridad.com\/site\/wp-json\/wp\/v2\/product\/5220","targetHints":{"allow":["GET"]}}],"collection":[{"href":"https:\/\/todoenseguridad.com\/site\/wp-json\/wp\/v2\/product"}],"about":[{"href":"https:\/\/todoenseguridad.com\/site\/wp-json\/wp\/v2\/types\/product"}],"wp:featuredmedia":[{"embeddable":true,"href":"https:\/\/todoenseguridad.com\/site\/wp-json\/wp\/v2\/media\/9238"}],"wp:attachment":[{"href":"https:\/\/todoenseguridad.com\/site\/wp-json\/wp\/v2\/media?parent=5220"}],"wp:term":[{"taxonomy":"product_brand","embeddable":true,"href":"https:\/\/todoenseguridad.com\/site\/wp-json\/wp\/v2\/product_brand?post=5220"},{"taxonomy":"product_cat","embeddable":true,"href":"https:\/\/todoenseguridad.com\/site\/wp-json\/wp\/v2\/product_cat?post=5220"},{"taxonomy":"product_tag","embeddable":true,"href":"https:\/\/todoenseguridad.com\/site\/wp-json\/wp\/v2\/product_tag?post=5220"},{"taxonomy":"berocket_brand","embeddable":true,"href":"https:\/\/todoenseguridad.com\/site\/wp-json\/wp\/v2\/berocket_brand?post=5220"}],"curies":[{"name":"wp","href":"https:\/\/api.w.org\/{rel}","templated":true}]}}