{"id":4793,"date":"2020-07-10T20:05:27","date_gmt":"2020-07-11T01:05:27","guid":{"rendered":"https:\/\/todoenseguridad.com\/site\/producto\/ca24-eas-proteccion-anti-robo\/"},"modified":"2025-02-24T16:34:25","modified_gmt":"2025-02-24T21:34:25","slug":"ca24-eas-proteccion-anti-robo","status":"publish","type":"product","link":"https:\/\/todoenseguridad.com\/site\/producto\/ca24-eas-proteccion-anti-robo\/","title":{"rendered":"CA24 EAS PROTECCION ANTI ROBO"},"content":{"rendered":"<p><!--?xml version=\"1.0\" encoding=\"utf-8\"?--><\/p>\n<h3><span style=\"color: #0000ff;\">CA24 Detector EAS Transmisor RF 8.2 MHz para protecci\u00f3n contra robo de ropa, zapatos, accesorios.<\/span><\/h3>\n<p>&nbsp;<\/p>\n<div class=\"producto-caracteristicas-info-header\"><span style=\"color: #3366ff; font-size: large;\">Especificaciones:<\/span><\/div>\n<ul style=\"padding: inherit; border: 0px none; vertical-align: baseline; list-style: inherit; color: #000000; font-family: Arial, 'Helvetica Neue', Helvetica, sans-serif; line-height: 15px;\">\n<li style=\"margin: 0px; padding: 0px; border: 0px none; vertical-align: baseline;\"><strong>Solo Transmisor.<\/strong><\/li>\n<li style=\"margin: 0px; padding: 0px; border: 0px none; vertical-align: baseline;\">Frecuencia: 8.2 MHz.<\/li>\n<li style=\"margin: 0px; padding: 0px; border: 0px none; vertical-align: baseline;\">Consumo de energ\u00eda: 15 W.<\/li>\n<li style=\"margin: 0px; padding: 0px; border: 0px none; vertical-align: baseline;\">Voltaje de operaci\u00f3n: 19 Vcd ( mono), 24 Vcd ( Dual).<\/li>\n<li style=\"margin: 0px; padding: 0px; border: 0px none; vertical-align: baseline;\">Temperatura de operaci\u00f3n: \u00a00 a 35 \u00b0 C.<\/li>\n<li style=\"margin: 0px; padding: 0px; border: 0px none; vertical-align: baseline;\">Base color: Gris.<\/li>\n<li style=\"margin: 0px; padding: 0px; border: 0px none; vertical-align: baseline;\">Color de la luz de alarma: Roja.<\/li>\n<li style=\"margin: 0px; padding: 0px; border: 0px none; vertical-align: baseline;\">Dimensiones: 1620 x 390 x 59 mm<\/li>\n<li style=\"margin: 0px; padding: 0px; border: 0px none; vertical-align: baseline;\">\u00c1rea de detecci\u00f3n: 1325 x 335 x 2 mm<\/li>\n<li style=\"margin: 0px; padding: 0px; border: 0px none; vertical-align: baseline;\">Volumen de alarma: 0 a 105 dB.<\/li>\n<\/ul>\n<p>&nbsp;<\/p>\n<div style=\"color: #848282; font-family: tahoma, verdana, arial; font-size: 11px;\" align=\"justify\">\n<p><span style=\"color: #ada96e;\">En algunas ocasiones nuestros inventarios pueden moverse y no tener en existencia alg\u00fan producto. Llamenos o escribanos para confirmar si ese articulo que busca lo tenemos o quizas podamos sugerir algun otro.<br \/>\nUtilice la<\/span>\u00a0<strong>AYUDA EN LINEA<\/strong><\/p>\n<p>&nbsp;<\/p>\n<p><span style=\"color: #f87217;\">Por favor tome un minuto y revise nuestras POLITICAS de venta al calce de la pagina.<\/span><\/p>\n<\/div>\n<p>&nbsp;<\/p>\n<p>&nbsp;<\/p>\n<p>&nbsp;<\/p>\n","protected":false},"excerpt":{"rendered":"<p>CA24 Detector EAS Transmisor RF 8.2 MHz para protecci\u00f3n contra robo de ropa, zapatos, accesorios. &nbsp; Especificaciones: Solo Transmisor. Frecuencia: 8.2 MHz. Consumo de energ\u00eda: 15 W. Voltaje de operaci\u00f3n: 19 Vcd ( mono), 24 Vcd ( Dual). Temperatura de operaci\u00f3n: \u00a00 a 35 \u00b0 C. Base color: Gris. Color de la luz de alarma: [&hellip;]<\/p>\n","protected":false},"featured_media":7390,"template":"","meta":{"_acf_changed":false},"product_brand":[],"product_cat":[115,113],"product_tag":[],"berocket_brand":[],"class_list":{"0":"post-4793","1":"product","2":"type-product","3":"status-publish","4":"has-post-thumbnail","6":"product_cat-detectores-proteccion","7":"product_cat-proteccion-de-mercancia","9":"first","10":"instock","11":"taxable","12":"shipping-taxable","13":"purchasable","14":"product-type-simple","15":"berocket_lgv_grid","16":"berocket_lgv_list_grid"},"acf":[],"aioseo_notices":[],"_links":{"self":[{"href":"https:\/\/todoenseguridad.com\/site\/wp-json\/wp\/v2\/product\/4793","targetHints":{"allow":["GET"]}}],"collection":[{"href":"https:\/\/todoenseguridad.com\/site\/wp-json\/wp\/v2\/product"}],"about":[{"href":"https:\/\/todoenseguridad.com\/site\/wp-json\/wp\/v2\/types\/product"}],"wp:featuredmedia":[{"embeddable":true,"href":"https:\/\/todoenseguridad.com\/site\/wp-json\/wp\/v2\/media\/7390"}],"wp:attachment":[{"href":"https:\/\/todoenseguridad.com\/site\/wp-json\/wp\/v2\/media?parent=4793"}],"wp:term":[{"taxonomy":"product_brand","embeddable":true,"href":"https:\/\/todoenseguridad.com\/site\/wp-json\/wp\/v2\/product_brand?post=4793"},{"taxonomy":"product_cat","embeddable":true,"href":"https:\/\/todoenseguridad.com\/site\/wp-json\/wp\/v2\/product_cat?post=4793"},{"taxonomy":"product_tag","embeddable":true,"href":"https:\/\/todoenseguridad.com\/site\/wp-json\/wp\/v2\/product_tag?post=4793"},{"taxonomy":"berocket_brand","embeddable":true,"href":"https:\/\/todoenseguridad.com\/site\/wp-json\/wp\/v2\/berocket_brand?post=4793"}],"curies":[{"name":"wp","href":"https:\/\/api.w.org\/{rel}","templated":true}]}}