{"id":13124,"date":"2026-03-30T14:45:38","date_gmt":"2026-03-30T19:45:38","guid":{"rendered":"https:\/\/todoenseguridad.com\/site\/?post_type=product&#038;p=13124"},"modified":"2026-03-30T14:45:38","modified_gmt":"2026-03-30T19:45:38","slug":"dh-psdw81642s-a360-d425-dahua-camara-ip-panoramica-multisensor-8x2mp-ptz-25x-de-zoom-ptz-de-4mp","status":"publish","type":"product","link":"https:\/\/todoenseguridad.com\/site\/producto\/dh-psdw81642s-a360-d425-dahua-camara-ip-panoramica-multisensor-8x2mp-ptz-25x-de-zoom-ptz-de-4mp\/","title":{"rendered":"DH-PSDW81642S-A360-D425 DAHUA C\u00e1mara IP Panor\u00e1mica Multisensor 8x2MP+ PTZ 25x de ZOOM\/ PTZ de 4MP"},"content":{"rendered":"<h2 id=\"title\"><span style=\"color: #0000ff;\">DH-PSDW81642S-A360-D425 DAHUA C\u00e1mara IP Panor\u00e1mica Multisensor 8x2MP+ PTZ 25x de ZOOM\/ PTZ de 4MP\/ WizMind\/ IR 100 Mts\/ Smart Tracking\/ H.265\/ IP66<\/span><\/h2>\n<h3><span style=\"color: #000000;\">Informaci\u00f3n General<\/span><\/h3>\n<p><span style=\"color: #000000;\">La c\u00e1mara\u00a0DAHUA DH-PSDW81642S-A360-D425\u00a0ofrece vigilancia avanzada con 8 sensores de 2MP y un PTZ de zoom \u00f3ptico de 25x y 4MP, proporcionando una cobertura panor\u00e1mica detallada. Equipada con tecnolog\u00eda\u00a0WizMind, incluye an\u00e1lisis inteligente de video para detecci\u00f3n de rostros y comportamiento. Su visi\u00f3n nocturna\u00a0IR\u00a0de hasta 100 metros asegura claridad en la oscuridad, mientras que\u00a0Smart\u00a0Tracking\u00a0permite el seguimiento autom\u00e1tico de objetos en movimiento. Con compresi\u00f3n H.265, optimiza el ancho de banda y almacenamiento. Resistente al polvo y al agua (IP66), es ideal para exteriores y entornos desafiantes, garantizando una seguridad robusta y eficiente<\/span><\/p>\n<h3><span style=\"color: #000000;\">Caracter\u00edsticas Principales<\/span><\/h3>\n<ul>\n<li><span style=\"color: #000000;\">Par\u00e1metros panor\u00e1micos:\u00a0Sensores de imagen CMOS de 8 \u00d7 2 MP 1\/1,8&#8243;.<\/span><\/li>\n<li><span style=\"color: #000000;\">Par\u00e1metros PTZ:\u00a0Sensores de imagen CMOS de 1 \u00d7 4 MP 1\/1,8&#8243;.<\/span><\/li>\n<li><span style=\"color: #000000;\">C\u00e1mara PTZ:\u00a0Iluminador l\u00e1ser incorporado, m\u00e1x. distancia de iluminaci\u00f3n: 100 m.<\/span><\/li>\n<li><span style=\"color: #000000;\">C\u00e1mara PTZ:\u00a0zoom \u00f3ptico de 25x, zoom digital de 16x.<\/span><\/li>\n<li><span style=\"color: #000000;\">C\u00f3dec:\u00a0H.265, alta tasa de compresi\u00f3n, tasa de bits ultrabaja.<\/span><\/li>\n<li><span style=\"color: #000000;\">Codificaci\u00f3n:\u00a0flexible, aplicable a diversos entornos de ancho de banda y almacenamiento<\/span><\/li>\n<li><span style=\"color: #000000;\">Micr\u00f3fonos:\u00a0duales incorporados y altavoces duales, admiten conversaci\u00f3n bidireccional<\/span><\/li>\n<\/ul>\n<h3><span style=\"color: #000000;\">Especificaciones T\u00e9cnicas<\/span><\/h3>\n<ul>\n<li><span style=\"color: #000000;\">Fuente de alimentaci\u00f3n:\u00a0CC 36 V\u00a0<\/span><\/li>\n<li><span style=\"color: #000000;\">Consumo de energ\u00eda:\u00a035 W<\/span><\/li>\n<li><span style=\"color: #000000;\">Temperatura de funcionamiento:\u00a0\u2013 40 \u00b0C \u2013 +60 \u00b0C<\/span><\/li>\n<li><span style=\"color: #000000;\">Humedad de funcionamiento:\u00a0\u226495%<\/span><\/li>\n<li><span style=\"color: #000000;\">Protecci\u00f3n:\u00a0IP67\u00a0<\/span><\/li>\n<li><span style=\"color: #000000;\">Material de la carcasa:\u00a0Metal + pl\u00e1stico<\/span><\/li>\n<li><span style=\"color: #000000;\">Dimensiones del producto:\u00a0326 mm \u00d7 \u03a6280 mm<\/span><\/li>\n<li><span style=\"color: #000000;\">Dimensiones del embalaje:\u00a0394 mm \u00d7 352 mm \u00d7 468 mm<\/span><\/li>\n<li><span style=\"color: #000000;\">Peso neto:\u00a07 kg<\/span><\/li>\n<\/ul>\n","protected":false},"excerpt":{"rendered":"<p>DH-PSDW81642S-A360-D425 DAHUA C\u00e1mara IP Panor\u00e1mica Multisensor 8x2MP+ PTZ 25x de ZOOM\/ PTZ de 4MP\/ WizMind\/ IR 100 Mts\/ Smart Tracking\/ H.265\/ IP66 Informaci\u00f3n General La c\u00e1mara\u00a0DAHUA DH-PSDW81642S-A360-D425\u00a0ofrece vigilancia avanzada con 8 sensores de 2MP y un PTZ de zoom \u00f3ptico de 25x y 4MP, proporcionando una cobertura panor\u00e1mica detallada. Equipada con tecnolog\u00eda\u00a0WizMind, incluye an\u00e1lisis inteligente [&hellip;]<\/p>\n","protected":false},"featured_media":13126,"template":"","meta":{"_acf_changed":false},"product_brand":[],"product_cat":[51,54,226],"product_tag":[],"berocket_brand":[],"class_list":{"0":"post-13124","1":"product","2":"type-product","3":"status-publish","4":"has-post-thumbnail","6":"product_cat-camaras-i-p","7":"product_cat-pt-ptz","8":"product_cat-camaras-de-seguridad-cctv-videovigilancia-hd","10":"first","11":"instock","12":"taxable","13":"shipping-taxable","14":"purchasable","15":"product-type-simple","16":"berocket_lgv_grid","17":"berocket_lgv_list_grid"},"acf":[],"aioseo_notices":[],"_links":{"self":[{"href":"https:\/\/todoenseguridad.com\/site\/wp-json\/wp\/v2\/product\/13124","targetHints":{"allow":["GET"]}}],"collection":[{"href":"https:\/\/todoenseguridad.com\/site\/wp-json\/wp\/v2\/product"}],"about":[{"href":"https:\/\/todoenseguridad.com\/site\/wp-json\/wp\/v2\/types\/product"}],"wp:featuredmedia":[{"embeddable":true,"href":"https:\/\/todoenseguridad.com\/site\/wp-json\/wp\/v2\/media\/13126"}],"wp:attachment":[{"href":"https:\/\/todoenseguridad.com\/site\/wp-json\/wp\/v2\/media?parent=13124"}],"wp:term":[{"taxonomy":"product_brand","embeddable":true,"href":"https:\/\/todoenseguridad.com\/site\/wp-json\/wp\/v2\/product_brand?post=13124"},{"taxonomy":"product_cat","embeddable":true,"href":"https:\/\/todoenseguridad.com\/site\/wp-json\/wp\/v2\/product_cat?post=13124"},{"taxonomy":"product_tag","embeddable":true,"href":"https:\/\/todoenseguridad.com\/site\/wp-json\/wp\/v2\/product_tag?post=13124"},{"taxonomy":"berocket_brand","embeddable":true,"href":"https:\/\/todoenseguridad.com\/site\/wp-json\/wp\/v2\/berocket_brand?post=13124"}],"curies":[{"name":"wp","href":"https:\/\/api.w.org\/{rel}","templated":true}]}}