{"id":13118,"date":"2026-03-30T14:24:50","date_gmt":"2026-03-30T19:24:50","guid":{"rendered":"https:\/\/todoenseguridad.com\/site\/?post_type=product&#038;p=13118"},"modified":"2026-03-30T14:24:50","modified_gmt":"2026-03-30T19:24:50","slug":"dh-ipc-hdbw2841r-zs-dahua-camara-ip-domo-antivandalica-de-8mp-con-lente-motorizado-2-7-13-5mm-ir-40m-ia-wizsense","status":"publish","type":"product","link":"https:\/\/todoenseguridad.com\/site\/producto\/dh-ipc-hdbw2841r-zs-dahua-camara-ip-domo-antivandalica-de-8mp-con-lente-motorizado-2-7-13-5mm-ir-40m-ia-wizsense\/","title":{"rendered":"DH-IPC-HDBW2841R-ZS\u00a0DAHUA C\u00e1mara IP Domo Antivand\u00e1lica de 8MP con lente motorizado 2.7-13.5mm, IR 40m, IA WizSense"},"content":{"rendered":"<h2 id=\"title\"><span style=\"color: #0000ff;\">DH-IPC-HDBW2841R-ZS\u00a0DAHUA C\u00e1mara IP Domo Antivand\u00e1lica de 8MP con lente motorizado 2.7-13.5mm, IR 40m, IA WizSense, detecci\u00f3n de movimiento inteligente, protecci\u00f3n perimetral, Starlight, PoE, WDR, H.265+, IP67, IK10.<\/span><\/h2>\n<h3 class=\"card-title text-center\"><span style=\"color: #000000;\">Informaci\u00f3n General<\/span><\/h3>\n<p class=\"ql-align-justify\"><span style=\"color: #000000;\">La c\u00e1mara\u00a0<strong>DAHUA DH-IPC-HDBW2841R-ZS\u00a0<\/strong>es una IP domo de 8MP con lente motorizado de 2.7-13.5mm y visi\u00f3n nocturna IR de 40m. Ofrece inteligencia artificial con\u00a0Wizsense\u00a0para detecci\u00f3n de movimiento y protecci\u00f3n perimetral, as\u00ed como tecnolog\u00eda\u00a0Starlight\u00a0para im\u00e1genes claras en baja luz. Con clasificaci\u00f3n IP67 e\u00a0IK10, es resistente al agua, polvo y vandalismo, ideal para exteriores. La c\u00e1mara es compatible con PoE, facilitando la instalaci\u00f3n, y utiliza compresi\u00f3n H.265+ para optimizar el uso de ancho de banda y almacenamiento. Su amplio rango din\u00e1mico (WDR) mejora la calidad de imagen en condiciones de iluminaci\u00f3n variable.<\/span><\/p>\n<div class=\"row align-items-center padding-bottom-2x\">\n<div class=\"col-md-7 text-md-left text-center\">\n<h3><span style=\"color: #000000;\">Caracter\u00edsticas Principales<\/span><\/h3>\n<ul>\n<li class=\"ql-align-justify\"><span style=\"color: #000000;\"><strong>Sensor de imagen:\u00a0<\/strong>\u00a0CMOS de 8 MP 1\/2,7&#8243;, baja luminosidad e imagen de alta definici\u00f3n.<\/span><\/li>\n<li class=\"ql-align-justify\"><span style=\"color: #000000;\"><strong>Resoluci\u00f3n:<\/strong>\u00a0Salidas m\u00e1x. 8 MP (3840 \u00d7 2160) a 20 fps y admite 2688 \u00d7 1520 (2688 \u00d7 1520) a 25\/30 fps.<\/span><\/li>\n<li class=\"ql-align-justify\"><span style=\"color: #000000;\"><strong>C\u00f3dec:<\/strong>\u00a0H.265, alta tasa de compresi\u00f3n, tasa de bits ultrabaja.<\/span><\/li>\n<li class=\"ql-align-justify\"><span style=\"color: #000000;\"><strong>LED:<\/strong>\u00a0IR incorporado y m\u00e1x. la distancia de iluminaci\u00f3n es de 40 m.\u00a0<\/span><\/li>\n<li class=\"ql-align-justify\"><span style=\"color: #000000;\"><strong>Monitoreo inteligente:<\/strong>\u00a0Intrusi\u00f3n, cable trampa (las dos funciones apoyan la clasificaci\u00f3n y detecci\u00f3n precisa de veh\u00edculos y humanos).<\/span><\/li>\n<li class=\"ql-align-justify\"><span style=\"color: #000000;\"><strong>Detecci\u00f3n de anomal\u00edas:<\/strong>\u00a0detecci\u00f3n de movimiento, manipulaci\u00f3n de v\u00eddeo, detecci\u00f3n de audio, falta de tarjeta SD, tarjeta SD llena, error de tarjeta SD, desconexi\u00f3n de red, conflicto de IP, acceso ilegal y detecci\u00f3n de voltaje.\u00a0<\/span><\/li>\n<li class=\"ql-align-justify\"><span style=\"color: #000000;\"><strong>Alarma:\u00a0<\/strong>1 entrada, 1 salida (solo compatible con ZAS)<\/span><\/li>\n<li class=\"ql-align-justify\"><span style=\"color: #000000;\"><strong>Audio:\u00a0<\/strong>1 entrada, 1 salida (solo compatible con ZAS); micr\u00f3fono integrado.\u00a0<\/span><\/li>\n<li class=\"ql-align-justify\"><span style=\"color: #000000;\"><strong>Almacenamiento:<\/strong>\u00a0soporta m\u00e1x. Tarjeta Micro SD de 256G.<\/span><\/li>\n<li class=\"ql-align-justify\"><span style=\"color: #000000;\"><strong>Protecci\u00f3n:<\/strong>\u00a0IP67, IK10.\u00a0<\/span><\/li>\n<li class=\"ql-align-justify\"><span style=\"color: #000000;\"><strong>Tecnolog\u00eda:<\/strong>\u00a0SMD\u00a0Plus.\u00a0<\/span><\/li>\n<\/ul>\n<div class=\"row align-items-center padding-bottom-2x\">\n<div class=\"col-md-7 text-md-left text-center\">\n<h3><span style=\"color: #000000;\">Especificaciones T\u00e9cnicas<\/span><\/h3>\n<ul>\n<li class=\"ql-align-justify\"><span style=\"color: #000000;\"><strong>Sistema de escaneo:\u00a0<\/strong>Progresivo<\/span><\/li>\n<li class=\"ql-align-justify\"><span style=\"color: #000000;\"><strong>Distancia de iluminaci\u00f3n:\u00a0<\/strong>40 m\u00a0<\/span><\/li>\n<li class=\"ql-align-justify\"><span style=\"color: #000000;\"><strong>Longitud focal:\u00a0<\/strong>2,7 mm\u201313,5 mm<\/span><\/li>\n<li class=\"ql-align-justify\"><span style=\"color: #000000;\"><strong>Fuente de alimentaci\u00f3n:\u00a0<\/strong>12 VCC\/PoE (802.3af)\u00a0<\/span><\/li>\n<li class=\"ql-align-justify\"><span style=\"color: #000000;\"><strong>Consumo de energ\u00eda:\u00a0<\/strong>B\u00e1sico: 2,7 W (12 VCC); 3,4 W (PoE)<\/span><\/li>\n<li class=\"ql-align-justify\"><span style=\"color: #000000;\"><strong>Temperatura de funcionamiento:<\/strong>\u00a0\u2013 30 \u00b0C a +60 \u00b0C<\/span><\/li>\n<li class=\"ql-align-justify\"><span style=\"color: #000000;\"><strong>Humedad de funcionamiento:<\/strong>\u00a0\u226495%\u00a0<\/span><\/li>\n<li class=\"ql-align-justify\"><span style=\"color: #000000;\"><strong>Temperatura de almacenamiento:<\/strong>\u00a0\u2013 40 \u00b0C a +60 \u00b0C<\/span><\/li>\n<li class=\"ql-align-justify\"><span style=\"color: #000000;\"><strong>Material de la carcasa:\u00a0<\/strong>Metal\u00a0<\/span><\/li>\n<li class=\"ql-align-justify\"><span style=\"color: #000000;\"><strong>Dimensiones del producto:\u00a0<\/strong>93,4 mm \u00d7 \u03a6122 mm (3,68&#8243; \u00d7 \u03a64,80&#8243;)<\/span><\/li>\n<li class=\"ql-align-justify\"><span style=\"color: #000000;\"><strong>Peso neto:<\/strong>\u00a00,50 kg<\/span><\/li>\n<\/ul>\n<h3><span style=\"color: #000000;\">Incluye<\/span><\/h3>\n<ul>\n<li><span style=\"color: #000000;\"><strong>x1\u00a0<\/strong>C\u00e1mara:<strong>\u00a0DH-IPC-HDBW2841R-ZS<\/strong><\/span><\/li>\n<li><span style=\"color: #000000;\"><strong>x1\u00a0<\/strong>Manual de usuario<\/span><\/li>\n<li><span style=\"color: #000000;\"><strong>x1\u00a0<\/strong>P\u00f3liza de seguro<\/span><\/li>\n<\/ul>\n<\/div>\n<\/div>\n<\/div>\n<\/div>\n","protected":false},"excerpt":{"rendered":"<p>DH-IPC-HDBW2841R-ZS\u00a0DAHUA C\u00e1mara IP Domo Antivand\u00e1lica de 8MP con lente motorizado 2.7-13.5mm, IR 40m, IA WizSense, detecci\u00f3n de movimiento inteligente, protecci\u00f3n perimetral, Starlight, PoE, WDR, H.265+, IP67, IK10. Informaci\u00f3n General La c\u00e1mara\u00a0DAHUA DH-IPC-HDBW2841R-ZS\u00a0es una IP domo de 8MP con lente motorizado de 2.7-13.5mm y visi\u00f3n nocturna IR de 40m. Ofrece inteligencia artificial con\u00a0Wizsense\u00a0para detecci\u00f3n de movimiento [&hellip;]<\/p>\n","protected":false},"featured_media":13119,"template":"","meta":{"_acf_changed":false},"product_brand":[],"product_cat":[51,53,226],"product_tag":[],"berocket_brand":[],"class_list":{"0":"post-13118","1":"product","2":"type-product","3":"status-publish","4":"has-post-thumbnail","6":"product_cat-camaras-i-p","7":"product_cat-domo","8":"product_cat-camaras-de-seguridad-cctv-videovigilancia-hd","10":"first","11":"instock","12":"taxable","13":"shipping-taxable","14":"purchasable","15":"product-type-simple","16":"berocket_lgv_grid","17":"berocket_lgv_list_grid"},"acf":[],"aioseo_notices":[],"_links":{"self":[{"href":"https:\/\/todoenseguridad.com\/site\/wp-json\/wp\/v2\/product\/13118","targetHints":{"allow":["GET"]}}],"collection":[{"href":"https:\/\/todoenseguridad.com\/site\/wp-json\/wp\/v2\/product"}],"about":[{"href":"https:\/\/todoenseguridad.com\/site\/wp-json\/wp\/v2\/types\/product"}],"wp:featuredmedia":[{"embeddable":true,"href":"https:\/\/todoenseguridad.com\/site\/wp-json\/wp\/v2\/media\/13119"}],"wp:attachment":[{"href":"https:\/\/todoenseguridad.com\/site\/wp-json\/wp\/v2\/media?parent=13118"}],"wp:term":[{"taxonomy":"product_brand","embeddable":true,"href":"https:\/\/todoenseguridad.com\/site\/wp-json\/wp\/v2\/product_brand?post=13118"},{"taxonomy":"product_cat","embeddable":true,"href":"https:\/\/todoenseguridad.com\/site\/wp-json\/wp\/v2\/product_cat?post=13118"},{"taxonomy":"product_tag","embeddable":true,"href":"https:\/\/todoenseguridad.com\/site\/wp-json\/wp\/v2\/product_tag?post=13118"},{"taxonomy":"berocket_brand","embeddable":true,"href":"https:\/\/todoenseguridad.com\/site\/wp-json\/wp\/v2\/berocket_brand?post=13118"}],"curies":[{"name":"wp","href":"https:\/\/api.w.org\/{rel}","templated":true}]}}