{"id":13077,"date":"2025-06-11T13:21:51","date_gmt":"2025-06-11T18:21:51","guid":{"rendered":"https:\/\/todoenseguridad.com\/site\/?post_type=product&#038;p=13077"},"modified":"2025-06-11T16:47:56","modified_gmt":"2025-06-11T21:47:56","slug":"kit-control-de-accesos-y-asistencia-dahua-con-reconocimiento-facial-pantalla-de-2-4soporte-para1000-usuarios","status":"publish","type":"product","link":"https:\/\/todoenseguridad.com\/site\/producto\/kit-control-de-accesos-y-asistencia-dahua-con-reconocimiento-facial-pantalla-de-2-4soporte-para1000-usuarios\/","title":{"rendered":"Kit Control de Accesos y asistencia DAHUA  reconocimiento facial, pantalla  2.4&#8243; + chapa + boton + fuente"},"content":{"rendered":"<h3><span style=\"color: #0000ff;\">KIT COMPLETO DE CONTROL DE ACCESO Y ASISTENCIA con reconocimiento facial , Magnetr\u00f3n 350 kg\/800 Lb para uso en exteriores o interiores, Bot\u00f3n de salida sin Contacto, Indicador LED y Fuente de Alimentaci\u00f3n con Gabinete de 4 Salidas de 11 &#8211; 15 Vcc \/ 5 Amper (sin bater\u00eda de respaldo)<\/span><\/h3>\n<p>&nbsp;<\/p>\n<h4 class=\"mb-3\"><span style=\"color: #000000;\">Control de acceso y Asistencia ASI3204E\u00a0<\/span><\/h4>\n<p><span style=\"color: #000000;\"><strong>Caracter\u00edsticas Principales<\/strong><\/span><\/p>\n<ul>\n<li class=\"ql-align-justify\"><span style=\"color: #000000;\"><strong>Pantalla:\u00a0<\/strong>LCD de 2,4 pulgadas con una resoluci\u00f3n de 320 (H)\u00d7240 (V).<\/span><\/li>\n<li class=\"ql-align-justify\"><span style=\"color: #000000;\"><strong>C\u00e1mara:<\/strong>\u00a0Doble lente CMOS de 2 MP con iluminaci\u00f3n IR y DWDR.<\/span><\/li>\n<li class=\"ql-align-justify\"><span style=\"color: #000000;\"><strong>M\u00e9todos de desbloqueo:\u00a0<\/strong>Incluidos reconocimiento facial, tarjeta IC, contrase\u00f1a y huella dactilar<\/span><\/li>\n<li class=\"ql-align-justify\"><span style=\"color: #000000;\"><strong>Capacidad:<\/strong>Admite 1000 usuarios, 1000 rostros, 3000 huellas dactilares, 3000 tarjetas, 1000 contrase\u00f1as, 50 administradores y 100 000 registros.<\/span><\/li>\n<li class=\"ql-align-justify\"><span style=\"color: #000000;\"><strong>Reconocimiento facial:\u00a0<\/strong>A una distancia de 0,3 m a 1,5 m (0,98 ft &#8211; 4,92 ft) con una precisi\u00f3n del 99,9 % y compara 1 rostro con N rostros a una velocidad de 0,2 segundos por persona.<\/span><\/li>\n<li class=\"ql-align-justify\"><span style=\"color: #000000;\"><strong>Admite:<\/strong>\u00a0M\u00f3dulos de extensi\u00f3n de seguridad para control de acceso, evitando que las puertas se abran a la fuerza.<\/span><\/li>\n<li class=\"ql-align-justify\"><span style=\"color: #000000;\"><strong>Gestiona:\u00a0<\/strong>La asistencia web y la exportaci\u00f3n de informes de asistencia locales<\/span><\/li>\n<\/ul>\n<h4><span style=\"color: #000000;\">Magnetr\u00f3n YM350WSPAK<\/span><\/h4>\n<p><span style=\"color: #000000;\"><strong>Caracter\u00edsticas principales:<\/strong><\/span><\/p>\n<ul>\n<li><span style=\"color: #000000;\">Tama\u00f1o del cuerpo de la cerradura &#8211; Longitud 227.5x ancho 52x espesor 28.5 (mm)<\/span><\/li>\n<li><span style=\"color: #000000;\">Tama\u00f1o de la placa de succi\u00f3n &#8211; Longitud 190x ancho 45x espesor 13.2 (mm)<\/span><\/li>\n<li><span style=\"color: #000000;\">Tracci\u00f3n m\u00e1xima &#8211; Tensi\u00f3n lineal de 350 kg (800 lb)<\/span><\/li>\n<li><span style=\"color: #000000;\">Voltaje de entrada &#8211; DC12V (DC24V ajustable)<\/span><\/li>\n<li><span style=\"color: #000000;\">Corriente de trabajo &#8211; 12V \/ 500mA (\u00b1 10%); 24V \/ 250mA (\u00b1 10%)<\/span><\/li>\n<li><span style=\"color: #000000;\">Tipo de puerta aplicable &#8211; Puerta de madera, puerta de cristal, puerta de metal, puerta cortafuego<\/span><\/li>\n<li><span style=\"color: #000000;\">Salida de se\u00f1al &#8211; Se\u00f1al de estado de bloqueo contacto NO COM<\/span><\/li>\n<li><span style=\"color: #000000;\">Temperatura de la superficie &#8211; Menos de temperatura ambiente + 20 \u2103<\/span><\/li>\n<li><span style=\"color: #000000;\">Temperatura aplicable -20 \u2103 ~ + 55 \u2103 (-4\u2014131 \u00b0 F)<\/span><\/li>\n<li><span style=\"color: #000000;\">Humedad aplicable &#8211; Protecci\u00f3n del medio ambiente galvanizado 0 ~ 90% de humedad relativa<\/span><\/li>\n<li><span style=\"color: #000000;\">Procesamiento de Shell &#8211; Revestimiento duro anodizado<\/span><\/li>\n<li><span style=\"color: #000000;\">Procesamiento del cuerpo de la cerradura &#8211; Protecci\u00f3n del medio ambiente galvanizado<\/span><\/li>\n<li><span style=\"color: #000000;\">Procesamiento de placa de succi\u00f3n &#8211; Protecci\u00f3n del medio ambiente galvanizado<\/span><\/li>\n<li><span style=\"color: #000000;\">Clasificaci\u00f3n a prueba de agua &#8211; IP-68<\/span><\/li>\n<li><span style=\"color: #000000;\">Peso del producto &#8211; 2.5kg<\/span><\/li>\n<\/ul>\n<h4 class=\"mb-3\"><span style=\"color: #000000;\">Bot\u00f3n de Salida ISK841BLED\u00a0<\/span><\/h4>\n<p><span style=\"color: #000000;\"><strong>Caracter\u00edsticas y Especificaciones<\/strong><\/span><\/p>\n<ul>\n<li><span style=\"color: #000000;\"><strong>Contactos de Salida<\/strong>: NO \/ NC \/ COM, con capacidad de 1A 30VCC.<\/span><\/li>\n<li><span style=\"color: #000000;\"><strong>Rango de Detecci\u00f3n<\/strong>: Activaci\u00f3n sin contacto, ajustable entre 4 y 12 cm.<\/span><\/li>\n<li><span style=\"color: #000000;\"><strong>Retardo de Tiempo<\/strong>: Ajustable entre 1 y 25 segundos.<\/span><\/li>\n<li><span style=\"color: #000000;\"><strong>Indicador LED<\/strong>: Estado de operaci\u00f3n visible, con luz roja para encendido (en espera) y luz verde para encendido (activaci\u00f3n).<\/span><\/li>\n<li><span style=\"color: #000000;\"><strong>Durabilidad<\/strong>: Probado para m\u00e1s de 1,000,000 de ciclos, asegurando confiabilidad y resistencia a largo plazo.<\/span><\/li>\n<li><span style=\"color: #000000;\"><strong>Dimensiones<\/strong>: 86 x 50 x 37.7 mm<\/span><\/li>\n<li><span style=\"color: #000000;\"><strong>Voltaje de Entrada<\/strong>: 12VCC<\/span><\/li>\n<li><span style=\"color: #000000;\"><strong>Temperatura de Funcionamiento<\/strong>: Desde -20 \u2103 hasta +55 \u2103 (14-131\u00b0F) y soporta una humedad relativa del 0% al 95%.<\/span><\/li>\n<li><span style=\"color: #000000;\"><strong>Dise\u00f1o y Material<\/strong>: Sin perno mec\u00e1nico y con panel de acero inoxidable de estilo elegante.<\/span><\/li>\n<li><span style=\"color: #000000;\"><strong>Peso<\/strong>: 0.18 kg.<\/span><\/li>\n<li><span style=\"color: #000000;\"><strong>Certificaciones<\/strong>: Cumple con normas CE-EMC, CE-LVD y FCC-VOC<\/span><\/li>\n<\/ul>\n<p>&nbsp;<\/p>\n<h3 id=\"product_title_176574\" class=\"titulo_vp\"><span style=\"color: #000000;\">Fuente de Alimentaci\u00f3n PS12DC4PBK<\/span><\/h3>\n<p><span style=\"color: #000000;\"><strong>Caracter\u00edsticas<\/strong><\/span><\/p>\n<ul class=\"list-group list-group-flush\">\n<li class=\"list-group-item\"><span style=\"color: #000000;\">Voltaje de salida :\u00a0<strong>11-15 Vcc<\/strong><\/span><\/li>\n<li class=\"list-group-item\"><span style=\"color: #000000;\">Salida de corriente total :<strong>\u00a05 A\u00a0<\/strong><\/span><\/li>\n<li class=\"list-group-item\"><span style=\"color: #000000;\">Salida de corriente m\u00e1xima por canal : 2 A<\/span><\/li>\n<li class=\"list-group-item\"><span style=\"color: #000000;\">Capacidad de bater\u00edas de respaldo en 12 Vcd<\/span><\/li>\n<li class=\"list-group-item\"><span style=\"color: #000000;\"><strong>No se incluye la bater\u00eda<\/strong><\/span><\/li>\n<\/ul>\n","protected":false},"excerpt":{"rendered":"<p>KIT COMPLETO DE CONTROL DE ACCESO Y ASISTENCIA con reconocimiento facial , Magnetr\u00f3n 350 kg\/800 Lb para uso en exteriores o interiores, Bot\u00f3n de salida sin Contacto, Indicador LED y Fuente de Alimentaci\u00f3n con Gabinete de 4 Salidas de 11 &#8211; 15 Vcc \/ 5 Amper (sin bater\u00eda de respaldo) &nbsp; Control de acceso y [&hellip;]<\/p>\n","protected":false},"featured_media":13079,"template":"","meta":{"_acf_changed":false},"product_brand":[],"product_cat":[96,99,98],"product_tag":[],"berocket_brand":[],"class_list":{"0":"post-13077","1":"product","2":"type-product","3":"status-publish","4":"has-post-thumbnail","6":"product_cat-control-de-acceso","7":"product_cat-control-de-asistencia","8":"product_cat-lector-biometrico","10":"first","11":"instock","12":"taxable","13":"shipping-taxable","14":"purchasable","15":"product-type-simple","16":"berocket_lgv_grid","17":"berocket_lgv_list_grid"},"acf":[],"aioseo_notices":[],"_links":{"self":[{"href":"https:\/\/todoenseguridad.com\/site\/wp-json\/wp\/v2\/product\/13077","targetHints":{"allow":["GET"]}}],"collection":[{"href":"https:\/\/todoenseguridad.com\/site\/wp-json\/wp\/v2\/product"}],"about":[{"href":"https:\/\/todoenseguridad.com\/site\/wp-json\/wp\/v2\/types\/product"}],"wp:featuredmedia":[{"embeddable":true,"href":"https:\/\/todoenseguridad.com\/site\/wp-json\/wp\/v2\/media\/13079"}],"wp:attachment":[{"href":"https:\/\/todoenseguridad.com\/site\/wp-json\/wp\/v2\/media?parent=13077"}],"wp:term":[{"taxonomy":"product_brand","embeddable":true,"href":"https:\/\/todoenseguridad.com\/site\/wp-json\/wp\/v2\/product_brand?post=13077"},{"taxonomy":"product_cat","embeddable":true,"href":"https:\/\/todoenseguridad.com\/site\/wp-json\/wp\/v2\/product_cat?post=13077"},{"taxonomy":"product_tag","embeddable":true,"href":"https:\/\/todoenseguridad.com\/site\/wp-json\/wp\/v2\/product_tag?post=13077"},{"taxonomy":"berocket_brand","embeddable":true,"href":"https:\/\/todoenseguridad.com\/site\/wp-json\/wp\/v2\/berocket_brand?post=13077"}],"curies":[{"name":"wp","href":"https:\/\/api.w.org\/{rel}","templated":true}]}}