{"id":13021,"date":"2025-03-14T11:09:14","date_gmt":"2025-03-14T16:09:14","guid":{"rendered":"https:\/\/todoenseguridad.com\/site\/?post_type=product&#038;p=13021"},"modified":"2026-03-30T12:18:08","modified_gmt":"2026-03-30T17:18:08","slug":"dhi-lm19-l200n-dahua-monitor-led-de-19-pulgadas-rendimiento-constante-24-7-hdmi-y-vga","status":"publish","type":"product","link":"https:\/\/todoenseguridad.com\/site\/producto\/dhi-lm19-l200n-dahua-monitor-led-de-19-pulgadas-rendimiento-constante-24-7-hdmi-y-vga\/","title":{"rendered":"DHI-LM19-L200N DAHUA\u00a0\u00a0Monitor Led de 19 Pulgadas\/ rendimiento constante 24\/7\/ HDMI y VGA"},"content":{"rendered":"<h3 id=\\\"title\\\"><span style=\\\"color: #0000ff\\\">DHI-LM19-L200N DAHUA\u00a0\u00a0Monitor Led de 19 Pulgadas ofrece calidad Full HD y un rendimiento constante 24\/7. Con entrada HDMI y VGA, tiempo de respuesta de 5ms y bajo consumo de energ\u00eda, es ideal para videovigilancia profesional<\/span><\/h3>\n<h4 class=\\\"card-title text-center\\\"><span style=\\\"color: #000000\\\">Informaci\u00f3n General<\/span><\/h4>\n<p class=\\\"ql-align-justify\\\"><span style=\\\"color: #000000\\\">El Monitor\u00a0<strong>DAHUA DHI-LM19-L200N<\/strong>\u00a0de 19\\\u00bb es una soluci\u00f3n ideal para videovigilancia, con una resoluci\u00f3n\u00a0<strong>Full HD<\/strong>\u00a0que asegura im\u00e1genes n\u00edtidas y detalladas. Dise\u00f1ado para funcionar las 24 horas del d\u00eda, los 7 d\u00edas de la semana, este monitor tiene un tiempo de respuesta de 5ms para una visualizaci\u00f3n fluida de movimientos r\u00e1pidos. Ofrece conectividad vers\u00e1til con entradas HDMI y VGA, facilitando su integraci\u00f3n con diversos sistemas de seguridad. Adem\u00e1s, su bajo consumo de energ\u00eda lo convierte en una opci\u00f3n eficiente y econ\u00f3mica para aplicaciones de videovigilancia prolongadas<\/span><\/p>\n<h4><span style=\\\"color: #000000\\\">Caracter\u00edsticas Principales<\/span><\/h4>\n<ul>\n<li class=\\\"ql-align-justify\\\"><span style=\\\"color: #000000\\\"><strong>Dise\u00f1o<\/strong>: Carcasa de pl\u00e1stico ligera y econ\u00f3mica, adecuada para funcionamiento continuo las 24 horas del d\u00eda, los 7 d\u00edas de la semana.<\/span><\/li>\n<li class=\\\"ql-align-justify\\\"><span style=\\\"color: #000000\\\"><strong>Procesamiento<\/strong>: Digital de alta fidelidad para obtener video brillante y v\u00edvido.<\/span><\/li>\n<li class=\\\"ql-align-justify\\\"><span style=\\\"color: #000000\\\"><strong>Tiempo de respuesta:\u00a0<\/strong>De 5 ms, sin im\u00e1genes borrosas ni efectos fantasmas.<\/span><\/li>\n<li class=\\\"ql-align-justify\\\"><span style=\\\"color: #000000\\\"><strong>Compatibilidad<\/strong>: Compatible con m\u00faltiples entradas de se\u00f1al, incluidas HDMI y VGA.<\/span><\/li>\n<li class=\\\"ql-align-justify\\\"><span style=\\\"color: #000000\\\"><strong>Consumo<\/strong>: Bajo consumo de energ\u00eda y larga vida \u00fatil<\/span><\/li>\n<\/ul>\n<h4><span style=\\\"color: #000000\\\">Especificaciones T\u00e9cnicas<\/span><\/h4>\n<ul>\n<li class=\\\"ql-align-justify\\\"><span style=\\\"color: #000000\\\"><strong>Pantalla<\/strong>: 19,5\\\u00bb.<\/span><\/li>\n<li class=\\\"ql-align-justify\\\"><span style=\\\"color: #000000\\\"><strong>Relaci\u00f3n de aspecto<\/strong>: 16:9<\/span><\/li>\n<li class=\\\"ql-align-justify\\\"><span style=\\\"color: #000000\\\"><strong>Resoluci\u00f3n:\u00a0<\/strong>1600 \u00d7 900<\/span><\/li>\n<li class=\\\"ql-align-justify\\\"><span style=\\\"color: #000000\\\"><strong>Brillo\/Luminancia:\u00a0<\/strong>250 cd\/\u33a1<\/span><\/li>\n<li class=\\\"ql-align-justify\\\"><span style=\\\"color: #000000\\\"><strong>\u00c1ngulo de visi\u00f3n:<\/strong>\u00a0Horizontal 90\u00b0, Vertical 65\u00b0<\/span><\/li>\n<li class=\\\"ql-align-justify\\\"><span style=\\\"color: #000000\\\"><strong>Tiempo de respuesta:\u00a0<\/strong>5 ms<\/span><\/li>\n<li class=\\\"ql-align-justify\\\"><span style=\\\"color: #000000\\\"><strong>Frecuencia de actualizaci\u00f3n:<\/strong>\u00a060 Hz<\/span><\/li>\n<li class=\\\"ql-align-justify\\\"><span style=\\\"color: #000000\\\"><strong>Fuente de alimentaci\u00f3n:\u00a0<\/strong>12V, 2A<\/span><\/li>\n<li class=\\\"ql-align-justify\\\"><span style=\\\"color: #000000\\\"><strong>Dimensiones<\/strong>: 464,8 mm \u00d7 283,5 mm \u00d7 48,3 mm<\/span><\/li>\n<li class=\\\"ql-align-justify\\\"><span style=\\\"color: #000000\\\"><strong>Puertos de entrada:<\/strong>\u00a0VGA y HDMI<\/span><\/li>\n<\/ul>\n<h4><span style=\\\"color: #000000\\\">Incluye<\/span><\/h4>\n<ul>\n<li class=\\\"ql-align-justify\\\"><span style=\\\"color: #000000\\\"><strong>x1\u00a0<\/strong>Monitor de 19\\\u00bb<\/span><\/li>\n<li class=\\\"ql-align-justify\\\"><span style=\\\"color: #000000\\\"><strong>x1\u00a0<\/strong>Adaptador de corriente<\/span><\/li>\n<li class=\\\"ql-align-justify\\\"><span style=\\\"color: #000000\\\"><strong>x1\u00a0<\/strong>base<\/span><\/li>\n<li class=\\\"ql-align-justify\\\"><span style=\\\"color: #000000\\\"><strong>x1\u00a0<\/strong>cable HDMI<\/span><\/li>\n<li class=\\\"ql-align-justify\\\"><span style=\\\"color: #000000\\\"><strong>x1\u00a0<\/strong>manual de usuario (c\u00f3digo QR)<\/span><\/li>\n<li class=\\\"ql-align-justify\\\"><span style=\\\"color: #000000\\\"><strong>x1\u00a0<\/strong>QSG<\/span><\/li>\n<li class=\\\"ql-align-justify\\\"><span style=\\\"color: #000000\\\"><strong>x1\u00a0<\/strong>informaci\u00f3n legal y reglamentaria<\/span><\/li>\n<\/ul>\n","protected":false},"excerpt":{"rendered":"<p>DHI-LM19-L200N DAHUA\u00a0\u00a0Monitor Led de 19 Pulgadas ofrece calidad Full HD y un rendimiento constante 24\/7. Con entrada HDMI y VGA, tiempo de respuesta de 5ms y bajo consumo de energ\u00eda, es ideal para videovigilancia profesional Informaci\u00f3n General El Monitor\u00a0DAHUA DHI-LM19-L200N\u00a0de 19\\\u00bb es una soluci\u00f3n ideal para videovigilancia, con una resoluci\u00f3n\u00a0Full HD\u00a0que asegura im\u00e1genes n\u00edtidas y [&hellip;]<\/p>\n","protected":false},"featured_media":13022,"template":"","meta":{"_acf_changed":false},"product_brand":[],"product_cat":[129,64,62,126],"product_tag":[],"berocket_brand":[],"class_list":{"0":"post-13021","1":"product","2":"type-product","3":"status-publish","4":"has-post-thumbnail","6":"product_cat-19-pulgadas-monitores-video-accesorios-camaras-ip","7":"product_cat-19-pulgadas","8":"product_cat-monitores-video","9":"product_cat-monitores-video-accesorios-camaras-ip","11":"first","12":"instock","13":"taxable","14":"shipping-taxable","15":"purchasable","16":"product-type-simple","17":"berocket_lgv_grid","18":"berocket_lgv_list_grid"},"acf":[],"aioseo_notices":[],"_links":{"self":[{"href":"https:\/\/todoenseguridad.com\/site\/wp-json\/wp\/v2\/product\/13021","targetHints":{"allow":["GET"]}}],"collection":[{"href":"https:\/\/todoenseguridad.com\/site\/wp-json\/wp\/v2\/product"}],"about":[{"href":"https:\/\/todoenseguridad.com\/site\/wp-json\/wp\/v2\/types\/product"}],"wp:featuredmedia":[{"embeddable":true,"href":"https:\/\/todoenseguridad.com\/site\/wp-json\/wp\/v2\/media\/13022"}],"wp:attachment":[{"href":"https:\/\/todoenseguridad.com\/site\/wp-json\/wp\/v2\/media?parent=13021"}],"wp:term":[{"taxonomy":"product_brand","embeddable":true,"href":"https:\/\/todoenseguridad.com\/site\/wp-json\/wp\/v2\/product_brand?post=13021"},{"taxonomy":"product_cat","embeddable":true,"href":"https:\/\/todoenseguridad.com\/site\/wp-json\/wp\/v2\/product_cat?post=13021"},{"taxonomy":"product_tag","embeddable":true,"href":"https:\/\/todoenseguridad.com\/site\/wp-json\/wp\/v2\/product_tag?post=13021"},{"taxonomy":"berocket_brand","embeddable":true,"href":"https:\/\/todoenseguridad.com\/site\/wp-json\/wp\/v2\/berocket_brand?post=13021"}],"curies":[{"name":"wp","href":"https:\/\/api.w.org\/{rel}","templated":true}]}}