{"id":13002,"date":"2025-03-11T16:30:06","date_gmt":"2025-03-11T21:30:06","guid":{"rendered":"https:\/\/todoenseguridad.com\/site\/?post_type=product&#038;p=13002"},"modified":"2026-03-23T10:53:23","modified_gmt":"2026-03-23T15:53:23","slug":"gwn7660lr-granstream-punto-de-acceso-para-exterior-con-administracion-desde-la-nube-gratuita","status":"publish","type":"product","link":"https:\/\/todoenseguridad.com\/site\/producto\/gwn7660lr-granstream-punto-de-acceso-para-exterior-con-administracion-desde-la-nube-gratuita\/","title":{"rendered":"GWN7660LR GRANSTREAM Punto de acceso para exterior\/ con administraci\u00f3n desde la nube gratuita"},"content":{"rendered":"<div class=\\\"row\\\">\n<h3 id=\\\"product_title_204683\\\" class=\\\"titulo_vp\\\"><span style=\\\"color: #0000ff\\\">GWN7660LR GRANSTREAM Punto de acceso para exterior Wi-Fi 6 802.11 ax 1.77 Gbps, MU-MIMO 2&#215;2:2 con administraci\u00f3n desde la nube gratuita o stand-alone.<\/span><\/h3>\n<\/div>\n<div class=\\\"row\\\">\n<h4><span style=\\\"color: #000000\\\">Acerca del GWN7660<\/span><\/h4>\n<p><span style=\\\"color: #000000\\\">El GWN7660LR es un punto de acceso Wi-Fi 6 802.11ax de largo alcance dise\u00f1ado para proporcionar cobertura de red de \u00faltima generaci\u00f3n para espacios interiores y exteriores. Cuenta con una carcasa impermeable con certificaci\u00f3n\u00a0IP66, tecnolog\u00eda MU-MIMO 2\u00d72:2 de doble banda y un sofisticado dise\u00f1o de antena para un alcance m\u00e1s amplio de\u00a0la cobertura de hasta 250 metros. El GWN7660LR es compatible con GWN.Cloud y GWN Manager, las plataformas de\u00a0gesti\u00f3n Wi-Fi en la nube y en sitio de Grandstream que hacen m\u00e1s f\u00e1cil que nunca la gesti\u00f3n de su red o varias redes en\u00a0m\u00faltiples ubicaciones. Utiliza tambi\u00e9n una arquitectura de gesti\u00f3n de redes sin controladores en donde el controlador\u00a0est\u00e1 integrado dentro de la interfaz de usuario web del producto para facilitar la gesti\u00f3n de los puntos de acceso Wi-Fi\u00a0localmente implementados. El GWN7660LR es el punto de acceso Wi-Fi ideal para implementaciones de voz sobre Wi-Fi y ofrece una conexi\u00f3n ininterrumpida con los tel\u00e9fonos IP de voz y video con capacidad Wi-Fi de Grandstream. Con\u00a0soporte para QoS avanzado, aplicaciones en tiempo real de baja latencia, redes mesh, portales cautivos y dos puertos de\u00a0red Gigabit con PoE\/PoE+, el GWN7660LR es un punto de acceso Wi-Fi exterior ideal para empresas, oficinas de m\u00faltiples\u00a0pisos, bodegas, parques, hospitales, escuelas y m\u00e1s<\/span><\/p>\n<div class=\\\"container\\\">\n<div class=\\\"col-sm-12\\\">\n<h4><span style=\\\"color: #000000\\\">Caracter\u00edsticas Competitivas<\/span><\/h4>\n<ul>\n<li><span style=\\\"color: #000000\\\">Rendimiento inal\u00e1mbrico agregado de 1,77 Gbps y 2 puertos Gigabit Ethernet<\/span><\/li>\n<li><span style=\\\"color: #000000\\\">2&#215;2: 2 MUMIMO de doble banda con tecnolog\u00eda DL \/ UL OFDMA<\/span><\/li>\n<li><span style=\\\"color: #000000\\\">Alcance de cobertura de hasta 250 metros<\/span><\/li>\n<li><span style=\\\"color: #000000\\\">Admite 256 dispositivos cliente Wi-Fi simult\u00e1neos<\/span><\/li>\n<li><span style=\\\"color: #000000\\\">QoS avanzada para garantizar el rendimiento en tiempo real de las aplicaciones de baja latencia<\/span><\/li>\n<li><span style=\\\"color: #000000\\\">Arranque seguro anti-pirater\u00eda y bloqueo de control \/ datos cr\u00edticos a trav\u00e9s de firmas digitales, certificado de seguridad \u00fanico \/ contrase\u00f1a predeterminada aleatoria por dispositivo<\/span><\/li>\n<li><span style=\\\"color: #000000\\\">Adaptaci\u00f3n de autoalimentaci\u00f3n tras la detecci\u00f3n autom\u00e1tica de PoE o PoE +<\/span><\/li>\n<li><span style=\\\"color: #000000\\\">El controlador integrado puede administrar hasta 50 AP locales de la serie GWN; GWN.Cloud ofrece administraci\u00f3n de AP ilimitada; GWN Manager ofrece un controlador de software basado en las instalaciones<\/span><\/li>\n<li><span style=\\\"color: #000000\\\"><strong>3 a\u00f1os de garant\u00eda.<\/strong><\/span><\/li>\n<\/ul>\n<\/div>\n<\/div>\n<div class=\\\"row\\\">\n<div class=\\\"col-xs-12\\\">\n<h4><span style=\\\"color: #000000\\\">Especificaciones t\u00e9cnicas<\/span><\/h4>\n<p><span style=\\\"color: #000000\\\">Est\u00e1ndares Wi-Fi: IEEE 802.11 a\/b\/g\/n\/ac\/ax<\/span><\/p>\n<\/div>\n<\/div>\n<\/div>\n<p><span style=\\\"color: #000000\\\">Antenas: 2 antenas externas de doble banda 2.4 GHz, ganancia 3.5dBi \/ 5 GHz, ganancia 3.5dBi<\/span><\/p>\n<p><span style=\\\"color: #000000\\\">Bandas de Frecuencia:\u00a0 Radio 2.4 GHz: 2412 &#8211; 2484 GHz\/Radio 5 GHz: 5180 &#8211; 5825 GHz<\/span><\/p>\n<p><span style=\\\"color: #000000\\\">Cobertura:\u00a0 Hasta 250 metros *El rango de cobertura puede variar seg\u00fan el entorno<\/span><\/p>\n<p><span style=\\\"color: #000000\\\">Seguridad Wi-Fi y del Sistema:WEP, WPA\/WPA2-PSK, WPA\/WPA2 Enterprise (TKIP\/AES); WPA3, arranque seguro anti-hackeo y bloqueo de seguridad de datos cr\u00edticos\/control por medio de firmas digitales, certificado de seguridad \u00fanico y contrase\u00f1a predeterminada aleatoria por dispositivo<\/span><\/p>\n<p><span style=\\\"color: #000000\\\">Clientes Concurrentes: 200+<\/span><\/p>\n<p><span style=\\\"color: #000000\\\">Interfaces de red: 2 puertos Ethernet de 10\/100\/1000Base-T con detecci\u00f3n autom\u00e1tica<\/span><\/p>\n<p><span style=\\\"color: #000000\\\">Contenido del paquete: Punto de Acceso inal\u00e1mbrico 802.11ax GWN7660LR, kits de montaje, Gu\u00eda de Inicio R\u00e1pido, NO INCLUYE POE<\/span><\/p>\n","protected":false},"excerpt":{"rendered":"<p>GWN7660LR GRANSTREAM Punto de acceso para exterior Wi-Fi 6 802.11 ax 1.77 Gbps, MU-MIMO 2&#215;2:2 con administraci\u00f3n desde la nube gratuita o stand-alone. Acerca del GWN7660 El GWN7660LR es un punto de acceso Wi-Fi 6 802.11ax de largo alcance dise\u00f1ado para proporcionar cobertura de red de \u00faltima generaci\u00f3n para espacios interiores y exteriores. Cuenta con [&hellip;]<\/p>\n","protected":false},"featured_media":13003,"template":"","meta":{"_acf_changed":false},"product_brand":[],"product_cat":[76,78,72],"product_tag":[],"berocket_brand":[],"class_list":{"0":"post-13002","1":"product","2":"type-product","3":"status-publish","4":"has-post-thumbnail","6":"product_cat-exterior","7":"product_cat-radio-2-4-5-8","8":"product_cat-redes-inalambricas","10":"first","11":"instock","12":"taxable","13":"shipping-taxable","14":"purchasable","15":"product-type-simple","16":"berocket_lgv_grid","17":"berocket_lgv_list_grid"},"acf":[],"aioseo_notices":[],"_links":{"self":[{"href":"https:\/\/todoenseguridad.com\/site\/wp-json\/wp\/v2\/product\/13002","targetHints":{"allow":["GET"]}}],"collection":[{"href":"https:\/\/todoenseguridad.com\/site\/wp-json\/wp\/v2\/product"}],"about":[{"href":"https:\/\/todoenseguridad.com\/site\/wp-json\/wp\/v2\/types\/product"}],"wp:featuredmedia":[{"embeddable":true,"href":"https:\/\/todoenseguridad.com\/site\/wp-json\/wp\/v2\/media\/13003"}],"wp:attachment":[{"href":"https:\/\/todoenseguridad.com\/site\/wp-json\/wp\/v2\/media?parent=13002"}],"wp:term":[{"taxonomy":"product_brand","embeddable":true,"href":"https:\/\/todoenseguridad.com\/site\/wp-json\/wp\/v2\/product_brand?post=13002"},{"taxonomy":"product_cat","embeddable":true,"href":"https:\/\/todoenseguridad.com\/site\/wp-json\/wp\/v2\/product_cat?post=13002"},{"taxonomy":"product_tag","embeddable":true,"href":"https:\/\/todoenseguridad.com\/site\/wp-json\/wp\/v2\/product_tag?post=13002"},{"taxonomy":"berocket_brand","embeddable":true,"href":"https:\/\/todoenseguridad.com\/site\/wp-json\/wp\/v2\/berocket_brand?post=13002"}],"curies":[{"name":"wp","href":"https:\/\/api.w.org\/{rel}","templated":true}]}}