{"id":12993,"date":"2025-03-06T11:00:43","date_gmt":"2025-03-06T16:00:43","guid":{"rendered":"https:\/\/todoenseguridad.com\/site\/?post_type=product&#038;p=12993"},"modified":"2026-03-23T10:56:31","modified_gmt":"2026-03-23T15:56:31","slug":"dhi-nvr4216-4ks3-dahua-nvr-de-8mp-16-canales-ip-smart-h-265","status":"publish","type":"product","link":"https:\/\/todoenseguridad.com\/site\/producto\/dhi-nvr4216-4ks3-dahua-nvr-de-8mp-16-canales-ip-smart-h-265\/","title":{"rendered":"DHI-NVR4216-4KS3\u00a0DAHUA \u00a0NVR de 8MP\/ 16 Canales IP\/ Smart H.265+"},"content":{"rendered":"<h3 id=\\\"title\\\"><span style=\\\"color: #0000ff\\\">DHI-NVR4216-4KS3\u00a0DAHUA \u00a0NVR de 8MP\/ 4k\/ 16 Canales IP\/ Rendimiento de 160 Mbps\/ Smart H.265+\/ 2 Bahias de Discos Duros\/ 4&amp;2 E&amp;S de Alarmas\/ HDMI&amp;VGA\/ Soporta C\u00e1maras WizSense\/ 4 canales SMD Plus<\/span><\/h3>\n<h4 class=\\\"card-title text-center\\\"><span style=\\\"color: #000000\\\">Informaci\u00f3n general<\/span><\/h4>\n<p class=\\\"ql-align-justify\\\"><span style=\\\"color: #000000\\\">Dahua NVR4000-4KS2\/L se presenta como el NVR de la serie Lite que admite tecnolog\u00eda de codificaci\u00f3n 4K y H.265 con un rendimiento excelente a un precio asequible. Para aplicaciones donde los detalles de la imagen son muy necesarios, ofrece la capacidad de procesamiento con resoluci\u00f3n 4K. El NVR puede funcionar como almacenamiento local, almacenamiento central o almacenamiento de respaldo con un men\u00fa de operaci\u00f3n de acceso directo intuitivo para administraci\u00f3n y control remotos<\/span><\/p>\n<h4 class=\\\"card-title text-center\\\"><span style=\\\"color: #000000\\\">Informaci\u00f3n general<\/span><\/h4>\n<p class=\\\"ql-align-justify\\\"><span style=\\\"color: #000000\\\">Dahua NVR4000-4KS2\/L se presenta como el NVR de la serie Lite que admite tecnolog\u00eda de codificaci\u00f3n 4K y H.265 con un rendimiento excelente a un precio asequible. Para aplicaciones donde los detalles de la imagen son muy necesarios, ofrece la capacidad de procesamiento con resoluci\u00f3n 4K. El NVR puede funcionar como almacenamiento local, almacenamiento central o almacenamiento de respaldo con un men\u00fa de operaci\u00f3n de acceso directo intuitivo para administraci\u00f3n y control remotos<\/span><\/p>\n<h4><span style=\\\"color: #000000\\\">Especificaciones T\u00e9cnicas<\/span><\/h4>\n<ul>\n<li class=\\\"ql-align-justify\\\"><span style=\\\"color: #000000\\\"><strong>Entrada de alarma:<\/strong>\u00a04 canales.<\/span><\/li>\n<li class=\\\"ql-align-justify\\\"><span style=\\\"color: #000000\\\"><strong>Salida de alarma:<\/strong>\u00a02 canales (salida de 1 canal 12 V 1 A).<\/span><\/li>\n<li class=\\\"ql-align-justify\\\"><span style=\\\"color: #000000\\\"><strong>Interfaz de disco:<\/strong>\u00a02 puertos SATA. Cada disco puede contener hasta 20 TB.<\/span><\/li>\n<li class=\\\"ql-align-justify\\\"><span style=\\\"color: #000000\\\"><strong>Fuente de alimentaci\u00f3n:<\/strong>\u00a012 VCC, 4 A.<\/span><\/li>\n<li class=\\\"ql-align-justify\\\"><span style=\\\"color: #000000\\\"><strong>Consumo de energ\u00eda:<\/strong>\u00a0La salida total del NVR es &lt;10 W (sin HDD).<\/span><\/li>\n<li class=\\\"ql-align-justify\\\"><span style=\\\"color: #000000\\\"><strong>Peso:<\/strong>\u00a01,49 kg.<\/span><\/li>\n<li class=\\\"ql-align-justify\\\"><span style=\\\"color: #000000\\\"><strong>Dimensiones del producto:<\/strong>\u00a0375,0 mm \u00d7 282,9 mm \u00d7 53,0 mm.<\/span><\/li>\n<li class=\\\"ql-align-justify\\\"><span style=\\\"color: #000000\\\"><strong>Dimensiones del embalaje:<\/strong>\u00a0433,0 mm \u00d7 141,0 mm \u00d7 366,0 mm.<\/span><\/li>\n<li class=\\\"ql-align-justify\\\"><span style=\\\"color: #000000\\\"><strong>Temperatura de funcionamiento:\u00a0<\/strong>\u2013 10\u00b0C a +55\u00b0C.<\/span><\/li>\n<li class=\\\"ql-align-justify\\\"><span style=\\\"color: #000000\\\"><strong>Temperatura de almacenamiento:<\/strong>\u00a0\u2013 20\u00b0C a +60\u00b0C<\/span><\/li>\n<\/ul>\n<h4><span style=\\\"color: #000000\\\">Incluye<\/span><\/h4>\n<ul>\n<li class=\\\"ql-align-justify\\\"><span style=\\\"color: #000000\\\">x1 NVR de 8MP\u00a0\u00a0<strong>DHI-NVR2116HS-I2.<\/strong><\/span><\/li>\n<li><span style=\\\"color: #000000\\\">x1\u00a0Manual de usuario.<\/span><\/li>\n<li><span style=\\\"color: #000000\\\">x1\u00a0P\u00f3liza de garant\u00eda.<\/span><\/li>\n<li><span style=\\\"color: #000000\\\">x1\u00a0Fuente de poder 12V.<\/span><\/li>\n<li><span style=\\\"color: #000000\\\">x1\u00a0Mouse.<\/span><\/li>\n<li><span style=\\\"color: #000000\\\">x1\u00a0Cable ethernet<\/span><\/li>\n<\/ul>\n","protected":false},"excerpt":{"rendered":"<p>DHI-NVR4216-4KS3\u00a0DAHUA \u00a0NVR de 8MP\/ 4k\/ 16 Canales IP\/ Rendimiento de 160 Mbps\/ Smart H.265+\/ 2 Bahias de Discos Duros\/ 4&amp;2 E&amp;S de Alarmas\/ HDMI&amp;VGA\/ Soporta C\u00e1maras WizSense\/ 4 canales SMD Plus Informaci\u00f3n general Dahua NVR4000-4KS2\/L se presenta como el NVR de la serie Lite que admite tecnolog\u00eda de codificaci\u00f3n 4K y H.265 con un rendimiento [&hellip;]<\/p>\n","protected":false},"featured_media":12994,"template":"","meta":{"_acf_changed":false},"product_brand":[],"product_cat":[94,91],"product_tag":[],"berocket_brand":[],"class_list":{"0":"post-12993","1":"product","2":"type-product","3":"status-publish","4":"has-post-thumbnail","6":"product_cat-16-canales-grabadoras-nvr-ip","7":"product_cat-grabadoras-nvr-ip","9":"first","10":"instock","11":"taxable","12":"shipping-taxable","13":"purchasable","14":"product-type-simple","15":"berocket_lgv_grid","16":"berocket_lgv_list_grid"},"acf":[],"aioseo_notices":[],"_links":{"self":[{"href":"https:\/\/todoenseguridad.com\/site\/wp-json\/wp\/v2\/product\/12993","targetHints":{"allow":["GET"]}}],"collection":[{"href":"https:\/\/todoenseguridad.com\/site\/wp-json\/wp\/v2\/product"}],"about":[{"href":"https:\/\/todoenseguridad.com\/site\/wp-json\/wp\/v2\/types\/product"}],"wp:featuredmedia":[{"embeddable":true,"href":"https:\/\/todoenseguridad.com\/site\/wp-json\/wp\/v2\/media\/12994"}],"wp:attachment":[{"href":"https:\/\/todoenseguridad.com\/site\/wp-json\/wp\/v2\/media?parent=12993"}],"wp:term":[{"taxonomy":"product_brand","embeddable":true,"href":"https:\/\/todoenseguridad.com\/site\/wp-json\/wp\/v2\/product_brand?post=12993"},{"taxonomy":"product_cat","embeddable":true,"href":"https:\/\/todoenseguridad.com\/site\/wp-json\/wp\/v2\/product_cat?post=12993"},{"taxonomy":"product_tag","embeddable":true,"href":"https:\/\/todoenseguridad.com\/site\/wp-json\/wp\/v2\/product_tag?post=12993"},{"taxonomy":"berocket_brand","embeddable":true,"href":"https:\/\/todoenseguridad.com\/site\/wp-json\/wp\/v2\/berocket_brand?post=12993"}],"curies":[{"name":"wp","href":"https:\/\/api.w.org\/{rel}","templated":true}]}}