{"id":12972,"date":"2025-03-03T12:17:41","date_gmt":"2025-03-03T17:17:41","guid":{"rendered":"https:\/\/todoenseguridad.com\/site\/?post_type=product&#038;p=12972"},"modified":"2026-03-30T15:15:05","modified_gmt":"2026-03-30T20:15:05","slug":"xvr1b04h-i-dahua-dvr-de-4-canales-5mp-h-265-busqueda-inteligente-de-humanos-y-vehiculos","status":"publish","type":"product","link":"https:\/\/todoenseguridad.com\/site\/producto\/xvr1b04h-i-dahua-dvr-de-4-canales-5mp-h-265-busqueda-inteligente-de-humanos-y-vehiculos\/","title":{"rendered":"XVR1B04H-I DAHUA DVR de 4 canales 5MP\/ H.265+\/ b\u00fasqueda inteligente de humanos y veh\u00edculos"},"content":{"rendered":"<h3 id=\\\"title\\\"><span style=\\\"color: #0000ff\\\">XVR1B04H-I DAHUA DVR de 4 canales 5MP Lite con WizSense y H.265+. Soporta 4 canales + 2 IP, o hasta 6 canales IP. Con SMD Plus y b\u00fasqueda inteligente de humanos y veh\u00edculos. 1 puerto SATA de hasta 6TB<\/span><\/h3>\n<h4 class=\\\"card-title text-center\\\"><span style=\\\"color: #000000\\\">Informaci\u00f3n General<\/span><\/h4>\n<p><span style=\\\"color: #000000\\\">El\u00a0<strong>XVR1B04H-I<\/strong>\u00a0es un\u00a0<strong>DVR\u00a0<\/strong>con\u00a0<strong>SMD Plus\u00a0<\/strong>que pertenece a la serie\u00a0<strong>WizSense<\/strong>\u00a0con\u00a0<strong>Inteligencia Artificial<\/strong>, est\u00e1 dise\u00f1ado para reducir las tasas de falsas alarmas y los costos de vigilancia humana, lo que brinda un gran valor a los clientes en busca de productos con alarma precisa para personas \/ veh\u00edculos para elevar el nivel de seguridad de varias instalaciones interiores y exteriores.\u00a0Este grabador soporta<strong>\u00a04\u00a0canales HDCVI 5MP Lite<\/strong>\u00a0m\u00e1s\u00a0<strong>2 canales IP<\/strong>\u00a0( 6Mp m\u00e1ximo )\u00a0<strong>4 canales SMD Plus<\/strong>\u00a0y una\u00a0codificaci\u00f3n inteligente\u00a0en sus 4 canales<\/span><\/p>\n<div class=\\\"row align-items-center padding-bottom-2x\\\">\n<div class=\\\"col-md-7 text-md-left text-center\\\">\n<h4><span style=\\\"color: #000000\\\">Principales Caracter\u00edsticas<\/span><\/h4>\n<ul>\n<li><span style=\\\"color: #000000\\\"><strong>Compresi\u00f3n H.265+ \/ H.265:<\/strong>\u00a0Eficiencia avanzada en almacenamiento y ancho de banda.<\/span><\/li>\n<li><span style=\\\"color: #000000\\\"><strong>Codificaci\u00f3n AI de canal completo:<\/strong>\u00a0Mejora la calidad de imagen y el an\u00e1lisis.<\/span><\/li>\n<li><span style=\\\"color: #000000\\\"><strong>Entradas de video:<\/strong>\u00a0Compatible con HDCVI, AHD, TVI, CVBS y IP.<\/span><\/li>\n<li><span style=\\\"color: #000000\\\"><strong>Soporta hasta 6 c\u00e1maras IP:<\/strong>\u00a0Resoluci\u00f3n de hasta 6 MP por canal, con ancho de banda m\u00e1ximo de 32 Mbps.<\/span><\/li>\n<li><span style=\\\"color: #000000\\\"><strong>Transmisi\u00f3n de hasta 4 canales SMD Plus:<\/strong>\u00a0Para b\u00fasqueda avanzada de eventos en canales anal\u00f3gicos.<\/span><\/li>\n<li><span style=\\\"color: #000000\\\"><strong>*Las inteligencias se pierden al colocar un canal IP<\/strong><\/span><\/li>\n<\/ul>\n<div class=\\\"row align-items-center padding-bottom-2x\\\">\n<div class=\\\"col-md-7 text-md-left text-center\\\">\n<h4><span style=\\\"color: #000000\\\">Especificaciones<\/span><\/h4>\n<ul>\n<li><span style=\\\"color: #000000\\\"><strong>Entrada de c\u00e1mara anal\u00f3gica:<\/strong>4 puertos BNC<\/span><\/li>\n<li><span style=\\\"color: #000000\\\"><strong>Entrada y salida de audio\u00a0<\/strong>RCA<\/span><\/li>\n<li><span style=\\\"color: #000000\\\"><strong>Interfaz monitor<\/strong>\u00a01 HDMI, 1 VGA<\/span><\/li>\n<li><span style=\\\"color: #000000\\\"><strong>Interfaz red<\/strong>\u00a01 puerto RJ-45<\/span><\/li>\n<li><span style=\\\"color: #000000\\\"><strong>Alimentaci\u00f3n:\u00a0<\/strong>12 VCC, 1,5 A<\/span><\/li>\n<li><span style=\\\"color: #000000\\\"><strong>Consumo de energ\u00eda:<\/strong>\u00a0&lt;4 W (sin disco duro)<\/span><\/li>\n<li><span style=\\\"color: #000000\\\"><strong>Puerto SATA:<\/strong>\u00a01 Puerto de hasta 6 TB de capacidad.<\/span><\/li>\n<li><span style=\\\"color: #000000\\\"><strong>Peso sin Disco Duro:<\/strong>\u00a00.55 kg<\/span><\/li>\n<li><span style=\\\"color: #000000\\\"><strong>Dimensiones:\u00a0<\/strong>197,0 mm \u00d7 203,1 mm \u00d7 41,5 mm<\/span><\/li>\n<li><span style=\\\"color: #000000\\\"><strong>Temperatura de funcionamiento:\u00a0<\/strong>\u2013 10 \u00b0C a +45 \u00b0C<\/span><\/li>\n<li><span style=\\\"color: #000000\\\"><strong>Humedad de funcionamiento:\u00a0<\/strong>10%\u201390%<\/span><\/li>\n<\/ul>\n<h4><span style=\\\"color: #000000\\\">Incluye<\/span><\/h4>\n<ul>\n<li><span style=\\\"color: #000000\\\">1x DVR<strong>\u00a0<\/strong><strong>DH-XVR1B04H-I<\/strong><\/span><\/li>\n<li><span style=\\\"color: #000000\\\">1x Fuente de alimentaci\u00f3n 12v \/ 1.5A<\/span><\/li>\n<li><span style=\\\"color: #000000\\\">1x Tornillos para montaje de HDD<\/span><\/li>\n<li><span style=\\\"color: #000000\\\">1x Mouse<\/span><\/li>\n<li><span style=\\\"color: #000000\\\">1x Cable SATA<\/span><\/li>\n<li><span style=\\\"color: #000000\\\">1x Manual de usuario<\/span><\/li>\n<li><span style=\\\"color: #000000\\\">1x P\u00f3liza de garant\u00eda<\/span><\/li>\n<\/ul>\n<\/div>\n<\/div>\n<\/div>\n<\/div>\n","protected":false},"excerpt":{"rendered":"<p>XVR1B04H-I DAHUA DVR de 4 canales 5MP Lite con WizSense y H.265+. Soporta 4 canales + 2 IP, o hasta 6 canales IP. Con SMD Plus y b\u00fasqueda inteligente de humanos y veh\u00edculos. 1 puerto SATA de hasta 6TB Informaci\u00f3n General El\u00a0XVR1B04H-I\u00a0es un\u00a0DVR\u00a0con\u00a0SMD Plus\u00a0que pertenece a la serie\u00a0WizSense\u00a0con\u00a0Inteligencia Artificial, est\u00e1 dise\u00f1ado para reducir las tasas [&hellip;]<\/p>\n","protected":false},"featured_media":12973,"template":"","meta":{"_acf_changed":false},"product_brand":[],"product_cat":[89,85],"product_tag":[],"berocket_brand":[],"class_list":{"0":"post-12972","1":"product","2":"type-product","3":"status-publish","4":"has-post-thumbnail","6":"product_cat-4-canales","7":"product_cat-grabadora-dvr-hdcvi-hd","9":"first","10":"instock","11":"taxable","12":"shipping-taxable","13":"purchasable","14":"product-type-simple","15":"berocket_lgv_grid","16":"berocket_lgv_list_grid"},"acf":[],"aioseo_notices":[],"_links":{"self":[{"href":"https:\/\/todoenseguridad.com\/site\/wp-json\/wp\/v2\/product\/12972","targetHints":{"allow":["GET"]}}],"collection":[{"href":"https:\/\/todoenseguridad.com\/site\/wp-json\/wp\/v2\/product"}],"about":[{"href":"https:\/\/todoenseguridad.com\/site\/wp-json\/wp\/v2\/types\/product"}],"wp:featuredmedia":[{"embeddable":true,"href":"https:\/\/todoenseguridad.com\/site\/wp-json\/wp\/v2\/media\/12973"}],"wp:attachment":[{"href":"https:\/\/todoenseguridad.com\/site\/wp-json\/wp\/v2\/media?parent=12972"}],"wp:term":[{"taxonomy":"product_brand","embeddable":true,"href":"https:\/\/todoenseguridad.com\/site\/wp-json\/wp\/v2\/product_brand?post=12972"},{"taxonomy":"product_cat","embeddable":true,"href":"https:\/\/todoenseguridad.com\/site\/wp-json\/wp\/v2\/product_cat?post=12972"},{"taxonomy":"product_tag","embeddable":true,"href":"https:\/\/todoenseguridad.com\/site\/wp-json\/wp\/v2\/product_tag?post=12972"},{"taxonomy":"berocket_brand","embeddable":true,"href":"https:\/\/todoenseguridad.com\/site\/wp-json\/wp\/v2\/berocket_brand?post=12972"}],"curies":[{"name":"wp","href":"https:\/\/api.w.org\/{rel}","templated":true}]}}