{"id":12882,"date":"2025-02-12T13:21:21","date_gmt":"2025-02-12T18:21:21","guid":{"rendered":"https:\/\/todoenseguridad.com\/site\/?post_type=product&#038;p=12882"},"modified":"2026-03-30T15:23:05","modified_gmt":"2026-03-30T20:23:05","slug":"hac-hdw1500clq-il-a-dahua-camara-domo-de-5mp-iluminacion-dual-106-grados-de-apertura","status":"publish","type":"product","link":"https:\/\/todoenseguridad.com\/site\/producto\/hac-hdw1500clq-il-a-dahua-camara-domo-de-5mp-iluminacion-dual-106-grados-de-apertura\/","title":{"rendered":"HAC-HDW1500CLQ-IL-A \u00a0DAHUA Camara Domo de 5MP\/ Iluminaci\u00f3n Dual\/ 106 Grados de Apertura\/"},"content":{"rendered":"<h3 id=\\\"title\\\"><span style=\\\"color: #0000ff\\\">HAC-HDW1500CLQ-IL-A \u00a0DAHUA Camara Domo de 5MP\/ Iluminaci\u00f3n Dual Inteligente + FullColor\/ Lente de 2.8 mm\/ 106 Grados de Apertura\/ 20 Metros de IR y Luz Visible\/ Microfono Integrado\/ IP67\/ Soporta: CVI\/CVBS\/AHD\/TVI<\/span><\/h3>\n<h4 class=\\\"card-title text-center\\\"><span style=\\\"color: #000000\\\">Informaci\u00f3n General<\/span><\/h4>\n<p class=\\\"ql-align-justify\\\"><span style=\\\"color: #000000\\\">La Serie Lite es una excelente opci\u00f3n para los consumidores que buscan productos de monitoreo de alta calidad a un precio razonable. Su bajo costo y alto rendimiento lo hacen ideal para \u00e1reas residenciales y soluciones para PYMES. Esta serie est\u00e1 equipada con una amplia gama de tecnolog\u00edas, como full color y starlight, proporcionando diversas soluciones para diferentes escenarios<\/span><\/p>\n<h4><span style=\\\"color: #000000\\\">Luz dual inteligente<\/span><\/h4>\n<p class=\\\"ql-align-justify\\\"><span style=\\\"color: #000000\\\">Con su mecanismo inteligente de luz dual, la c\u00e1mara enciende autom\u00e1ticamente la luz blanca cuando la funci\u00f3n Protecci\u00f3n perimetral\/SMD Plus de AI XVR detecta un objetivo en el \u00e1rea reglada para capturar im\u00e1genes claras y v\u00edvidas. Cuando el objetivo abandona el \u00e1rea reglamentada, la c\u00e1mara cambia autom\u00e1ticamente de la luz blanca a la luz IR para reducir significativamente la contaminaci\u00f3n lum\u00ednica<\/span><\/p>\n<h4><span style=\\\"color: #000000\\\">Protecci\u00f3n (IP67, amplio voltaje)<\/span><\/h4>\n<p class=\\\"ql-align-justify\\\"><span style=\\\"color: #000000\\\">IP67: la c\u00e1mara pas\u00f3 una serie de rigurosas pruebas de polvo e inmersi\u00f3n. Su carcasa es a prueba de polvo e impermeable y puede funcionar normalmente mientras se sumerge en agua a 1 m de profundidad durante hasta 30 minutos. Amplio voltaje: la c\u00e1mara tiene una tolerancia de voltaje de entrada de \u00b130 % (para algunas fuentes de alimentaci\u00f3n) y un amplio rango de voltaje, lo que la hace adecuada para una variedad de escenarios al aire libre<\/span><\/p>\n<h4><span style=\\\"color: #000000\\\">OSD en varios idiomas<\/span><\/h4>\n<p class=\\\"ql-align-justify\\\"><span style=\\\"color: #000000\\\">El OSD ofrece m\u00faltiples funciones para cumplir con los numerosos requisitos de una escena de monitoreo, como modo de retroiluminaci\u00f3n, modo d\u00eda\/noche, balance de blancos, m\u00e1scara de privacidad y detecci\u00f3n de movimiento. Hay 11 idiomas disponibles para OSD: chino, ingl\u00e9s, franc\u00e9s, alem\u00e1n, espa\u00f1ol, portugu\u00e9s, italiano, japon\u00e9s, coreano, ruso y polaco<\/span><\/p>\n<h4><span style=\\\"color: #000000\\\">Caracter\u00edsticas Principales<\/span><\/h4>\n<ul>\n<li class=\\\"ql-align-justify\\\"><span style=\\\"color: #000000\\\">M\u00e1ximo 25 fps a 5 MP (salida de v\u00eddeo 16:9).<\/span><\/li>\n<li class=\\\"ql-align-justify\\\"><span style=\\\"color: #000000\\\">Luz dual inteligente.<\/span><\/li>\n<li class=\\\"ql-align-justify\\\"><span style=\\\"color: #000000\\\">Distancia de iluminaci\u00f3n de 20 m.<\/span><\/li>\n<li class=\\\"ql-align-justify\\\"><span style=\\\"color: #000000\\\">S\u00faper Adaptaci\u00f3n.<\/span><\/li>\n<li class=\\\"ql-align-justify\\\"><span style=\\\"color: #000000\\\">Micr\u00f3fono incorporado.<\/span><\/li>\n<li class=\\\"ql-align-justify\\\"><span style=\\\"color: #000000\\\">El globo ocular de instalaci\u00f3n r\u00e1pida ahorra tiempo de instalaci\u00f3n.<\/span><\/li>\n<li class=\\\"ql-align-justify\\\"><span style=\\\"color: #000000\\\">Lente fija de 3,6 mm (2,8 mm opcional).<\/span><\/li>\n<li class=\\\"ql-align-justify\\\"><span style=\\\"color: #000000\\\">CVI\/CVBS\/AHD\/TVI conmutable.<\/span><\/li>\n<li class=\\\"ql-align-justify\\\"><span style=\\\"color: #000000\\\">IP67, 12 VCC<\/span><\/li>\n<\/ul>\n<h4><span style=\\\"color: #000000\\\">Especificaciones Tecnicas<\/span><\/h4>\n<ul>\n<li class=\\\"ql-align-justify\\\"><span style=\\\"color: #000000\\\">Salida de v\u00eddeo Opciones de salida de v\u00eddeo de CVI\/TVI\/AHD\/CVBS por uno<\/span><\/li>\n<li class=\\\"ql-align-justify\\\"><span style=\\\"color: #000000\\\">Puerto BNC<\/span><\/li>\n<li class=\\\"ql-align-justify\\\"><span style=\\\"color: #000000\\\">Entrada de audio Micr\u00f3fono incorporado de un canal<\/span><\/li>\n<li class=\\\"ql-align-justify\\\"><span style=\\\"color: #000000\\\">Fuente de alimentaci\u00f3n 12 VCC \u00b1 30%<\/span><\/li>\n<li class=\\\"ql-align-justify\\\"><span style=\\\"color: #000000\\\">Consumo de energ\u00eda m\u00e1x. 4,5 W (12 VCC, WLED encendido)<\/span><\/li>\n<li class=\\\"ql-align-justify\\\"><span style=\\\"color: #000000\\\">Temperatura de funcionamiento \u201340 \u00b0C a +55 \u00b0C (\u201340 \u00b0F a +131 \u00b0F)<\/span><\/li>\n<li class=\\\"ql-align-justify\\\"><span style=\\\"color: #000000\\\">Humedad de funcionamiento &lt;95% (RH), sin condensaci\u00f3n<\/span><\/li>\n<li class=\\\"ql-align-justify\\\"><span style=\\\"color: #000000\\\">Temperatura de almacenamiento \u201340 \u00b0C a +55 \u00b0C (\u201340 \u00b0F a +131 \u00b0F)<\/span><\/li>\n<li class=\\\"ql-align-justify\\\"><span style=\\\"color: #000000\\\">Humedad de almacenamiento &lt;95% (RH), sin condensaci\u00f3n<\/span><\/li>\n<li class=\\\"ql-align-justify\\\"><span style=\\\"color: #000000\\\">Protecci\u00f3n IP67<\/span><\/li>\n<li class=\\\"ql-align-justify\\\"><span style=\\\"color: #000000\\\">Material de la carcasa Pl\u00e1stico<\/span><\/li>\n<li class=\\\"ql-align-justify\\\"><span style=\\\"color: #000000\\\">Dimensiones del producto \u03c697,1 mm \u00d7 93,8 mm (\u03c63,82\\\u00bb \u00d7 3,69\\\u00bb)<\/span><\/li>\n<li class=\\\"ql-align-justify\\\"><span style=\\\"color: #000000\\\">Peso neto 0,19 kg (0,42 libras)<\/span><\/li>\n<li class=\\\"ql-align-justify\\\"><span style=\\\"color: #000000\\\">Peso bruto 0,3 kg (0,66 libras)<\/span><\/li>\n<li class=\\\"ql-align-justify\\\"><span style=\\\"color: #000000\\\">Instalaci\u00f3n Montaje en pared; montaje en techo; montaje en poste vertical<\/span><\/li>\n<\/ul>\n","protected":false},"excerpt":{"rendered":"<p>HAC-HDW1500CLQ-IL-A \u00a0DAHUA Camara Domo de 5MP\/ Iluminaci\u00f3n Dual Inteligente + FullColor\/ Lente de 2.8 mm\/ 106 Grados de Apertura\/ 20 Metros de IR y Luz Visible\/ Microfono Integrado\/ IP67\/ Soporta: CVI\/CVBS\/AHD\/TVI Informaci\u00f3n General La Serie Lite es una excelente opci\u00f3n para los consumidores que buscan productos de monitoreo de alta calidad a un precio razonable. [&hellip;]<\/p>\n","protected":false},"featured_media":12883,"template":"","meta":{"_acf_changed":false},"product_brand":[],"product_cat":[104,108,226],"product_tag":[],"berocket_brand":[],"class_list":{"0":"post-12882","1":"product","2":"type-product","3":"status-publish","4":"has-post-thumbnail","6":"product_cat-cctv-hdcvi","7":"product_cat-domo-cctv-hdcvi","8":"product_cat-camaras-de-seguridad-cctv-videovigilancia-hd","10":"first","11":"instock","12":"taxable","13":"shipping-taxable","14":"purchasable","15":"product-type-simple","16":"berocket_lgv_grid","17":"berocket_lgv_list_grid"},"acf":[],"aioseo_notices":[],"_links":{"self":[{"href":"https:\/\/todoenseguridad.com\/site\/wp-json\/wp\/v2\/product\/12882","targetHints":{"allow":["GET"]}}],"collection":[{"href":"https:\/\/todoenseguridad.com\/site\/wp-json\/wp\/v2\/product"}],"about":[{"href":"https:\/\/todoenseguridad.com\/site\/wp-json\/wp\/v2\/types\/product"}],"wp:featuredmedia":[{"embeddable":true,"href":"https:\/\/todoenseguridad.com\/site\/wp-json\/wp\/v2\/media\/12883"}],"wp:attachment":[{"href":"https:\/\/todoenseguridad.com\/site\/wp-json\/wp\/v2\/media?parent=12882"}],"wp:term":[{"taxonomy":"product_brand","embeddable":true,"href":"https:\/\/todoenseguridad.com\/site\/wp-json\/wp\/v2\/product_brand?post=12882"},{"taxonomy":"product_cat","embeddable":true,"href":"https:\/\/todoenseguridad.com\/site\/wp-json\/wp\/v2\/product_cat?post=12882"},{"taxonomy":"product_tag","embeddable":true,"href":"https:\/\/todoenseguridad.com\/site\/wp-json\/wp\/v2\/product_tag?post=12882"},{"taxonomy":"berocket_brand","embeddable":true,"href":"https:\/\/todoenseguridad.com\/site\/wp-json\/wp\/v2\/berocket_brand?post=12882"}],"curies":[{"name":"wp","href":"https:\/\/api.w.org\/{rel}","templated":true}]}}