{"id":12878,"date":"2025-02-12T13:07:55","date_gmt":"2025-02-12T18:07:55","guid":{"rendered":"https:\/\/todoenseguridad.com\/site\/?post_type=product&#038;p=12878"},"modified":"2026-03-30T15:25:06","modified_gmt":"2026-03-30T20:25:06","slug":"hac-hfw1509tmn-il-a-dahua-camara-bullet-de-5-mp-con-iluminador-dual-angulo-de-vision-de-111-microfono-integrado","status":"publish","type":"product","link":"https:\/\/todoenseguridad.com\/site\/producto\/hac-hfw1509tmn-il-a-dahua-camara-bullet-de-5-mp-con-iluminador-dual-angulo-de-vision-de-111-microfono-integrado\/","title":{"rendered":"HAC-HFW1509TMN-IL-A DAHUA C\u00e1mara Bullet de 5 MP con Iluminador Dual\/ \u00e1ngulo de visi\u00f3n de 111\u00b0\/ micr\u00f3fono integrado"},"content":{"rendered":"<h3 id=\"title\"><span style=\"color: #0000ff;\">HAC-HFW1509TMN-IL-A DAHUA C\u00e1mara Bullet de 5 MP con Iluminador Dual Inteligente y Full Color\/ Equipado con lente de 2.8 mm y un \u00e1ngulo de visi\u00f3n de 111\u00b0 y con micr\u00f3fono integrado\/ Ofrece iluminaci\u00f3n visible hasta 40 mts, WDR de 130 dB<\/span><\/h3>\n<h4><span style=\"color: #000000;\">Informaci\u00f3n general<\/span><\/h4>\n<p><span style=\"color: #000000;\">La serie Lite es una excelente opci\u00f3n para los consumidores que buscan productos de monitoreo de alta calidad a un precio razonable. Su bajo costo y alto rendimiento lo hacen ideal para \u00e1reas residenciales y soluciones para PYMES. Esta serie est\u00e1 equipada con una amplia gama de tecnolog\u00edas, como full-color y starlight, brindando diversas soluciones para diferentes escenarios<\/span><\/p>\n<h4><span style=\"color: #000000;\">3DNR avanzado<\/span><\/h4>\n<p><span style=\"color: #000000;\">La tecnolog\u00eda avanzada 3DNR de Dahua reduce el ruido de la imagen con poco o ning\u00fan impacto en la nitidez de la imagen, especialmente en condiciones de poca luz. Detecta el ruido y compara los cuadros secuenciales para reducir el ruido de manera efectiva. Tambi\u00e9n hace un uso eficiente del ancho de banda, ahorrando espacio de almacenamiento<\/span><\/p>\n<h4><span style=\"color: #000000;\">Amplio rango din\u00e1mico<\/span><\/h4>\n<p><span style=\"color: #000000;\">La tecnolog\u00eda avanzada 3DNR de Dahua reduce el ruido de la imagen con poco o ning\u00fan impacto en la nitidez de la imagen, especialmente en condiciones de poca luz. Detecta el ruido y compara los cuadros secuenciales para reducir el ruido de manera efectiva. Tambi\u00e9n hace un uso eficiente del ancho de banda, ahorrando espacio de almacenamiento<\/span><\/p>\n<h4><span style=\"color: #000000;\">4 Se\u00f1ales sobre 1 Cable Coaxial<\/span><\/h4>\n<p><span style=\"color: #000000;\">La tecnolog\u00eda HDCVI admite 4 se\u00f1ales (video, audio*, datos y alimentaci\u00f3n) que se transmiten simult\u00e1neamente a trav\u00e9s de un cable coaxial. La transmisi\u00f3n de datos bidireccional permite que la c\u00e1mara HDCVI interact\u00fae con el XVR para realizar diversas acciones, como enviar se\u00f1ales de control y activar alarmas. La tecnolog\u00eda HDCVI tambi\u00e9n es compatible con PoC, lo que hace que la c\u00e1mara sea f\u00e1cil y r\u00e1pida de instalar<\/span><\/p>\n<h4><span style=\"color: #000000;\">Caracter\u00edsticas Principales<\/span><\/h4>\n<p><span style=\"color: #000000;\"><strong>\u00b7\u00a0<\/strong>M\u00e1x. 25 fps@5MP (salida de video 16:9).<\/span><\/p>\n<p><span style=\"color: #000000;\"><strong>\u00b7\u00a0<\/strong>WDR real de 120 dB, 3D NR.<\/span><\/p>\n<p><span style=\"color: #000000;\"><strong>\u00b7\u00a0<\/strong>Iluminadores duales inteligentes.<\/span><\/p>\n<p><span style=\"color: #000000;\"><strong>\u00b7\u00a0<\/strong>Distancia de iluminaci\u00f3n de 40 m.<\/span><\/p>\n<p><span style=\"color: #000000;\"><strong>\u00b7\u00a0<\/strong>S\u00faper Adaptado.<\/span><\/p>\n<p><span style=\"color: #000000;\"><strong>\u00b7\u00a0<\/strong>CVI\/CVBS\/AHD\/TVI conmutable.<\/span><\/p>\n<p><span style=\"color: #000000;\"><strong>\u00b7\u00a0<\/strong>IP67, 12 V CC<\/span><\/p>\n<h4><span style=\"color: #000000;\">Especificaciones T\u00e9cnicas<\/span><\/h4>\n<ul>\n<li><span style=\"color: #000000;\">CMOS de 5 MP<\/span><\/li>\n<li><span style=\"color: #000000;\">M\u00e1x. Resoluci\u00f3n: 2880 (H) x 1620 (v)<\/span><\/li>\n<li><span style=\"color: #000000;\">Sistema de escaneo progresivo<\/span><\/li>\n<li><span style=\"color: #000000;\">Velocidad de obturaci\u00f3n electr\u00f3nica:\u00a0PAL: 1\/3 s\u20131\/100000 s NTSC: 1\/4 s\u20131\/100000 s\u00a0<\/span><\/li>\n<li><span style=\"color: #000000;\">M\u00edn. Iluminaci\u00f3n: 0,001 lux a F1,0 (color, 30 IRE) 0,0001 lux a F1,0 (B\/N, 30 IRE) 0 lux (iluminador encendido)<\/span><\/li>\n<li><span style=\"color: #000000;\">Relaci\u00f3n se\u00f1al\/ruido &gt;65 dB<\/span><\/li>\n<li><span style=\"color: #000000;\">Distancia de iluminaci\u00f3n:IR: 40 m (131,23 pies) Luz c\u00e1lida: 40 m (131,23 pies)<\/span><\/li>\n<\/ul>\n","protected":false},"excerpt":{"rendered":"<p>HAC-HFW1509TMN-IL-A DAHUA C\u00e1mara Bullet de 5 MP con Iluminador Dual Inteligente y Full Color\/ Equipado con lente de 2.8 mm y un \u00e1ngulo de visi\u00f3n de 111\u00b0 y con micr\u00f3fono integrado\/ Ofrece iluminaci\u00f3n visible hasta 40 mts, WDR de 130 dB Informaci\u00f3n general La serie Lite es una excelente opci\u00f3n para los consumidores que buscan [&hellip;]<\/p>\n","protected":false},"featured_media":12879,"template":"","meta":{"_acf_changed":false},"product_brand":[],"product_cat":[107,104,226],"product_tag":[],"berocket_brand":[],"class_list":{"0":"post-12878","1":"product","2":"type-product","3":"status-publish","4":"has-post-thumbnail","6":"product_cat-bullet-cctv-hdcvi","7":"product_cat-cctv-hdcvi","8":"product_cat-camaras-de-seguridad-cctv-videovigilancia-hd","10":"first","11":"instock","12":"taxable","13":"shipping-taxable","14":"purchasable","15":"product-type-simple","16":"berocket_lgv_grid","17":"berocket_lgv_list_grid"},"acf":[],"aioseo_notices":[],"_links":{"self":[{"href":"https:\/\/todoenseguridad.com\/site\/wp-json\/wp\/v2\/product\/12878","targetHints":{"allow":["GET"]}}],"collection":[{"href":"https:\/\/todoenseguridad.com\/site\/wp-json\/wp\/v2\/product"}],"about":[{"href":"https:\/\/todoenseguridad.com\/site\/wp-json\/wp\/v2\/types\/product"}],"wp:featuredmedia":[{"embeddable":true,"href":"https:\/\/todoenseguridad.com\/site\/wp-json\/wp\/v2\/media\/12879"}],"wp:attachment":[{"href":"https:\/\/todoenseguridad.com\/site\/wp-json\/wp\/v2\/media?parent=12878"}],"wp:term":[{"taxonomy":"product_brand","embeddable":true,"href":"https:\/\/todoenseguridad.com\/site\/wp-json\/wp\/v2\/product_brand?post=12878"},{"taxonomy":"product_cat","embeddable":true,"href":"https:\/\/todoenseguridad.com\/site\/wp-json\/wp\/v2\/product_cat?post=12878"},{"taxonomy":"product_tag","embeddable":true,"href":"https:\/\/todoenseguridad.com\/site\/wp-json\/wp\/v2\/product_tag?post=12878"},{"taxonomy":"berocket_brand","embeddable":true,"href":"https:\/\/todoenseguridad.com\/site\/wp-json\/wp\/v2\/berocket_brand?post=12878"}],"curies":[{"name":"wp","href":"https:\/\/api.w.org\/{rel}","templated":true}]}}