{"id":12846,"date":"2025-02-11T12:08:18","date_gmt":"2025-02-11T17:08:18","guid":{"rendered":"https:\/\/todoenseguridad.com\/site\/?post_type=product&#038;p=12846"},"modified":"2026-03-23T11:25:45","modified_gmt":"2026-03-23T16:25:45","slug":"dhi-itc413-pw4d-z1-dahua-camara-ip-lpr-4-mp-con-lente-motorizado-lectura-de-placas-hasta-80-km-h","status":"publish","type":"product","link":"https:\/\/todoenseguridad.com\/site\/producto\/dhi-itc413-pw4d-z1-dahua-camara-ip-lpr-4-mp-con-lente-motorizado-lectura-de-placas-hasta-80-km-h\/","title":{"rendered":"DHI-ITC413-PW4D-Z1 DAHUA C\u00e1mara IP LPR 4 MP con lente motorizado\/ lectura de placas hasta 80 km\/h"},"content":{"rendered":"<h3 id=\\\"title\\\"><span style=\\\"color: #0000ff\\\">DHI-ITC413-PW4D-Z1 DAHUA C\u00e1mara IP LPR 4 MP con lente motorizado 2.7-12mm y 4 iluminadores de 10m\/ Incluye IA WizMind\/ lectura de placas hasta 80 km\/h\/ detecci\u00f3n de veh\u00edculos (tipo, color, marca)\/ PoE\/ WDR\/ H.265\/ IP67\/ E\/S de alarma y audio<\/span><\/h3>\n<h3 class=\\\"card-title text-center\\\"><span style=\\\"color: #000000\\\">Informaci\u00f3n General<\/span><\/h3>\n<p class=\\\"ql-align-justify\\\"><span style=\\\"color: #000000\\\">La c\u00e1mara IP LPR\u00a0<strong>DAHUA DHI-ITC413-PW4D-Z1<\/strong>\u00a0ofrece vigilancia avanzada con resoluci\u00f3n de 4 MP y lente motorizado de 2.7 a 12 mm, proporcionando im\u00e1genes n\u00edtidas hasta 10 metros de noche. Equipada con tecnolog\u00eda\u00a0<strong>IA WizMind<\/strong>, lee placas a hasta 80 km\/h y detecta veh\u00edculos por tipo, color y marca. Su instalaci\u00f3n es simplificada con\u00a0<strong>PoE<\/strong>, que combina datos y energ\u00eda en un solo cable. La c\u00e1mara cuenta con\u00a0<strong>WDR\u00a0<\/strong>para visibilidad en condiciones de iluminaci\u00f3n variables y compresi\u00f3n H.265 para ahorrar espacio de almacenamiento. Con clasificaci\u00f3n IP67, es resistente al agua y al polvo, y tiene entradas\/salidas de alarma y audio<\/span><\/p>\n<div class=\\\"row align-items-center padding-bottom-2x\\\">\n<div class=\\\"col-md-7 text-md-left text-center\\\">\n<h3><span style=\\\"color: #000000\\\">Caracter\u00edsticas Principales<\/span><\/h3>\n<ul>\n<li class=\\\"ql-align-justify\\\"><span style=\\\"color: #000000\\\"><strong>Procesador y sensor de imagen:\u00a0<\/strong>CMOS de alto rendimiento que admite la extracci\u00f3n continua de metadatos las 24 horas del d\u00eda, los 7 d\u00edas de la semana<\/span><\/li>\n<li class=\\\"ql-align-justify\\\"><span style=\\\"color: #000000\\\"><strong>Adopta<\/strong>: Algoritmos inteligentes de aprendizaje profundo y admite el reconocimiento de veh\u00edculos sin licencia y el tipo, marca y color de los veh\u00edculos<\/span><\/li>\n<li class=\\\"ql-align-justify\\\"><span style=\\\"color: #000000\\\"><strong>LED:\u00a0<\/strong>integrado para una instalaci\u00f3n y puesta en marcha simplificadas.<\/span><\/li>\n<li class=\\\"ql-align-justify\\\"><span style=\\\"color: #000000\\\"><strong>Estructura:<\/strong>\u00a0Todo en uno con caja de conexiones y soporte y tambi\u00e9n es de bajo consumo de energ\u00eda.<\/span><\/li>\n<li class=\\\"ql-align-justify\\\"><span style=\\\"color: #000000\\\">Bajo consumo de energ\u00eda.<\/span><\/li>\n<li class=\\\"ql-align-justify\\\"><span style=\\\"color: #000000\\\"><strong>Admite:<\/strong>\u00a0Detecci\u00f3n de intrusiones y merodeos y activa alarmas de luz y voz cuando ocurren eventos en el per\u00edmetro para disuadir activamente a los objetivos.<\/span><\/li>\n<li class=\\\"ql-align-justify\\\"><span style=\\\"color: #000000\\\"><strong>Clasificaci\u00f3n:\u00a0<\/strong>IP67\u00a0e\u00a0IK10.<\/span><\/li>\n<\/ul>\n<h3><span style=\\\"color: #000000\\\">Especificaciones T\u00e9cnicas<\/span><\/h3>\n<ul>\n<li class=\\\"ql-align-justify\\\"><span style=\\\"color: #000000\\\"><strong>Sensor de imagen:<\/strong>\u00a0CMOS de 1\/1,8\\\u00bb<\/span><\/li>\n<li class=\\\"ql-align-justify\\\"><span style=\\\"color: #000000\\\"><strong>Fuente de alimentaci\u00f3n:<\/strong>\u00a012 V CC, 2 A y\u00a0<u>POE:<\/u>\u00a0802.3at, Tipo 2, Clase 4, (44 V a 57 V), 0,455 A a 0,351 A, m\u00e1x. 20 W<\/span><\/li>\n<li class=\\\"ql-align-justify\\\"><span style=\\\"color: #000000\\\"><strong>Consumo de energ\u00eda:<\/strong>\u00a0<em>Sin iluminaci\u00f3n<\/em>\u00a0&lt; 6 W;\u00a0<em>Iluminaci\u00f3n<\/em>\u00a0&lt;12W;\u00a0<em>Advertencia de altavoz y luz roja\/azul encendida<\/em>\u00a0&lt; 17 W<\/span><\/li>\n<li class=\\\"ql-align-justify\\\"><span style=\\\"color: #000000\\\"><strong>Material:<\/strong>\u00a0Aleaci\u00f3n de aluminio + pl\u00e1stico<\/span><\/li>\n<li class=\\\"ql-align-justify\\\"><span style=\\\"color: #000000\\\"><strong>Dimensiones:<\/strong>\u00a0396,0 mm \u00d7 120,8 mm \u00d7 127,8 mm<\/span><\/li>\n<li class=\\\"ql-align-justify\\\"><span style=\\\"color: #000000\\\"><strong>Peso:<\/strong>\u00a02.3kg<\/span><\/li>\n<li class=\\\"ql-align-justify\\\"><span style=\\\"color: #000000\\\"><strong>Temperatura de funcionamiento:<\/strong>\u00a0-30 \u00b0C a +65 \u00b0C (\u201322 \u00b0F a +149 \u00b0F)<\/span><\/li>\n<li class=\\\"ql-align-justify\\\"><span style=\\\"color: #000000\\\"><strong>Humedad de funcionamiento:<\/strong>\u00a010%\u201390% (sin condensaci\u00f3n)<\/span><\/li>\n<\/ul>\n<h3><span style=\\\"color: #000000\\\">Incluye<\/span><\/h3>\n<ul>\n<li class=\\\"ql-align-justify\\\"><span style=\\\"color: #000000\\\">Manual de Usuario<\/span><\/li>\n<li class=\\\"ql-align-justify\\\"><span style=\\\"color: #000000\\\">P\u00f3liza de Seguro<\/span><\/li>\n<\/ul>\n<\/div>\n<\/div>\n","protected":false},"excerpt":{"rendered":"<p>DHI-ITC413-PW4D-Z1 DAHUA C\u00e1mara IP LPR 4 MP con lente motorizado 2.7-12mm y 4 iluminadores de 10m\/ Incluye IA WizMind\/ lectura de placas hasta 80 km\/h\/ detecci\u00f3n de veh\u00edculos (tipo, color, marca)\/ PoE\/ WDR\/ H.265\/ IP67\/ E\/S de alarma y audio Informaci\u00f3n General La c\u00e1mara IP LPR\u00a0DAHUA DHI-ITC413-PW4D-Z1\u00a0ofrece vigilancia avanzada con resoluci\u00f3n de 4 MP y [&hellip;]<\/p>\n","protected":false},"featured_media":12847,"template":"","meta":{"_acf_changed":false},"product_brand":[],"product_cat":[52,51,226],"product_tag":[],"berocket_brand":[],"class_list":{"0":"post-12846","1":"product","2":"type-product","3":"status-publish","4":"has-post-thumbnail","6":"product_cat-bullet","7":"product_cat-camaras-i-p","8":"product_cat-camaras-de-seguridad-cctv-videovigilancia-hd","10":"first","11":"instock","12":"taxable","13":"shipping-taxable","14":"purchasable","15":"product-type-simple","16":"berocket_lgv_grid","17":"berocket_lgv_list_grid"},"acf":[],"aioseo_notices":[],"_links":{"self":[{"href":"https:\/\/todoenseguridad.com\/site\/wp-json\/wp\/v2\/product\/12846","targetHints":{"allow":["GET"]}}],"collection":[{"href":"https:\/\/todoenseguridad.com\/site\/wp-json\/wp\/v2\/product"}],"about":[{"href":"https:\/\/todoenseguridad.com\/site\/wp-json\/wp\/v2\/types\/product"}],"wp:featuredmedia":[{"embeddable":true,"href":"https:\/\/todoenseguridad.com\/site\/wp-json\/wp\/v2\/media\/12847"}],"wp:attachment":[{"href":"https:\/\/todoenseguridad.com\/site\/wp-json\/wp\/v2\/media?parent=12846"}],"wp:term":[{"taxonomy":"product_brand","embeddable":true,"href":"https:\/\/todoenseguridad.com\/site\/wp-json\/wp\/v2\/product_brand?post=12846"},{"taxonomy":"product_cat","embeddable":true,"href":"https:\/\/todoenseguridad.com\/site\/wp-json\/wp\/v2\/product_cat?post=12846"},{"taxonomy":"product_tag","embeddable":true,"href":"https:\/\/todoenseguridad.com\/site\/wp-json\/wp\/v2\/product_tag?post=12846"},{"taxonomy":"berocket_brand","embeddable":true,"href":"https:\/\/todoenseguridad.com\/site\/wp-json\/wp\/v2\/berocket_brand?post=12846"}],"curies":[{"name":"wp","href":"https:\/\/api.w.org\/{rel}","templated":true}]}}