{"id":12753,"date":"2024-10-15T16:05:27","date_gmt":"2024-10-15T21:05:27","guid":{"rendered":"https:\/\/todoenseguridad.com\/site\/?post_type=product&#038;p=12753"},"modified":"2024-10-15T16:05:27","modified_gmt":"2024-10-15T21:05:27","slug":"cs-bc1c-k-ezviz-kit-de-camara-de-bateria-recargable-wifi-memoria-interna-de-32-gb","status":"publish","type":"product","link":"https:\/\/todoenseguridad.com\/site\/producto\/cs-bc1c-k-ezviz-kit-de-camara-de-bateria-recargable-wifi-memoria-interna-de-32-gb\/","title":{"rendered":"CS-BC1C\/K EZVIZ Kit de Camara de Bater\u00eda Recargable\/ WiFi \/ Memoria Interna de 32 GB"},"content":{"rendered":"<div class=\"row\">\n<h2 id=\"product_title_211292\" class=\"titulo_vp\"><span style=\"color: #0000ff;\"><span id=\"modelo_c\" class=\"fw-bold text-azulmarino\">CS-BC1C\/K<\/span> EZVIZ Kit de Camara de Bater\u00eda Recargable (No Cables) \/ WiFi \/ Memoria Interna de 32 GB \/ Incluye 1 pieza de CS-BC1C y 1 Pieza de CS-CMT-SOLARPANEL-C<\/span><\/h2>\n<div class=\"col-sm-4\">\n<div><span style=\"color: #000000;\"><strong>Caracter\u00edsticas principales:<\/strong><\/span><span style=\"color: #000000;\"><strong>El kit incluye:<\/strong><\/span><\/p>\n<ul>\n<li><span style=\"color: #000000;\">1 C\u00e1mara<strong> CS-BC1C<\/strong><\/span><\/li>\n<li><span style=\"color: #000000;\">1 Panel solar\u00a0<strong>CS-CMT-SOLARPANEL-C<\/strong><\/span><\/li>\n<li><span style=\"color: #000000;\"><strong>1 a\u00f1o de garant\u00eda.<\/strong><\/span><\/li>\n<\/ul>\n<div class=\"col-sm-4\">\n<p><span style=\"color: #000000;\"><strong>Caracter\u00edsticas F\u00edsicas y El\u00e9ctricas:<\/strong><\/span><\/p>\n<ul>\n<li><span style=\"color: #000000;\">Alimentaci\u00f3n de la c\u00e1mara: 5 Vcc \/ 5W<\/span><\/li>\n<li><span style=\"color: #000000;\">Material Metal.\u00a0<\/span><\/li>\n<li><span style=\"color: #000000;\"><strong>La c\u00e1mara solo incluye cable USB, fuente recomendada PLUSB1000V<\/strong><\/span><\/li>\n<li><span style=\"color: #000000;\"><strong>El cable del panel solar es de 4 metros para conexion a la c\u00e1mara<\/strong><\/span><\/li>\n<\/ul>\n<div class=\"col-sm-4\">\n<div><span style=\"color: #000000;\"><strong>Caracter\u00edsticas Destacadas:<\/strong><\/span><\/p>\n<ul>\n<li><span style=\"color: #000000;\">Soporta grabaci\u00f3n en nube de EZVIZ (el cobro se realiza directo en la aplicaci\u00f3n EZVIZ).<\/span><\/li>\n<\/ul>\n<p><span style=\"color: #000000;\"><strong>Notas:\u00a0<\/strong><\/span><\/p>\n<ul>\n<li><span style=\"color: #000000;\">Configuraci\u00f3n \u00fanicamente mediante aplicaci\u00f3n EZVIZ<\/span><\/li>\n<li><span style=\"color: #000000;\">No es compatible con DVR\/NVR<\/span><\/li>\n<\/ul>\n<\/div>\n<\/div>\n<\/div>\n<\/div>\n<\/div>\n<\/div>\n","protected":false},"excerpt":{"rendered":"<p>CS-BC1C\/K EZVIZ Kit de Camara de Bater\u00eda Recargable (No Cables) \/ WiFi \/ Memoria Interna de 32 GB \/ Incluye 1 pieza de CS-BC1C y 1 Pieza de CS-CMT-SOLARPANEL-C Caracter\u00edsticas principales:El kit incluye: 1 C\u00e1mara CS-BC1C 1 Panel solar\u00a0CS-CMT-SOLARPANEL-C 1 a\u00f1o de garant\u00eda. Caracter\u00edsticas F\u00edsicas y El\u00e9ctricas: Alimentaci\u00f3n de la c\u00e1mara: 5 Vcc \/ 5W [&hellip;]<\/p>\n","protected":false},"featured_media":12754,"template":"","meta":{"_acf_changed":false},"product_brand":[],"product_cat":[52,51,226],"product_tag":[],"berocket_brand":[],"class_list":{"0":"post-12753","1":"product","2":"type-product","3":"status-publish","4":"has-post-thumbnail","6":"product_cat-bullet","7":"product_cat-camaras-i-p","8":"product_cat-camaras-de-seguridad-cctv-videovigilancia-hd","10":"first","11":"instock","12":"taxable","13":"shipping-taxable","14":"purchasable","15":"product-type-simple","16":"berocket_lgv_grid","17":"berocket_lgv_list_grid"},"acf":[],"aioseo_notices":[],"_links":{"self":[{"href":"https:\/\/todoenseguridad.com\/site\/wp-json\/wp\/v2\/product\/12753","targetHints":{"allow":["GET"]}}],"collection":[{"href":"https:\/\/todoenseguridad.com\/site\/wp-json\/wp\/v2\/product"}],"about":[{"href":"https:\/\/todoenseguridad.com\/site\/wp-json\/wp\/v2\/types\/product"}],"wp:featuredmedia":[{"embeddable":true,"href":"https:\/\/todoenseguridad.com\/site\/wp-json\/wp\/v2\/media\/12754"}],"wp:attachment":[{"href":"https:\/\/todoenseguridad.com\/site\/wp-json\/wp\/v2\/media?parent=12753"}],"wp:term":[{"taxonomy":"product_brand","embeddable":true,"href":"https:\/\/todoenseguridad.com\/site\/wp-json\/wp\/v2\/product_brand?post=12753"},{"taxonomy":"product_cat","embeddable":true,"href":"https:\/\/todoenseguridad.com\/site\/wp-json\/wp\/v2\/product_cat?post=12753"},{"taxonomy":"product_tag","embeddable":true,"href":"https:\/\/todoenseguridad.com\/site\/wp-json\/wp\/v2\/product_tag?post=12753"},{"taxonomy":"berocket_brand","embeddable":true,"href":"https:\/\/todoenseguridad.com\/site\/wp-json\/wp\/v2\/berocket_brand?post=12753"}],"curies":[{"name":"wp","href":"https:\/\/api.w.org\/{rel}","templated":true}]}}