{"id":12702,"date":"2024-10-07T18:15:00","date_gmt":"2024-10-07T23:15:00","guid":{"rendered":"https:\/\/todoenseguridad.com\/site\/?post_type=product&#038;p=12702"},"modified":"2026-03-23T12:15:08","modified_gmt":"2026-03-23T17:15:08","slug":"gwn-7602-punto-de-acceso-wi-fi-802-11-ac-1-17-gbps-con-switch-ethernet","status":"publish","type":"product","link":"https:\/\/todoenseguridad.com\/site\/producto\/gwn-7602-punto-de-acceso-wi-fi-802-11-ac-1-17-gbps-con-switch-ethernet\/","title":{"rendered":"GWN-7602 Punto de Acceso Wi-Fi 802.11 ac, 1.17 Gbps, con Switch Ethernet"},"content":{"rendered":"<div class=\\\"row\\\">\n<div class=\\\"col-sm-6\\\">\n<p><em><strong>Punto de acceso WiFi GRANDSTREAM\u00a0 GWN7602 no cuenta con interfaz web propia para configuraciones, debera ser manejado a traves de otro GWN76XX como maestro o directamente en la nube <a href=\\\"https:\/\/www.gwn.cloud\/login\\\">GWN.Cloud\u00a0<\/a><\/strong><\/em><\/p>\n<h1>Acerca del GWN7602<\/h1>\n<hr align=\\\"left\\\" \/>\n<p>El GWN7602 es un punto de acceso 802.11ac inal\u00e1mbrico que ofrece tecnolog\u00eda 2&#215;2:2 de doble banda y un sofisticado dise\u00f1o de antena para un \u00f3ptimo rendimiento de red y excelente alcance de cobertura Wi-Fi. Sus puertos de 100 MB proporcionan Ethernet a Tel\u00e9fonos IP, IPTV, PC, etc. y su puerto de red Gigabit de enlace ascendente con PoE\/PoE+ y PSE facilita las redes Wi-Fi.<\/p>\n<\/div>\n<\/div>\n<div class=\\\"row\\\">\n<div class=\\\"col-sm-6\\\">\n<h2>Caracter\u00edsticas Competitivas<\/h2>\n<hr align=\\\"left\\\" \/>\n<ul>\n<li>Rendimiento inal\u00e1mbrico total de 1.17 Gbps, 1 puerto Gigabit y 3 puertos inal\u00e1mbricos de 100 MB<\/li>\n<li>Alcance de cobertura de hasta 100 metros<\/li>\n<li>Adaptaci\u00f3n de alimentaci\u00f3n propia despu\u00e9s de la detecci\u00f3n autom\u00e1tica de PoE\/PoE+ y PSE<\/li>\n<li>Admite hasta 80 dispositivos Wi-Fi simult\u00e1neos<\/li>\n<li>Funci\u00f3n Anti-hacking Secure Boot y bloqueo de seguridad de datos cr\u00edticos\/control por medio de firmas digitales<\/li>\n<li>QoS avanzado para garantizar el desempe\u00f1o en tiempo real de las aplicaciones de baja latencia<\/li>\n<li>GWN.Cloud para una plataforma gratuita de gesti\u00f3n de la nube.<\/li>\n<\/ul>\n<\/div>\n<\/div>\n","protected":false},"excerpt":{"rendered":"<p>Punto de acceso WiFi GRANDSTREAM\u00a0 GWN7602 no cuenta con interfaz web propia para configuraciones, debera ser manejado a traves de otro GWN76XX como maestro o directamente en la nube GWN.Cloud\u00a0 Acerca del GWN7602 El GWN7602 es un punto de acceso 802.11ac inal\u00e1mbrico que ofrece tecnolog\u00eda 2&#215;2:2 de doble banda y un sofisticado dise\u00f1o de antena [&hellip;]<\/p>\n","protected":false},"featured_media":12704,"template":"","meta":{"_acf_changed":false},"product_brand":[],"product_cat":[74],"product_tag":[431,433,429,430,432],"berocket_brand":[],"class_list":{"0":"post-12702","1":"product","2":"type-product","3":"status-publish","4":"has-post-thumbnail","6":"product_cat-access-point-punto-de-accesso","7":"product_tag-alta-velocidad","8":"product_tag-gbits","9":"product_tag-punto-de-acceso","10":"product_tag-wi-fi","11":"product_tag-wifi6","13":"first","14":"instock","15":"taxable","16":"shipping-taxable","17":"purchasable","18":"product-type-simple","19":"berocket_lgv_grid","20":"berocket_lgv_list_grid"},"acf":[],"aioseo_notices":[],"_links":{"self":[{"href":"https:\/\/todoenseguridad.com\/site\/wp-json\/wp\/v2\/product\/12702","targetHints":{"allow":["GET"]}}],"collection":[{"href":"https:\/\/todoenseguridad.com\/site\/wp-json\/wp\/v2\/product"}],"about":[{"href":"https:\/\/todoenseguridad.com\/site\/wp-json\/wp\/v2\/types\/product"}],"wp:featuredmedia":[{"embeddable":true,"href":"https:\/\/todoenseguridad.com\/site\/wp-json\/wp\/v2\/media\/12704"}],"wp:attachment":[{"href":"https:\/\/todoenseguridad.com\/site\/wp-json\/wp\/v2\/media?parent=12702"}],"wp:term":[{"taxonomy":"product_brand","embeddable":true,"href":"https:\/\/todoenseguridad.com\/site\/wp-json\/wp\/v2\/product_brand?post=12702"},{"taxonomy":"product_cat","embeddable":true,"href":"https:\/\/todoenseguridad.com\/site\/wp-json\/wp\/v2\/product_cat?post=12702"},{"taxonomy":"product_tag","embeddable":true,"href":"https:\/\/todoenseguridad.com\/site\/wp-json\/wp\/v2\/product_tag?post=12702"},{"taxonomy":"berocket_brand","embeddable":true,"href":"https:\/\/todoenseguridad.com\/site\/wp-json\/wp\/v2\/berocket_brand?post=12702"}],"curies":[{"name":"wp","href":"https:\/\/api.w.org\/{rel}","templated":true}]}}