{"id":12162,"date":"2023-02-01T17:16:38","date_gmt":"2023-02-01T22:16:38","guid":{"rendered":"https:\/\/todoenseguridad.com\/site\/?post_type=product&#038;p=12162"},"modified":"2026-03-23T14:59:22","modified_gmt":"2026-03-23T19:59:22","slug":"ds-2cd2443g2-i-hikvision-cubo-ip-4mp-serie-pro-lente-2-8-mm-10-mts-ir-exir-poe-sensor-pir-h-265-interior-audio-de-dos-vias","status":"publish","type":"product","link":"https:\/\/todoenseguridad.com\/site\/producto\/ds-2cd2443g2-i-hikvision-cubo-ip-4mp-serie-pro-lente-2-8-mm-10-mts-ir-exir-poe-sensor-pir-h-265-interior-audio-de-dos-vias\/","title":{"rendered":"DS-2CD2443G2-I HIKVISION Cubo IP 4MP\/ Serie PRO\/ Lente 2.8 mm\/ 10 mts IR EXIR\/ PoE\/ Sensor PIR\/ H.265+\/ Interior\/ Audio de Dos V\u00edas"},"content":{"rendered":"<h3 id=\\\"product_title_196482\\\" class=\\\"no_margin_top titulo_vista_producto\\\"><span style=\\\"color: #0000ff\\\"><span class=\\\"modelo-marca\\\">DS-2CD2443G2-I<\/span> HIKVISION Cubo IP 4MP\/ Serie PRO\/ Lente 2.8 mm\/ 10 mts IR EXIR\/ PoE\/ Sensor PIR\/ H.265+\/ Interior\/ Audio de Dos V\u00edas\/ Detecci\u00f3n Facial\/ PoE\/ microSD<\/span><\/h3>\n<p>&nbsp;<\/p>\n<p><span style=\\\"color: #000000\\\"><strong>Caracter\u00edsticas principales:<\/strong><\/span><\/p>\n<ul>\n<li><span style=\\\"color: #000000\\\">Resoluci\u00f3n m\u00e1xima:\u00a04 Megapixel (2688 x 1520).<\/span><\/li>\n<li><span style=\\\"color: #000000\\\">Iluminaci\u00f3n m\u00ednima: color 0.01 lux @ (F1.2; AGC ON).<\/span><\/li>\n<li><span style=\\\"color: #000000\\\">Iluminaci\u00f3n m\u00ednima: B\/N 0.018 lux @ (F1.6; AGC ON).<\/span><\/li>\n<li><span style=\\\"color: #000000\\\">Dia \/ Noche Real (filtro ICR).<\/span><\/li>\n<li><span style=\\\"color: #000000\\\">Lente 2.8 mm (angulo de apertura 104.3\u00ba).<\/span><\/li>\n<li><span style=\\\"color: #000000\\\">Distancia de infrarrojos: 10 mts IR EXIR.\u00a0<\/span><\/li>\n<li><span style=\\\"color: #000000\\\">\u200bCuenta con sensor PIR integrado con alcance de 8 mts.<\/span><\/li>\n<li><span style=\\\"color: #000000\\\">Funciones normales: WDR real 120 dB \/ BLC \/ 3D-DNR \/ HLC.<\/span><\/li>\n<li><span style=\\\"color: #000000\\\">Compresi\u00f3n: H.265+ \/ H.265 \/ H.264+ \/ H.264.<\/span><\/li>\n<li><span style=\\\"color: #000000\\\">Compatible con la plataforma Hik-Connect P2P.<\/span><\/li>\n<\/ul>\n<p>&nbsp;<\/p>\n<p><span style=\\\"color: #000000\\\"><strong>Caracter\u00edsticas F\u00edsicas y El\u00e9ctricas:<\/strong><\/span><\/p>\n<ul>\n<li><span style=\\\"color: #000000\\\">Alimentaci\u00f3n: 12 Vcc \/ PoE 802.3 af \/ 6.8 W (no incluida).<\/span><\/li>\n<li><span style=\\\"color: #000000\\\">Temperatura de operaci\u00f3n: -10\u00b0C a 40\u00b0C \/ Humedad al 95% m\u00e1ximo.<\/span><\/li>\n<li><span style=\\\"color: #000000\\\">Uso en interior.\u200b<\/span><\/li>\n<li><span style=\\\"color: #000000\\\">\u200bMaterial de policarbonato.<\/span><\/li>\n<li><span style=\\\"color: #000000\\\">Dimensiones: 102.9 x 65.2 x 32.6 mm.<\/span><\/li>\n<li><span style=\\\"color: #000000\\\">\u200bPeso: 120 gramos.<\/span><\/li>\n<li><span style=\\\"color: #000000\\\">\u200bGarant\u00eda: 2 a\u00f1os.<\/span><\/li>\n<\/ul>\n<p><span style=\\\"color: #000000\\\"><strong>Entrada y Salida de Audio \/ Alarma \/ Red:<\/strong><\/span><\/p>\n<ul>\n<li><span style=\\\"color: #000000\\\">Entradas de alarma: N\/A.<\/span><\/li>\n<li><span style=\\\"color: #000000\\\">Salidas de alarma: N\/A.<\/span><\/li>\n<li><span style=\\\"color: #000000\\\">Entradas de audio: 1 microfono interconstruido.<\/span><\/li>\n<li><span style=\\\"color: #000000\\\">Salidas de audio: 1 bocina interconstruido.<\/span><\/li>\n<li><span style=\\\"color: #000000\\\">Puerto de red: 1 (10 \/ 100 Mbps \/ PoE 802.3 af).<\/span><\/li>\n<li><span style=\\\"color: #000000\\\">Almacenamiento micro SD de hasta 128 GB (no incluida).<\/span><\/li>\n<\/ul>\n<p>&nbsp;<\/p>\n<ul>\n<li><span style=\\\"color: #000000\\\"><span style=\\\"color: #000000\\\"><strong>Soporta tecnolog\u00eda ACUSENSE para evitar esas falsas alarmas ocasionadas por los movimientos de pixeles como son las ramas de arboles, movimiento de cortinas, lluvias, etc.<\/strong><\/span><\/span>&nbsp;<\/li>\n<li><span style=\\\"color: #000000\\\"><span style=\\\"color: #000000\\\"><strong>Con la tecnolog\u00eda ACUSENSE haremos de una detecci\u00f3n efectiva ya que solo se activara el evento cuando detecte cuerpos humanos o veh\u00edculos para poder evitar las faltas alarmas.<\/strong><\/span><\/span>&nbsp;<\/li>\n<li><span style=\\\"color: #000000\\\"><span style=\\\"color: #000000\\\"><strong>Para obtener audio de dos v\u00edas se recomienda:<\/strong><\/span><\/span>&nbsp;\n<ul>\n<li><span style=\\\"color: #000000\\\">Usar NVR serie NI-K o NI-I (DS-76, DS-77 y DS-96).<\/span><\/li>\n<li><span style=\\\"color: #000000\\\">Usar la c\u00e1mara de manera cableada (Ethernet) a Hik-Connect<\/span><\/li>\n<\/ul>\n<\/li>\n<\/ul>\n","protected":false},"excerpt":{"rendered":"<p>DS-2CD2443G2-I HIKVISION Cubo IP 4MP\/ Serie PRO\/ Lente 2.8 mm\/ 10 mts IR EXIR\/ PoE\/ Sensor PIR\/ H.265+\/ Interior\/ Audio de Dos V\u00edas\/ Detecci\u00f3n Facial\/ PoE\/ microSD &nbsp; Caracter\u00edsticas principales: Resoluci\u00f3n m\u00e1xima:\u00a04 Megapixel (2688 x 1520). Iluminaci\u00f3n m\u00ednima: color 0.01 lux @ (F1.2; AGC ON). Iluminaci\u00f3n m\u00ednima: B\/N 0.018 lux @ (F1.6; AGC ON). Dia [&hellip;]<\/p>\n","protected":false},"featured_media":12163,"template":"","meta":{"_acf_changed":false},"product_brand":[],"product_cat":[59],"product_tag":[],"berocket_brand":[],"class_list":{"0":"post-12162","1":"product","2":"type-product","3":"status-publish","4":"has-post-thumbnail","6":"product_cat-accesorios-camaras-hd","8":"first","9":"instock","10":"taxable","11":"shipping-taxable","12":"purchasable","13":"product-type-simple","14":"berocket_lgv_grid","15":"berocket_lgv_list_grid"},"acf":[],"aioseo_notices":[],"_links":{"self":[{"href":"https:\/\/todoenseguridad.com\/site\/wp-json\/wp\/v2\/product\/12162","targetHints":{"allow":["GET"]}}],"collection":[{"href":"https:\/\/todoenseguridad.com\/site\/wp-json\/wp\/v2\/product"}],"about":[{"href":"https:\/\/todoenseguridad.com\/site\/wp-json\/wp\/v2\/types\/product"}],"wp:featuredmedia":[{"embeddable":true,"href":"https:\/\/todoenseguridad.com\/site\/wp-json\/wp\/v2\/media\/12163"}],"wp:attachment":[{"href":"https:\/\/todoenseguridad.com\/site\/wp-json\/wp\/v2\/media?parent=12162"}],"wp:term":[{"taxonomy":"product_brand","embeddable":true,"href":"https:\/\/todoenseguridad.com\/site\/wp-json\/wp\/v2\/product_brand?post=12162"},{"taxonomy":"product_cat","embeddable":true,"href":"https:\/\/todoenseguridad.com\/site\/wp-json\/wp\/v2\/product_cat?post=12162"},{"taxonomy":"product_tag","embeddable":true,"href":"https:\/\/todoenseguridad.com\/site\/wp-json\/wp\/v2\/product_tag?post=12162"},{"taxonomy":"berocket_brand","embeddable":true,"href":"https:\/\/todoenseguridad.com\/site\/wp-json\/wp\/v2\/berocket_brand?post=12162"}],"curies":[{"name":"wp","href":"https:\/\/api.w.org\/{rel}","templated":true}]}}