{"id":12154,"date":"2023-02-01T15:54:34","date_gmt":"2023-02-01T20:54:34","guid":{"rendered":"https:\/\/todoenseguridad.com\/site\/?post_type=product&#038;p=12154"},"modified":"2026-03-23T14:59:55","modified_gmt":"2026-03-23T19:59:55","slug":"cs-bc2-ezviz-mini-camara-ip-inalambrica-con-bateria-recargable-cero-cables-2mp-uso-en-interior-grabacion-en-la-nube","status":"publish","type":"product","link":"https:\/\/todoenseguridad.com\/site\/producto\/cs-bc2-ezviz-mini-camara-ip-inalambrica-con-bateria-recargable-cero-cables-2mp-uso-en-interior-grabacion-en-la-nube\/","title":{"rendered":"CS-BC2 EZVIZ Mini C\u00e1mara IP ECONOMICA PARA CASA\/ Inal\u00e1mbrica Con Bater\u00eda Recargable (Cero Cables)\/ 2MP\/ Uso en Interior\/ Grabaci\u00f3n en la Nube"},"content":{"rendered":"<h3 id=\\\"product_title_207952\\\" class=\\\"no_margin_top titulo_vista_producto\\\"><span style=\\\"color: #0000ff\\\"><span class=\\\"modelo-marca\\\">CS-BC2<\/span> EZVIZ Mini C\u00e1mara IP Inal\u00e1mbrica Con Bater\u00eda Recargable (Cero Cables)\/ 2MP\/ Uso en Interior\/ Grabaci\u00f3n en la Nube\/ Base Magn\u00e9tica Para Adherirla a Superficies Met\u00e1licas<\/span><\/h3>\n<p>&nbsp;<\/p>\n<p><span style=\\\"color: #000000\\\"><strong>Caracter\u00edsticas principales:<\/strong><\/span><\/p>\n<ul>\n<li><span style=\\\"color: #000000\\\">Resoluci\u00f3n: 2 Megapixel ( 1920 x 1080).<\/span><\/li>\n<li><span style=\\\"color: #000000\\\">Lente: 4 mm (85\u00b0 diagonal, 46\u00b0 Horizontal)<\/span><\/li>\n<li><span style=\\\"color: #000000\\\">Micr\u00f3fono y bocina interconstruida (audio de dos v\u00edas).<\/span><\/li>\n<li><span style=\\\"color: #000000\\\">Detecci\u00f3n de movimiento<\/span><\/li>\n<li><span style=\\\"color: #000000\\\">5 mts IR (visi\u00f3n nocturna).\u00a0<\/span><\/li>\n<li><span style=\\\"color: #000000\\\">Compresi\u00f3n: H.264, H.265.<\/span><\/li>\n<li><span style=\\\"color: #000000\\\">WiFi 2.4 GHz<\/span><\/li>\n<li><span style=\\\"color: #000000\\\">Memoria Micro SD de hasta 256GB (No incluida)<\/span><\/li>\n<li><span style=\\\"color: #000000\\\">Alertas de voz personalizables<\/span><\/li>\n<li><span style=\\\"color: #000000\\\">Detecci\u00f3n humana<\/span><\/li>\n<li><span style=\\\"color: #000000\\\">Uso en Interior.<\/span><\/li>\n<\/ul>\n<p><span style=\\\"color: #000000\\\"><strong>Caracter\u00edsticas F\u00edsicas y El\u00e9ctricas:<\/strong><\/span><\/p>\n<ul>\n<li><span style=\\\"color: #000000\\\">Alimentaci\u00f3n: 5 Vcc \/ 1.2A , 6W <strong>(No incluye transformador, solo cable USB, se recomienda adquirir el adaptador PLUSB1000V).<\/strong><\/span><\/li>\n<li><span style=\\\"color: #000000\\\">Bater\u00eda de 2000 mAh<\/span><\/li>\n<li><span style=\\\"color: #000000\\\">Material: Policarbonato<\/span><\/li>\n<li><span style=\\\"color: #000000\\\">Dimensiones: 51,3 x 39,1 x 39,1 mm.\u00a0<\/span><\/li>\n<li><span style=\\\"color: #000000\\\"><strong>1 a\u00f1o de garant\u00eda<\/strong>.<\/span><\/li>\n<\/ul>\n<p><span style=\\\"color: #000000\\\"><strong>Caracter\u00edsticas Destacadas:<\/strong><\/span><\/p>\n<ul>\n<li><span style=\\\"color: #000000\\\">Soporta grabaci\u00f3n en nube de EZVIZ (el cobro se realiza directo en la aplicaci\u00f3n EZVIZ).<\/span><\/li>\n<li><span style=\\\"color: #000000\\\">Muy f\u00e1cil de instalar, cuenta con un iman para adherirla a la base y a superficies metalicas al instante.<\/span><\/li>\n<li><span style=\\\"color: #000000\\\"><strong>Compatible con Alexa, Google Home y IFTTT<\/strong><\/span><\/li>\n<\/ul>\n<p><span style=\\\"color: #ff0000\\\"><strong>Notas:\u00a0<\/strong><\/span><\/p>\n<ul>\n<li><span style=\\\"color: #ff0000\\\">Configuraci\u00f3n \u00fanicamente mediante aplicaci\u00f3n EZVIZ<\/span><\/li>\n<li><span style=\\\"color: #ff0000\\\">No recomendado para DVR\/NVR<\/span><\/li>\n<li><span style=\\\"color: #ff0000\\\">Graba solo por movimiento para mejorar el rendimiento de la bater\u00eda.<\/span><\/li>\n<li><span style=\\\"color: #ff0000\\\">La duraci\u00f3n de la bater\u00eda puede variar y depender\u00e1 de la frecuencia de activaci\u00f3n por movimiento, notificaciones, etc.<\/span><\/li>\n<li><span style=\\\"color: #000000\\\">Para lograr llegar a la autonom\u00eda de duraci\u00f3n de la bater\u00eda de 50 d\u00edas, el movimiento por d\u00eda no debe de exceder de los 3 minutos tanto para la grabaci\u00f3n (movimiento) y tambien como para la visualizaci\u00f3n del video (App EZVIZ).<\/span><\/li>\n<\/ul>\n","protected":false},"excerpt":{"rendered":"<p>CS-BC2 EZVIZ Mini C\u00e1mara IP Inal\u00e1mbrica Con Bater\u00eda Recargable (Cero Cables)\/ 2MP\/ Uso en Interior\/ Grabaci\u00f3n en la Nube\/ Base Magn\u00e9tica Para Adherirla a Superficies Met\u00e1licas &nbsp; Caracter\u00edsticas principales: Resoluci\u00f3n: 2 Megapixel ( 1920 x 1080). Lente: 4 mm (85\u00b0 diagonal, 46\u00b0 Horizontal) Micr\u00f3fono y bocina interconstruida (audio de dos v\u00edas). Detecci\u00f3n de movimiento 5 [&hellip;]<\/p>\n","protected":false},"featured_media":12155,"template":"","meta":{"_acf_changed":false},"product_brand":[],"product_cat":[51,58,226],"product_tag":[],"berocket_brand":[],"class_list":{"0":"post-12154","1":"product","2":"type-product","3":"status-publish","4":"has-post-thumbnail","6":"product_cat-camaras-i-p","7":"product_cat-cubo","8":"product_cat-camaras-de-seguridad-cctv-videovigilancia-hd","10":"first","11":"instock","12":"taxable","13":"shipping-taxable","14":"purchasable","15":"product-type-simple","16":"berocket_lgv_grid","17":"berocket_lgv_list_grid"},"acf":[],"aioseo_notices":[],"_links":{"self":[{"href":"https:\/\/todoenseguridad.com\/site\/wp-json\/wp\/v2\/product\/12154","targetHints":{"allow":["GET"]}}],"collection":[{"href":"https:\/\/todoenseguridad.com\/site\/wp-json\/wp\/v2\/product"}],"about":[{"href":"https:\/\/todoenseguridad.com\/site\/wp-json\/wp\/v2\/types\/product"}],"wp:featuredmedia":[{"embeddable":true,"href":"https:\/\/todoenseguridad.com\/site\/wp-json\/wp\/v2\/media\/12155"}],"wp:attachment":[{"href":"https:\/\/todoenseguridad.com\/site\/wp-json\/wp\/v2\/media?parent=12154"}],"wp:term":[{"taxonomy":"product_brand","embeddable":true,"href":"https:\/\/todoenseguridad.com\/site\/wp-json\/wp\/v2\/product_brand?post=12154"},{"taxonomy":"product_cat","embeddable":true,"href":"https:\/\/todoenseguridad.com\/site\/wp-json\/wp\/v2\/product_cat?post=12154"},{"taxonomy":"product_tag","embeddable":true,"href":"https:\/\/todoenseguridad.com\/site\/wp-json\/wp\/v2\/product_tag?post=12154"},{"taxonomy":"berocket_brand","embeddable":true,"href":"https:\/\/todoenseguridad.com\/site\/wp-json\/wp\/v2\/berocket_brand?post=12154"}],"curies":[{"name":"wp","href":"https:\/\/api.w.org\/{rel}","templated":true}]}}