{"id":12130,"date":"2023-01-31T15:30:22","date_gmt":"2023-01-31T20:30:22","guid":{"rendered":"https:\/\/todoenseguridad.com\/site\/?post_type=product&#038;p=12130"},"modified":"2026-03-23T15:12:00","modified_gmt":"2026-03-23T20:12:00","slug":"xmrx5-epcom-body-camera-para-seguridad-hasta-32-megapixeles-video-hd-3-megapixel-descarga-de-video-automatica","status":"publish","type":"product","link":"https:\/\/todoenseguridad.com\/site\/producto\/xmrx5-epcom-body-camera-para-seguridad-hasta-32-megapixeles-video-hd-3-megapixel-descarga-de-video-automatica\/","title":{"rendered":"XMRX5 EPCOM Body Camera para Seguridad\/ Hasta 32MP \/ Video HD 3MP\/ Descarga de Video Autom\u00e1tica"},"content":{"rendered":"<h2 id=\\\"product_title_96297\\\" class=\\\"no_margin_top titulo_vista_producto\\\"><span style=\\\"color: #0000ff\\\"><span class=\\\"modelo-marca\\\">XMRX5<\/span> EPCOM Body Camera para Seguridad \/ Hasta 32MP \/ Video HD 3MP \/ Descarga de Video Autom\u00e1tica \/ GPS Interconstruido \/ Pantalla LCD<\/span><\/h2>\n<p>&nbsp;<\/p>\n<p><span style=\\\"color: #000000\\\">El XMRX5 es el mejor grabador port\u00e1til HD(Body Camera) de la Industria, dise\u00f1ado para Seguridad Privada y P\u00fablica, Enorme Almacenamiento, Listo para Baja Iluminaci\u00f3n y C\u00e1mara Hasta 32 Megapixels.<\/span><br \/>\n<span style=\\\"color: #000000\\\">\u00a0<\/span><\/p>\n<ul>\n<li><span style=\\\"color: #000000\\\">Grabaci\u00f3n en un toque <strong>&#8211; Acci\u00f3n R\u00e1pida para Captura de Eventos<\/strong><\/span><\/li>\n<li><span style=\\\"color: #000000\\\">Captura de imagen en un toque<\/span><\/li>\n<li><span style=\\\"color: #000000\\\">Grado de protecci\u00f3n IP68<\/span><\/li>\n<li><span style=\\\"color: #000000\\\">LED Blanco de Alta Potencia\u00a0para grabaci\u00f3n en color durante el modo nocturno<\/span><\/li>\n<li><span style=\\\"color: #000000\\\">Permite reemplazo de bater\u00eda.<\/span><\/li>\n<li><span style=\\\"color: #000000\\\">Puerto de conexi\u00f3n r\u00e1pida para power bank\u00a0<strong>XMRP481 (Bater\u00eda Externa)<\/strong><\/span><\/li>\n<li><span style=\\\"color: #000000\\\">Software de gesti\u00f3n de descarga con protecci\u00f3n de contrase\u00f1a, es necesario ingresar la contrase\u00f1a para descargar y visualizar el video guardado.<\/span><\/li>\n<\/ul>\n<p><span style=\\\"color: #000000\\\"><strong>Caracter\u00edsticas generales<\/strong><\/span><\/p>\n<ul>\n<li><span style=\\\"color: #000000\\\">GPS inter-construido<\/span><\/li>\n<li><span style=\\\"color: #000000\\\">Grabaci\u00f3n de video 2304*1296P 30 IPS<\/span><\/li>\n<li><span style=\\\"color: #000000\\\">Captura de im\u00e1genes\u00a032MP<\/span><\/li>\n<li><span style=\\\"color: #000000\\\">Microfono Inter-construido para captura de audio junto al video y generar notas de audio.<\/span><\/li>\n<li><span style=\\\"color: #000000\\\">Angulo de visi\u00f3n 130\u00b0<\/span><\/li>\n<li><span style=\\\"color: #000000\\\">Tiempo de operaci\u00f3n:<\/span><br \/>\n<span style=\\\"color: #000000\\\">\u00a0\u00a0 \u00a0 Grabaci\u00f3n Continua HD por 5.5 hrs.<\/span><br \/>\n<span style=\\\"color: #000000\\\">\u00a0\u00a0 \u00a0\u00a0120 Horas en Modo Espera(Lista para Grabar, Encendida)<\/span><\/li>\n<li><span style=\\\"color: #000000\\\">Tiempo de carga en menos de 4hrs.<\/span><\/li>\n<li><span style=\\\"color: #000000\\\">Pantalla de 2\\\u00bb<\/span><\/li>\n<li><span style=\\\"color: #000000\\\">Permite reemplazo de bater\u00eda, <strong>bater\u00eda incluida.<\/strong><\/span><\/li>\n<li><span style=\\\"color: #000000\\\">Conexiones:Mini USB 2.0 (cable incluido 90cm)<\/span><\/li>\n<li><span style=\\\"color: #000000\\\">Soporta c\u00e1mara externa.<\/span><\/li>\n<li><span style=\\\"color: #000000\\\">Peso menos de 150g.<\/span><\/li>\n<li><span style=\\\"color: #000000\\\">Memoria interna de 128GB.<strong>\u00a0NO EXTRAIBLE PARA ALTA SEGURIDAD<\/strong><\/span><\/li>\n<\/ul>\n<p><span style=\\\"color: #000000\\\"><strong>Tiempo de garantia 1 a\u00f1o<\/strong><\/span><\/p>\n","protected":false},"excerpt":{"rendered":"<p>XMRX5 EPCOM Body Camera para Seguridad \/ Hasta 32MP \/ Video HD 3MP \/ Descarga de Video Autom\u00e1tica \/ GPS Interconstruido \/ Pantalla LCD &nbsp; El XMRX5 es el mejor grabador port\u00e1til HD(Body Camera) de la Industria, dise\u00f1ado para Seguridad Privada y P\u00fablica, Enorme Almacenamiento, Listo para Baja Iluminaci\u00f3n y C\u00e1mara Hasta 32 Megapixels. \u00a0 [&hellip;]<\/p>\n","protected":false},"featured_media":12131,"template":"","meta":{"_acf_changed":false},"product_brand":[],"product_cat":[85,90],"product_tag":[],"berocket_brand":[],"class_list":{"0":"post-12130","1":"product","2":"type-product","3":"status-publish","4":"has-post-thumbnail","6":"product_cat-grabadora-dvr-hdcvi-hd","7":"product_cat-moviles","9":"first","10":"instock","11":"taxable","12":"shipping-taxable","13":"purchasable","14":"product-type-simple","15":"berocket_lgv_grid","16":"berocket_lgv_list_grid"},"acf":[],"aioseo_notices":[],"_links":{"self":[{"href":"https:\/\/todoenseguridad.com\/site\/wp-json\/wp\/v2\/product\/12130","targetHints":{"allow":["GET"]}}],"collection":[{"href":"https:\/\/todoenseguridad.com\/site\/wp-json\/wp\/v2\/product"}],"about":[{"href":"https:\/\/todoenseguridad.com\/site\/wp-json\/wp\/v2\/types\/product"}],"wp:featuredmedia":[{"embeddable":true,"href":"https:\/\/todoenseguridad.com\/site\/wp-json\/wp\/v2\/media\/12131"}],"wp:attachment":[{"href":"https:\/\/todoenseguridad.com\/site\/wp-json\/wp\/v2\/media?parent=12130"}],"wp:term":[{"taxonomy":"product_brand","embeddable":true,"href":"https:\/\/todoenseguridad.com\/site\/wp-json\/wp\/v2\/product_brand?post=12130"},{"taxonomy":"product_cat","embeddable":true,"href":"https:\/\/todoenseguridad.com\/site\/wp-json\/wp\/v2\/product_cat?post=12130"},{"taxonomy":"product_tag","embeddable":true,"href":"https:\/\/todoenseguridad.com\/site\/wp-json\/wp\/v2\/product_tag?post=12130"},{"taxonomy":"berocket_brand","embeddable":true,"href":"https:\/\/todoenseguridad.com\/site\/wp-json\/wp\/v2\/berocket_brand?post=12130"}],"curies":[{"name":"wp","href":"https:\/\/api.w.org\/{rel}","templated":true}]}}