{"id":12128,"date":"2023-01-31T14:55:30","date_gmt":"2023-01-31T19:55:30","guid":{"rendered":"https:\/\/todoenseguridad.com\/site\/?post_type=product&#038;p=12128"},"modified":"2026-03-30T16:01:47","modified_gmt":"2026-03-30T21:01:47","slug":"ae-dc5013-f6-hikvision-camara-movil-dash-cam-para-vehiculos-adas-microfono-y-bocina-integrado-wi-fi","status":"publish","type":"product","link":"https:\/\/todoenseguridad.com\/site\/producto\/ae-dc5013-f6-hikvision-camara-movil-dash-cam-para-vehiculos-adas-microfono-y-bocina-integrado-wi-fi\/","title":{"rendered":"AE-DC5013-F6 HIKVISION C\u00e1maras BARATAS\/ M\u00f3vil (Dash Cam) para Veh\u00edculos\/ ADAS\/ Micr\u00f3fono y Bocina Integrado\/ Wi-Fi"},"content":{"rendered":"<h3 id=\\\"product_title_192443\\\" class=\\\"no_margin_top titulo_vista_producto\\\"><span style=\\\"color: #0000ff\\\"><span class=\\\"modelo-marca\\\">AE-DC5013-F6<\/span> HIKVISION C\u00e1mara M\u00f3vil (Dash Cam) para Veh\u00edculos\/ ADAS\/ Micr\u00f3fono y Bocina Integrado\/ Wi-Fi\/ Micro SD\/ Conector USB\/ G &#8211; Sensor<\/span><\/h3>\n<p><span style=\\\"color: #000000\\\"><strong>Caracter\u00edsticas principales:<\/strong><\/span><\/p>\n<ul>\n<li><span style=\\\"color: #000000\\\">1600p (2560 X 1600 = 4 Megapixel) de alta resoluci\u00f3n, gran angular 130\u00b0 de visi\u00f3n.<\/span><\/li>\n<li><span style=\\\"color: #000000\\\">La apertura de F1.6 ofrece una imagen nocturna perfecta.<\/span><\/li>\n<li><span style=\\\"color: #000000\\\">Incluye micr\u00f3fono y altavoz integrados.<\/span><\/li>\n<li><span style=\\\"color: #000000\\\">Incluye m\u00f3dulo Wi-Fi (genera un AP con la App para revisar grabaciones).\u00a0<\/span><\/li>\n<li><span style=\\\"color: #000000\\\">M\u00f3dulo G-Sensor incorporado, compatible con el enlace de grabaci\u00f3n de video en caso de un accidente automovil\u00edstico o vibraci\u00f3n fuerte (la grabaci\u00f3n de video del enlace se puede configurar sin sobrescritura).<\/span><\/li>\n<li><span style=\\\"color: #000000\\\">Soporta tarjeta micro SD para grabaci\u00f3n de video, hasta 128 GB (compatible con sobrescritura)\u00a0<strong>(No inluye memoria)<\/strong><\/span><\/li>\n<li><span style=\\\"color: #000000\\\">Aplicaci\u00f3n de tel\u00e9fono: visualizaci\u00f3n en vivo, reproducci\u00f3n de grabaciones y configuraci\u00f3n de par\u00e1metros. (no soporta visualizaci\u00f3n remota, solo de manera local).<\/span><\/li>\n<li><span style=\\\"color: #000000\\\">F\u00e1cil instalaci\u00f3n y f\u00e1cil de usar, plug and play (grabaci\u00f3n autom\u00e1tica despu\u00e9s de encender).<\/span><\/li>\n<li><span style=\\\"color: #000000\\\">Conector micro USB (3.4 metros de longitud) y adaptador para el cenicero (incluido).<\/span><\/li>\n<\/ul>\n<p>&nbsp;<\/p>\n<ul>\n<li><span style=\\\"color: #000000\\\"><strong>La aplicaci\u00f3n m\u00f3vil se llama HikDashcam, en el manual de usuario del producto viene un c\u00f3digo QR para poder descargar la App en el celular para equipos iOS. En Playstore si esta la App.\u00a0\u00a0<\/strong><\/span><br \/>\n<span style=\\\"color: #000000\\\">\u00a0<\/span><\/li>\n<li><span style=\\\"color: #000000\\\"><strong>Garant\u00eda por defecto de fabrica: 1 a\u00f1o.<\/strong><\/span><\/li>\n<\/ul>\n<p><span style=\\\"color: #000000\\\"><strong>Caracter\u00edsticas F\u00edsicas y El\u00e9ctricas:<\/strong><\/span><\/p>\n<ul>\n<li><span style=\\\"color: #000000\\\">Puerto USB para alimentaci\u00f3n. (incluye adaptador para encenderor y cable).<\/span><\/li>\n<li><span style=\\\"color: #000000\\\">Temperatura de operaci\u00f3n: -20\u00b0C a 70\u00b0C.<\/span><\/li>\n<li><span style=\\\"color: #000000\\\">Alimentaci\u00f3n: 5 Vcc \/ 2 A \/ 5 Watts.<\/span><\/li>\n<li><span style=\\\"color: #000000\\\">Dimensiones: 45 x 50 x 50 mm.<\/span><\/li>\n<li><span style=\\\"color: #000000\\\">Peso: 120 gramos.<\/span><\/li>\n<\/ul>\n<p>&nbsp;<\/p>\n","protected":false},"excerpt":{"rendered":"<p>AE-DC5013-F6 HIKVISION C\u00e1mara M\u00f3vil (Dash Cam) para Veh\u00edculos\/ ADAS\/ Micr\u00f3fono y Bocina Integrado\/ Wi-Fi\/ Micro SD\/ Conector USB\/ G &#8211; Sensor Caracter\u00edsticas principales: 1600p (2560 X 1600 = 4 Megapixel) de alta resoluci\u00f3n, gran angular 130\u00b0 de visi\u00f3n. La apertura de F1.6 ofrece una imagen nocturna perfecta. Incluye micr\u00f3fono y altavoz integrados. Incluye m\u00f3dulo Wi-Fi [&hellip;]<\/p>\n","protected":false},"featured_media":12129,"template":"","meta":{"_acf_changed":false},"product_brand":[],"product_cat":[85,90],"product_tag":[],"berocket_brand":[],"class_list":{"0":"post-12128","1":"product","2":"type-product","3":"status-publish","4":"has-post-thumbnail","6":"product_cat-grabadora-dvr-hdcvi-hd","7":"product_cat-moviles","9":"first","10":"instock","11":"taxable","12":"shipping-taxable","13":"purchasable","14":"product-type-simple","15":"berocket_lgv_grid","16":"berocket_lgv_list_grid"},"acf":[],"aioseo_notices":[],"_links":{"self":[{"href":"https:\/\/todoenseguridad.com\/site\/wp-json\/wp\/v2\/product\/12128","targetHints":{"allow":["GET"]}}],"collection":[{"href":"https:\/\/todoenseguridad.com\/site\/wp-json\/wp\/v2\/product"}],"about":[{"href":"https:\/\/todoenseguridad.com\/site\/wp-json\/wp\/v2\/types\/product"}],"wp:featuredmedia":[{"embeddable":true,"href":"https:\/\/todoenseguridad.com\/site\/wp-json\/wp\/v2\/media\/12129"}],"wp:attachment":[{"href":"https:\/\/todoenseguridad.com\/site\/wp-json\/wp\/v2\/media?parent=12128"}],"wp:term":[{"taxonomy":"product_brand","embeddable":true,"href":"https:\/\/todoenseguridad.com\/site\/wp-json\/wp\/v2\/product_brand?post=12128"},{"taxonomy":"product_cat","embeddable":true,"href":"https:\/\/todoenseguridad.com\/site\/wp-json\/wp\/v2\/product_cat?post=12128"},{"taxonomy":"product_tag","embeddable":true,"href":"https:\/\/todoenseguridad.com\/site\/wp-json\/wp\/v2\/product_tag?post=12128"},{"taxonomy":"berocket_brand","embeddable":true,"href":"https:\/\/todoenseguridad.com\/site\/wp-json\/wp\/v2\/berocket_brand?post=12128"}],"curies":[{"name":"wp","href":"https:\/\/api.w.org\/{rel}","templated":true}]}}