{"id":12123,"date":"2023-01-31T14:19:54","date_gmt":"2023-01-31T19:19:54","guid":{"rendered":"https:\/\/todoenseguridad.com\/site\/?post_type=product&#038;p=12123"},"modified":"2025-02-12T15:11:43","modified_gmt":"2025-02-12T20:11:43","slug":"ds-mp5604-hikvision-dvr-para-veiculos-movil-1080p-4-canales-turbo-4-canales-ip-soporta-4g-wifi-gps","status":"publish","type":"product","link":"https:\/\/todoenseguridad.com\/site\/producto\/ds-mp5604-hikvision-dvr-para-veiculos-movil-1080p-4-canales-turbo-4-canales-ip-soporta-4g-wifi-gps\/","title":{"rendered":"DS-MP5604 HIKVISION DVR PARA VEICULOS M\u00f3vil 1080P\/ 4 Canales TURBO + 4 Canales IP\/ Soporta 4G\/ WiFi\/ GPS"},"content":{"rendered":"<h2 id=\"product_title_188780\" class=\"no_margin_top titulo_vista_producto\"><span style=\"color: #0000ff;\"><span class=\"modelo-marca\">DS-MP5604<\/span> HIKVISION DVR PARA VEICULOS M\u00f3vil 1080P\/ 4 Canales TURBO + 4 Canales IP\/ Soporta 4G\/ WiFi\/ GPS\/ Soporta DISCO HDD\/ Entrada y Salida de Alarmas\/ Salida de Video<\/span><\/h2>\n<p>&nbsp;<\/p>\n<p><span style=\"color: #000000;\"><strong>Caracter\u00edsticas principales:<\/strong><\/span><\/p>\n<ul>\n<li><span style=\"color: #000000;\">Soporta 4 c\u00e1maras m\u00f3vil TURBO 1080p + 4 c\u00e1maras m\u00f3vil IP 1080p (requiere switch PoE).<\/span><\/li>\n<li><span style=\"color: #000000;\">Soporta memoria SD de 256 GB como grabaci\u00f3n espejo (no incluida).<\/span><\/li>\n<li><span style=\"color: #000000;\">Soporta HDD de 2 TB (no incluida).<\/span><\/li>\n<li><span style=\"color: #000000;\">Incluye modulo 3G \/ 4G (requiere SIM de datos para transmisi\u00f3n de informaci\u00f3n remota).<\/span><\/li>\n<li><span style=\"color: #000000;\">Incluye modulo de GPS.<\/span><\/li>\n<li><span style=\"color: #000000;\">Incluye modulo WiFi (5.8 GHz).<\/span><\/li>\n<\/ul>\n<p><span style=\"color: #000000;\"><strong>Caracter\u00edsticas F\u00edsicas y El\u00e9ctricas:<\/strong><\/span><\/p>\n<ul>\n<li><span style=\"color: #000000;\">1 Puerto de red (10M \/ 100M) \/ Conector tipo aviador.<\/span><\/li>\n<li><span style=\"color: #000000;\">4 Entradas de alarma<\/span><\/li>\n<li><span style=\"color: #000000;\">2 Salidas de alarma.<\/span><\/li>\n<li><span style=\"color: #000000;\">Alimentaci\u00f3n: 9 &#8211; 32 Vcc (se alimenta directa de la bater\u00eda del autom\u00f3vil).<\/span><\/li>\n<li><span style=\"color: #000000;\">Dimensiones: 206 x 225.4 x 60.1 mm.<\/span><\/li>\n<li><span style=\"color: #000000;\">Peso: 1.7 kg.<\/span><\/li>\n<li><span style=\"color: #000000;\">Garant\u00eda: 2 a\u00f1os.<\/span><\/li>\n<\/ul>\n<p><span style=\"color: #000000;\"><strong>Existen dos soluciones para poder tener transmision y centralizaci\u00f3n remota:<\/strong><\/span><\/p>\n<p>1.- Usando la plataforma de Hik-Central Profesional:<\/p>\n<ul>\n<li><span style=\"color: #000000;\"><strong>HC-P-MS-B<\/strong>: Esta licencia a\u00f1ade la base para dispositivos m\u00f3viles, incluye 10 unidades y tambien modulo de Bussiness Intelligence.<\/span><\/li>\n<li><span style=\"color: #000000;\"><strong>HC-P-MS\/1<\/strong>: Esta licencia agrega 1 dispositivo m\u00f3vil adicional, se requiere tener una licencia base activa. (Se usa a partir del dispositivo numero 11 en adelante).<\/span><\/li>\n<\/ul>\n<p><span style=\"color: #000000;\">Esta solucion requiere infraestructura de red adicional:\u00a0<\/span><\/p>\n<ul>\n<li><span style=\"color: #000000;\">Se requiere un servidor (PC) dedicada para colocar las licencias del software Hik-Central Profesional, en este servidor se dejan corriendo los servicios para poder consultar el video en vivo, ver grabaciones y posicionamiento de manera remota. (Se recomienda un servidor\u00a0 como minimo core i5 y 8 GB RAM).\u00a0<\/span><\/li>\n<li><span style=\"color: #000000;\">Se requiere tener una IP publica fija (dedicada) y un buen ancho de banda que dependera de la cantidad del numero de DVR\u00b4s moviles a centralizar.\u00a0<\/span><\/li>\n<\/ul>\n<p><span style=\"color: #000000;\"><strong>2.- Usando la plataforma de HikCentral Connect:\u00a0<\/strong><\/span><\/p>\n<ul>\n<li><span style=\"color: #000000;\"><strong>HCC-VEHICLE-1D-1A<\/strong>:\u00a0 Licencia Anual HikCentral Connect \/ Monitoreo Vehicular de GPS (Ubicaci\u00f3n) y Video en Tiempo Real por 1 A\u00f1o para 1 Dispositivo \/ Compatible con Dash Cam y DVR\u00b4s Moviles. (Tutorial de configuraci\u00f3n)<\/span><\/li>\n<\/ul>\n<p><span style=\"color: #000000;\">Esta solucion se maneja en la nube, no requiere servidores (PC) de por medio, toda la administraci\u00f3n es por interfaz web.<\/span><\/p>\n<p>&nbsp;<\/p>\n<p>&nbsp;<\/p>\n","protected":false},"excerpt":{"rendered":"<p>DS-MP5604 HIKVISION DVR PARA VEICULOS M\u00f3vil 1080P\/ 4 Canales TURBO + 4 Canales IP\/ Soporta 4G\/ WiFi\/ GPS\/ Soporta DISCO HDD\/ Entrada y Salida de Alarmas\/ Salida de Video &nbsp; Caracter\u00edsticas principales: Soporta 4 c\u00e1maras m\u00f3vil TURBO 1080p + 4 c\u00e1maras m\u00f3vil IP 1080p (requiere switch PoE). Soporta memoria SD de 256 GB como grabaci\u00f3n [&hellip;]<\/p>\n","protected":false},"featured_media":12124,"template":"","meta":{"_acf_changed":false},"product_brand":[],"product_cat":[85,90],"product_tag":[],"berocket_brand":[],"class_list":{"0":"post-12123","1":"product","2":"type-product","3":"status-publish","4":"has-post-thumbnail","6":"product_cat-grabadora-dvr-hdcvi-hd","7":"product_cat-moviles","9":"first","10":"instock","11":"taxable","12":"shipping-taxable","13":"purchasable","14":"product-type-simple","15":"berocket_lgv_grid","16":"berocket_lgv_list_grid"},"acf":[],"aioseo_notices":[],"_links":{"self":[{"href":"https:\/\/todoenseguridad.com\/site\/wp-json\/wp\/v2\/product\/12123","targetHints":{"allow":["GET"]}}],"collection":[{"href":"https:\/\/todoenseguridad.com\/site\/wp-json\/wp\/v2\/product"}],"about":[{"href":"https:\/\/todoenseguridad.com\/site\/wp-json\/wp\/v2\/types\/product"}],"wp:featuredmedia":[{"embeddable":true,"href":"https:\/\/todoenseguridad.com\/site\/wp-json\/wp\/v2\/media\/12124"}],"wp:attachment":[{"href":"https:\/\/todoenseguridad.com\/site\/wp-json\/wp\/v2\/media?parent=12123"}],"wp:term":[{"taxonomy":"product_brand","embeddable":true,"href":"https:\/\/todoenseguridad.com\/site\/wp-json\/wp\/v2\/product_brand?post=12123"},{"taxonomy":"product_cat","embeddable":true,"href":"https:\/\/todoenseguridad.com\/site\/wp-json\/wp\/v2\/product_cat?post=12123"},{"taxonomy":"product_tag","embeddable":true,"href":"https:\/\/todoenseguridad.com\/site\/wp-json\/wp\/v2\/product_tag?post=12123"},{"taxonomy":"berocket_brand","embeddable":true,"href":"https:\/\/todoenseguridad.com\/site\/wp-json\/wp\/v2\/berocket_brand?post=12123"}],"curies":[{"name":"wp","href":"https:\/\/api.w.org\/{rel}","templated":true}]}}