{"id":12118,"date":"2023-01-30T14:51:11","date_gmt":"2023-01-30T19:51:11","guid":{"rendered":"https:\/\/todoenseguridad.com\/site\/?post_type=product&#038;p=12118"},"modified":"2026-03-30T16:03:03","modified_gmt":"2026-03-30T21:03:03","slug":"ps12dc4p-epcom-powerline-fuente-de-alimentacion-con-gabinete-de-4-salidas-de-11-15-vcc-5-amper","status":"publish","type":"product","link":"https:\/\/todoenseguridad.com\/site\/producto\/ps12dc4p-epcom-powerline-fuente-de-alimentacion-con-gabinete-de-4-salidas-de-11-15-vcc-5-amper\/","title":{"rendered":"PS12DC4P EPCOM POWERLINE Fuente de Alimentaci\u00f3n con Gabinete de 4 Salidas de 11 &#8211; 15 Vcc \/ 5 Amper"},"content":{"rendered":"<h3 id=\"product_title_176573\" class=\"no_margin_top titulo_vista_producto\"><span style=\"color: #0000ff;\"><span class=\"modelo-marca\">PS12DC4P<\/span> EPCOM POWERLINE Fuente de Alimentaci\u00f3n con Gabinete de 4 Salidas de 11 &#8211; 15 Vcc \/ 5 Amper \/ Voltaje de Entrada: 96 &#8211; 264 Vca \/ Soporta Proteccion contra Sobrecorriente de Salida, Proteccion contra Cortocircuito \/ Led Indicador<\/span><\/h3>\n<p>&nbsp;<\/p>\n<p><span style=\"color: #000000;\"><strong>Introducci\u00f3n:<\/strong><\/span><\/p>\n<p><span style=\"color: #000000;\">La eficiencia de conversi\u00f3n de este modelo es superior al 85%, con protecci\u00f3n contra sobrecorriente de salida, protecci\u00f3n contra cortocircuitos, con voltaje de salida constante, etc.<\/span><\/p>\n<p><span style=\"color: #000000;\"><strong>Funcionamiento:<\/strong><\/span><\/p>\n<p><span style=\"color: #000000;\">La luz verde enviende con con una entrada de alimentaci\u00f3n CA de 100-240 V, suminstrando as\u00ed a la carga la alimentaci\u00f3n requerida. Cuando falla la energ\u00eda, la luz del led que est\u00e1 en rojo enciende. El sistema se reiniciar\u00e1 autom\u00e1ticamente cuando vuelva la alimentaci\u00f3n de la red a su estado normal y estar\u00e1 preparado para la pr\u00f3xima vez.<\/span><\/p>\n<p><span style=\"color: #000000;\"><strong>Caracter\u00edsticas:<\/strong><\/span><\/p>\n<p><span style=\"color: #000000;\">Voltaje de entrada: 96-264 Vca\u00a0 47-63 Hz<\/span><\/p>\n<p><span style=\"color: #000000;\">Corriente de entrada: 1.5 A<\/span><br \/>\n<span style=\"color: #000000;\">Voltaje de salida: 11-15 Vcc<\/span><\/p>\n<p><span style=\"color: #000000;\"><strong>4 salidas<\/strong><\/span><br \/>\n<span style=\"color: #000000;\">Corriente de salida: 5 A<\/span><br \/>\n<span style=\"color: #000000;\">Temperatura de operaci\u00f3n: -20~45\u00b0C<\/span><br \/>\n<span style=\"color: #000000;\">Humedad de operaci\u00f3n: 20%~90%RH, sin condesaci\u00f3n<\/span><br \/>\n<span style=\"color: #000000;\">Tama\u00f1o: 187mm*193mm*90mm (L*W*H)<\/span><\/p>\n<p><span style=\"color: #000000;\"><strong>&#8211; 1 A\u00f1o de Garant\u00eda<\/strong>\u00a0<\/span><\/p>\n","protected":false},"excerpt":{"rendered":"<p>PS12DC4P EPCOM POWERLINE Fuente de Alimentaci\u00f3n con Gabinete de 4 Salidas de 11 &#8211; 15 Vcc \/ 5 Amper \/ Voltaje de Entrada: 96 &#8211; 264 Vca \/ Soporta Proteccion contra Sobrecorriente de Salida, Proteccion contra Cortocircuito \/ Led Indicador &nbsp; Introducci\u00f3n: La eficiencia de conversi\u00f3n de este modelo es superior al 85%, con protecci\u00f3n [&hellip;]<\/p>\n","protected":false},"featured_media":12119,"template":"","meta":{"_acf_changed":false},"product_brand":[],"product_cat":[59,67],"product_tag":[],"berocket_brand":[],"class_list":{"0":"post-12118","1":"product","2":"type-product","3":"status-publish","4":"has-post-thumbnail","6":"product_cat-accesorios-camaras-hd","7":"product_cat-fuentes-de-energia","9":"first","10":"instock","11":"taxable","12":"shipping-taxable","13":"purchasable","14":"product-type-simple","15":"berocket_lgv_grid","16":"berocket_lgv_list_grid"},"acf":[],"aioseo_notices":[],"_links":{"self":[{"href":"https:\/\/todoenseguridad.com\/site\/wp-json\/wp\/v2\/product\/12118","targetHints":{"allow":["GET"]}}],"collection":[{"href":"https:\/\/todoenseguridad.com\/site\/wp-json\/wp\/v2\/product"}],"about":[{"href":"https:\/\/todoenseguridad.com\/site\/wp-json\/wp\/v2\/types\/product"}],"wp:featuredmedia":[{"embeddable":true,"href":"https:\/\/todoenseguridad.com\/site\/wp-json\/wp\/v2\/media\/12119"}],"wp:attachment":[{"href":"https:\/\/todoenseguridad.com\/site\/wp-json\/wp\/v2\/media?parent=12118"}],"wp:term":[{"taxonomy":"product_brand","embeddable":true,"href":"https:\/\/todoenseguridad.com\/site\/wp-json\/wp\/v2\/product_brand?post=12118"},{"taxonomy":"product_cat","embeddable":true,"href":"https:\/\/todoenseguridad.com\/site\/wp-json\/wp\/v2\/product_cat?post=12118"},{"taxonomy":"product_tag","embeddable":true,"href":"https:\/\/todoenseguridad.com\/site\/wp-json\/wp\/v2\/product_tag?post=12118"},{"taxonomy":"berocket_brand","embeddable":true,"href":"https:\/\/todoenseguridad.com\/site\/wp-json\/wp\/v2\/berocket_brand?post=12118"}],"curies":[{"name":"wp","href":"https:\/\/api.w.org\/{rel}","templated":true}]}}