{"id":12040,"date":"2022-09-02T13:34:12","date_gmt":"2022-09-02T18:34:12","guid":{"rendered":"https:\/\/todoenseguridad.com\/site\/?post_type=product&#038;p=12040"},"modified":"2026-03-30T16:07:42","modified_gmt":"2026-03-30T21:07:42","slug":"dhi-ard323-w2s-dahua-contacto-magnetico-inalambrico-interior-pequeno-1-entrada-de-contacto-seco-led-indicador-alarma-de-bateria-baja","status":"publish","type":"product","link":"https:\/\/todoenseguridad.com\/site\/producto\/dhi-ard323-w2s-dahua-contacto-magnetico-inalambrico-interior-pequeno-1-entrada-de-contacto-seco-led-indicador-alarma-de-bateria-baja\/","title":{"rendered":"DHI-ARD323-W2(S) DAHUA Contacto Magn\u00e9tico Inal\u00e1mbrico Interior Peque\u00f1o\/ 1 Entrada de Contacto Seco\/ Led Indicador\/ Alarma de Bater\u00eda Baja"},"content":{"rendered":"<h2 class=\\\"mb-3\\\"><span style=\\\"color: #0000ff\\\">DHI-ARD323-W2(S) DAHUA<\/span> <span style=\\\"color: #0000ff\\\">Contacto Magn\u00e9tico Inal\u00e1mbrico Interior Peque\u00f1o\/ 1 Entrada de Contacto Seco\/ Led Indicador\/ Alarma de Bater\u00eda Baja\/ Detecci\u00f3n de Intensidad de Se\u00f1al\/ Funci\u00f3n de Salto de Frecuencia<\/span><\/h2>\n<p>&nbsp;<\/p>\n<h2 class=\\\"card-title text-center\\\"><span style=\\\"color: #000000\\\">Informaci\u00f3n General<\/span><\/h2>\n<h2><span style=\\\"color: #000000\\\">Detector de puerta inal\u00e1mbrico<\/span><\/h2>\n<p><span style=\\\"color: #000000\\\">El magn\u00e9tico de puerta inal\u00e1mbrico para interior es un detector que consta de un sensor y un im\u00e1n que puede activar una alarma cuando se abre una puerta o ventana, adem\u00e1s de contar con una entrada para agregar un dispositivo cableado. Puede mostrar el estado de apertura y cierre en la aplicaci\u00f3n DMSS en tiempo real y proporciona notificaciones oportunas de eventos de alarma a trav\u00e9s de la aplicaci\u00f3n DMSS en tiempo real, actuando como un mecanismo de monitoreo. Instalaci\u00f3n, configuraci\u00f3n y enrolamiento sencillo a trav\u00e9s de c\u00f3digo QR desde la comodidad de la aplicaci\u00f3n m\u00f3vil DMSS (para usuarios finales) para tel\u00e9fonos iOS y Android<\/span><\/p>\n<p>&nbsp;<\/p>\n<h2><span style=\\\"color: #000000\\\">Funcionamiento<\/span><\/h2>\n<p><span style=\\\"color: #000000\\\">Se empotra el contacto magn\u00e9tico para interior de puerta y\/o ventana\u00a0inal\u00e1mbrico y cuando se abra la puerta ilegalmente usted recibir\u00e1 una advertencia. Adopta la \u00faltima tecnolog\u00eda de ahorro de energ\u00eda<\/span><\/p>\n<h2><span style=\\\"color: #000000\\\">Principales Caracter\u00edsticas<\/span><\/h2>\n<ul>\n<li><span style=\\\"color: #000000\\\">Puerto para perif\u00e9rico cableado<\/span><\/li>\n<li><span style=\\\"color: #000000\\\">Indicador led verde de alarma<\/span><\/li>\n<li><span style=\\\"color: #000000\\\">Tamper antisabotaje<\/span><\/li>\n<li><span style=\\\"color: #000000\\\">Medici\u00f3n y Alarma de bater\u00eda baja del dispositivo<\/span><\/li>\n<li><span style=\\\"color: #000000\\\">Medici\u00f3n de temperatura ambiente<\/span><\/li>\n<li><span style=\\\"color: #000000\\\">Detecci\u00f3n de intensidad de se\u00f1al<\/span><\/li>\n<li><span style=\\\"color: #000000\\\">Vinculaci\u00f3n Alarma &#8211; Sirena, cuando se activa una alarma, el sensor informar\u00e1 los eventos de alarma al HUB y alertar\u00e1n con una sirena<\/span><\/li>\n<li><span style=\\\"color: #000000\\\">Vinculaci\u00f3n Alarma &#8211; Video, cuando se activa una alarma, el sensor informar\u00e1 los eventos de alarma al HUB y luego se vincular\u00e1n con videos<\/span><\/li>\n<li><span style=\\\"color: #000000\\\">La funci\u00f3n de salto de frecuencia y la tecnolog\u00eda de comunicaci\u00f3n bidireccional garantizan la estabilidad de la comunicaci\u00f3n<\/span><\/li>\n<li><span style=\\\"color: #000000\\\">Actualizaci\u00f3n en la nube y recuperaci\u00f3n autom\u00e1tica de errores de actualizaci\u00f3n<\/span><\/li>\n<\/ul>\n<h2><span style=\\\"color: #000000\\\">Especificaciones<\/span><\/h2>\n<ul>\n<li><span style=\\\"color: #000000\\\">Fuente de alimentaci\u00f3n bater\u00eda CR123A (incluida)<\/span><\/li>\n<li><span style=\\\"color: #000000\\\">Duraci\u00f3n de bater\u00eda de hasta 5 a\u00f1os<\/span><\/li>\n<li><span style=\\\"color: #000000\\\">Dimensiones producto 100,2 mm \u00d7 21,0 mm \u00d7 21,3 mm y 37,8 mm \u00d7 13,5 mm y 14,0 mm (Largo \u00d7 Ancho \u00d7 Alto)<\/span><\/li>\n<li><span style=\\\"color: #000000\\\">Dimensiones empaque 135,0 mm \u00d7 98,5 mm \u00d7 27,8 mm (Largo \u00d7 Ancho \u00d7 Alto)<\/span><\/li>\n<li><span style=\\\"color: #000000\\\">Peso bruto de 115 g<\/span><\/li>\n<li><span style=\\\"color: #000000\\\">Distancia de comunicaci\u00f3n hasta 1000 m<\/span><\/li>\n<li><span style=\\\"color: #000000\\\">Funci\u00f3n de salto de frecuencia (433,1 MHz\u2013434,6 MHz) y tecnolog\u00eda de comunicaci\u00f3n bidireccional encriptada en AES128 garantizando la estabilidad de la comunicaci\u00f3n<\/span><\/li>\n<li><span style=\\\"color: #000000\\\">Temperatura de funcionamiento en interior de \u2013 10 \u00b0C a +55 \u00b0C<\/span><\/li>\n<li><span style=\\\"color: #000000\\\">Paneles de fijaci\u00f3n (incluye tornillos y taquetes)<\/span><\/li>\n<\/ul>\n","protected":false},"excerpt":{"rendered":"<p>DHI-ARD323-W2(S) DAHUA Contacto Magn\u00e9tico Inal\u00e1mbrico Interior Peque\u00f1o\/ 1 Entrada de Contacto Seco\/ Led Indicador\/ Alarma de Bater\u00eda Baja\/ Detecci\u00f3n de Intensidad de Se\u00f1al\/ Funci\u00f3n de Salto de Frecuencia &nbsp; Informaci\u00f3n General Detector de puerta inal\u00e1mbrico El magn\u00e9tico de puerta inal\u00e1mbrico para interior es un detector que consta de un sensor y un im\u00e1n que puede [&hellip;]<\/p>\n","protected":false},"featured_media":12041,"template":"","meta":{"_acf_changed":false},"product_brand":[],"product_cat":[103,101],"product_tag":[],"berocket_brand":[],"class_list":{"0":"post-12040","1":"product","2":"type-product","3":"status-publish","4":"has-post-thumbnail","6":"product_cat-accesorios-alarmas","7":"product_cat-alarmas-y-hogar-inteligente-iot","9":"first","10":"instock","11":"taxable","12":"shipping-taxable","13":"purchasable","14":"product-type-simple","15":"berocket_lgv_grid","16":"berocket_lgv_list_grid"},"acf":[],"aioseo_notices":[],"_links":{"self":[{"href":"https:\/\/todoenseguridad.com\/site\/wp-json\/wp\/v2\/product\/12040","targetHints":{"allow":["GET"]}}],"collection":[{"href":"https:\/\/todoenseguridad.com\/site\/wp-json\/wp\/v2\/product"}],"about":[{"href":"https:\/\/todoenseguridad.com\/site\/wp-json\/wp\/v2\/types\/product"}],"wp:featuredmedia":[{"embeddable":true,"href":"https:\/\/todoenseguridad.com\/site\/wp-json\/wp\/v2\/media\/12041"}],"wp:attachment":[{"href":"https:\/\/todoenseguridad.com\/site\/wp-json\/wp\/v2\/media?parent=12040"}],"wp:term":[{"taxonomy":"product_brand","embeddable":true,"href":"https:\/\/todoenseguridad.com\/site\/wp-json\/wp\/v2\/product_brand?post=12040"},{"taxonomy":"product_cat","embeddable":true,"href":"https:\/\/todoenseguridad.com\/site\/wp-json\/wp\/v2\/product_cat?post=12040"},{"taxonomy":"product_tag","embeddable":true,"href":"https:\/\/todoenseguridad.com\/site\/wp-json\/wp\/v2\/product_tag?post=12040"},{"taxonomy":"berocket_brand","embeddable":true,"href":"https:\/\/todoenseguridad.com\/site\/wp-json\/wp\/v2\/berocket_brand?post=12040"}],"curies":[{"name":"wp","href":"https:\/\/api.w.org\/{rel}","templated":true}]}}