{"id":12032,"date":"2022-09-02T11:59:40","date_gmt":"2022-09-02T16:59:40","guid":{"rendered":"https:\/\/todoenseguridad.com\/site\/?post_type=product&#038;p=12032"},"modified":"2025-02-13T10:34:23","modified_gmt":"2025-02-13T15:34:23","slug":"dahua-sirena-inalambrica-para-exterior-con-estrobo-110db","status":"publish","type":"product","link":"https:\/\/todoenseguridad.com\/site\/producto\/dahua-sirena-inalambrica-para-exterior-con-estrobo-110db\/","title":{"rendered":"DHI-ARA13-W2 DAHUA Sirena Inal\u00e1mbrica para Exterior con Estrobo\/ 110dB\/ M\u00faltiples sonidos de Alarma\/ IP65\/ Alarma de Bater\u00eda Baja"},"content":{"rendered":"<h2 class=\"mb-3\"><span style=\"color: #0000ff;\">DHI-ARA13-W2 DAHUA<\/span> <span style=\"color: #0000ff;\">Sirena Inal\u00e1mbrica para Exterior con Estrobo\/ 110dB\/ M\u00faltiples sonidos de Alarma\/ IP65\/ Alarma de Bater\u00eda Baja<\/span><\/h2>\n<p>&nbsp;<\/p>\n<h2 class=\"card-title text-center\"><span style=\"color: #000000;\">Informaci\u00f3n General<\/span><\/h2>\n<p><span style=\"color: #000000;\">La sirena exterior inal\u00e1mbrica es una sirena con estrobo para exterior que emite un sonido fuerte cuando ocurre un evento de alarma, atrayendo la atenci\u00f3n de todos los que se encuentran cerca. Cuenta con alarma de luz y varios sonidos incluidos los de incendio, m\u00e9dico, intrusi\u00f3n, p\u00e1nico.<\/span><\/p>\n<h3><span style=\"color: #000000;\">Caracter\u00edsticas<\/span><\/h3>\n<ul>\n<li><span style=\"color: #000000;\">Producto para exterior IP65<\/span><\/li>\n<li><span style=\"color: #000000;\">M\u00faltiples sonidos de alarma: Incendio, m\u00e9dico, intrusi\u00f3n, p\u00e1nico y m\u00e1s<\/span><\/li>\n<li><span style=\"color: #000000;\">Nivel de presi\u00f3n sonora: 110 dB<\/span><\/li>\n<li><span style=\"color: #000000;\">Configuraci\u00f3n de 3 vol\u00famenes de sonido<\/span><\/li>\n<li><span style=\"color: #000000;\">Programaci\u00f3n de duraci\u00f3n de sonido de la sirena<\/span><\/li>\n<li><span style=\"color: #000000;\">Indicador led de estatus<\/span><\/li>\n<li><span style=\"color: #000000;\">Tamper antisabotaje<\/span><\/li>\n<li><span style=\"color: #000000;\">Medici\u00f3n y Alarma de bater\u00eda baja del dispositivo<\/span><\/li>\n<li><span style=\"color: #000000;\">Medici\u00f3n de temperatura ambiente<\/span><\/li>\n<li><span style=\"color: #000000;\">Detecci\u00f3n de intensidad de se\u00f1al<\/span><\/li>\n<li><span style=\"color: #000000;\">Vinculaci\u00f3n Alarma &#8211; Sirena, cuando se activa una alarma, el sensor informar\u00e1 los eventos de alarma al HUB y alertar\u00e1n con una sirena<\/span><\/li>\n<li><span style=\"color: #000000;\">La funci\u00f3n de salto de frecuencia y la tecnolog\u00eda de comunicaci\u00f3n bidireccional garantizan la estabilidad de la comunicaci\u00f3n<\/span><\/li>\n<li><span style=\"color: #000000;\">Actualizaci\u00f3n en la nube y recuperaci\u00f3n autom\u00e1tica de errores de actualizaci\u00f3n<\/span><\/li>\n<\/ul>\n<h2><\/h2>\n<h2><span style=\"color: #000000;\">Especificaciones<\/span><\/h2>\n<ul>\n<li><span style=\"color: #000000;\">Fuente de alimentaci\u00f3n de 4 bater\u00edas CR123A (incluidas)<\/span><\/li>\n<li><span style=\"color: #000000;\">Duraci\u00f3n de bater\u00edas de hasta 3 a\u00f1os<\/span><\/li>\n<li><span style=\"color: #000000;\">Terminal de alimentaci\u00f3n de 12 VCC\u00a0(cable no incluido)<\/span><\/li>\n<li><span style=\"color: #000000;\">Consumo: Corriente de reposo: 92 uA; Max. corriente: 420 mA<\/span><\/li>\n<li><span style=\"color: #000000;\">Dimensiones Producto 200 mm \u00d7 200 mm \u00d7 52,5 mm (Largo \u00d7 Ancho \u00d7 Alto)<\/span><\/li>\n<li><span style=\"color: #000000;\">Dimensiones Empaque 255 mm \u00d7 239 mm \u00d7 64 mm (Largo \u00d7 Ancho \u00d7 Alto)<\/span><\/li>\n<li><span style=\"color: #000000;\">Peso Bruto 920 g<\/span><\/li>\n<li><span style=\"color: #000000;\">Distancia de comunicaci\u00f3n hasta 1200 m<\/span><\/li>\n<li><span style=\"color: #000000;\">Funci\u00f3n de salto de frecuencia (433,1 MHz\u2013434,6 MHz) y tecnolog\u00eda de comunicaci\u00f3n bidireccional encriptada en AES128 garantizando la estabilidad de la comunicaci\u00f3n<\/span><\/li>\n<li><span style=\"color: #000000;\">Temperatura de funcionamiento en exterior de \u2013 25 \u00b0C a + 60 \u00b0C<\/span><\/li>\n<li><span style=\"color: #000000;\">Montaje a Pared (incluye tornillos y taquetes)<\/span><\/li>\n<\/ul>\n","protected":false},"excerpt":{"rendered":"<p>DHI-ARA13-W2 DAHUA Sirena Inal\u00e1mbrica para Exterior con Estrobo\/ 110dB\/ M\u00faltiples sonidos de Alarma\/ IP65\/ Alarma de Bater\u00eda Baja &nbsp; Informaci\u00f3n General La sirena exterior inal\u00e1mbrica es una sirena con estrobo para exterior que emite un sonido fuerte cuando ocurre un evento de alarma, atrayendo la atenci\u00f3n de todos los que se encuentran cerca. Cuenta con [&hellip;]<\/p>\n","protected":false},"featured_media":12033,"template":"","meta":{"_acf_changed":false},"product_brand":[],"product_cat":[103,101],"product_tag":[],"berocket_brand":[],"class_list":{"0":"post-12032","1":"product","2":"type-product","3":"status-publish","4":"has-post-thumbnail","6":"product_cat-accesorios-alarmas","7":"product_cat-alarmas-y-hogar-inteligente-iot","9":"first","10":"instock","11":"taxable","12":"shipping-taxable","13":"purchasable","14":"product-type-simple","15":"berocket_lgv_grid","16":"berocket_lgv_list_grid"},"acf":[],"aioseo_notices":[],"_links":{"self":[{"href":"https:\/\/todoenseguridad.com\/site\/wp-json\/wp\/v2\/product\/12032","targetHints":{"allow":["GET"]}}],"collection":[{"href":"https:\/\/todoenseguridad.com\/site\/wp-json\/wp\/v2\/product"}],"about":[{"href":"https:\/\/todoenseguridad.com\/site\/wp-json\/wp\/v2\/types\/product"}],"wp:featuredmedia":[{"embeddable":true,"href":"https:\/\/todoenseguridad.com\/site\/wp-json\/wp\/v2\/media\/12033"}],"wp:attachment":[{"href":"https:\/\/todoenseguridad.com\/site\/wp-json\/wp\/v2\/media?parent=12032"}],"wp:term":[{"taxonomy":"product_brand","embeddable":true,"href":"https:\/\/todoenseguridad.com\/site\/wp-json\/wp\/v2\/product_brand?post=12032"},{"taxonomy":"product_cat","embeddable":true,"href":"https:\/\/todoenseguridad.com\/site\/wp-json\/wp\/v2\/product_cat?post=12032"},{"taxonomy":"product_tag","embeddable":true,"href":"https:\/\/todoenseguridad.com\/site\/wp-json\/wp\/v2\/product_tag?post=12032"},{"taxonomy":"berocket_brand","embeddable":true,"href":"https:\/\/todoenseguridad.com\/site\/wp-json\/wp\/v2\/berocket_brand?post=12032"}],"curies":[{"name":"wp","href":"https:\/\/api.w.org\/{rel}","templated":true}]}}