{"id":12026,"date":"2022-09-02T11:37:34","date_gmt":"2022-09-02T16:37:34","guid":{"rendered":"https:\/\/todoenseguridad.com\/site\/?post_type=product&#038;p=12026"},"modified":"2026-03-30T16:13:20","modified_gmt":"2026-03-30T21:13:20","slug":"dahua-sirena-inalambrica-interior-105-db-3-3-niveles-de-volumen-led-indicador-alarma-de-bateria-baja","status":"publish","type":"product","link":"https:\/\/todoenseguridad.com\/site\/producto\/dahua-sirena-inalambrica-interior-105-db-3-3-niveles-de-volumen-led-indicador-alarma-de-bateria-baja\/","title":{"rendered":"DHI-ARA12-W2 DAHUA Sirena Inal\u00e1mbrica Interior\/ 105 dB +- 3\/ 3 Niveles de Volumen\/ Led Indicador\/ Alarma de Bater\u00eda Baja"},"content":{"rendered":"<h2 class=\"mb-3\"><span style=\"color: #0000ff;\">DHI-ARA12-W2 DAHUA Sirena Inal\u00e1mbrica Interior\/ 105 dB +- 3\/ 3 Niveles de Volumen\/ Led Indicador\/ Alarma de Bater\u00eda Baja\/ Medici\u00f3n de Temperatura\/ Funci\u00f3n de Salto de Frecuencia<\/span><\/h2>\n<h2><\/h2>\n<h2 class=\"card-title text-center\"><span style=\"color: #000000;\">Informaci\u00f3n General<\/span><\/h2>\n<h2><span style=\"color: #000000;\">Sirena Inal\u00e1mbrica<\/span><\/h2>\n<p><span style=\"color: #000000;\">La sirena inal\u00e1mbrica es una sirena para interior que emite una alerta sonora fuerte (hasta \u2265 105 \u00b1 3dB\\1M) cuando ocurre un evento de alarma que detecte el HUB. Cuenta con advertencia de peligro y disuasi\u00f3n de intrusi\u00f3n.<\/span><\/p>\n<h2><span style=\"color: #000000;\">Principales Caracter\u00edsticas<\/span><\/h2>\n<ul>\n<li class=\"ql-indent-1\"><span style=\"color: #000000;\">Ajuste de sonido (Seleccione entre bajo, medio y alto)<\/span><\/li>\n<li class=\"ql-indent-1\"><span style=\"color: #000000;\">Configuraci\u00f3n de duraci\u00f3n de sonido (de 3 s a 180 s)<\/span><\/li>\n<li class=\"ql-indent-1\"><span style=\"color: #000000;\">El tono de llamada al entrar o salir del modo de armado.\u00a0<\/span><\/li>\n<li class=\"ql-indent-1\"><span style=\"color: #000000;\">Indicador led verde de alarma<\/span><\/li>\n<li class=\"ql-indent-1\"><span style=\"color: #000000;\">Tamper antisabotaje<\/span><\/li>\n<li class=\"ql-indent-1\"><span style=\"color: #000000;\">Medici\u00f3n y Alarma de bater\u00eda baja del dispositivo<\/span><\/li>\n<li class=\"ql-indent-1\"><span style=\"color: #000000;\">Medici\u00f3n de temperatura ambiente<\/span><\/li>\n<li class=\"ql-indent-1\"><span style=\"color: #000000;\">Detecci\u00f3n de intensidad de se\u00f1al<\/span><\/li>\n<li class=\"ql-indent-1\"><span style=\"color: #000000;\">Vinculaci\u00f3n Alarma &#8211; Sirena, cuando se activa una alarma, el sensor informar\u00e1 los eventos de alarma al HUB y alertar\u00e1n con una sirena<\/span><\/li>\n<li class=\"ql-indent-1\"><span style=\"color: #000000;\">La funci\u00f3n de salto de frecuencia y la tecnolog\u00eda de comunicaci\u00f3n bidireccional garantizan la estabilidad de la comunicaci\u00f3n<\/span><\/li>\n<li class=\"ql-indent-1\"><span style=\"color: #000000;\">Actualizaci\u00f3n en la nube y recuperaci\u00f3n autom\u00e1tica de errores de actualizaci\u00f3n<\/span><\/li>\n<\/ul>\n<h2><\/h2>\n<h2><span style=\"color: #000000;\">Especificaciones<\/span><\/h2>\n<ul>\n<li><span style=\"color: #000000;\">Fuente de alimentaci\u00f3n 2 bater\u00edas CR123A (incluida)<\/span><\/li>\n<li><span style=\"color: #000000;\">Duraci\u00f3n de bater\u00eda de hasta 2 a\u00f1os<\/span><\/li>\n<li><span style=\"color: #000000;\">Intensidad de sonido 105 \u00b1 3 dB\\1M<\/span><\/li>\n<li><span style=\"color: #000000;\">Dimensiones producto 81,0 mm \u00d7 81,0 mm \u00d7 26,0 mm (Largo \u00d7 Ancho \u00d7 Alto)<\/span><\/li>\n<li><span style=\"color: #000000;\">Dimensiones empaque 135,0 mm \u00d7 98,5 mm \u00d7 56,8 mm (Largo \u00d7 Ancho \u00d7 Alto)<\/span><\/li>\n<li><span style=\"color: #000000;\">Peso bruto de 175 g<\/span><\/li>\n<li><span style=\"color: #000000;\">Carcasa de policarbonato y pl\u00e1stico ABS<\/span><\/li>\n<li><span style=\"color: #000000;\">Distancia de comunicaci\u00f3n hasta 800 m<\/span><\/li>\n<li><span style=\"color: #000000;\">Funci\u00f3n de salto de frecuencia (433,1 MHz\u2013434,6 MHz) y tecnolog\u00eda de comunicaci\u00f3n bidireccional encriptada en AES128 garantizando la estabilidad de la comunicaci\u00f3n<\/span><\/li>\n<li><span style=\"color: #000000;\">Temperatura de funcionamiento en interior de \u2013 10 \u00b0C a +55 \u00b0C<\/span><\/li>\n<li><span style=\"color: #000000;\">Panel de fijaci\u00f3n (incluye tornillos y taquetes)<\/span><\/li>\n<\/ul>\n","protected":false},"excerpt":{"rendered":"<p>DHI-ARA12-W2 DAHUA Sirena Inal\u00e1mbrica Interior\/ 105 dB +- 3\/ 3 Niveles de Volumen\/ Led Indicador\/ Alarma de Bater\u00eda Baja\/ Medici\u00f3n de Temperatura\/ Funci\u00f3n de Salto de Frecuencia Informaci\u00f3n General Sirena Inal\u00e1mbrica La sirena inal\u00e1mbrica es una sirena para interior que emite una alerta sonora fuerte (hasta \u2265 105 \u00b1 3dB\\1M) cuando ocurre un evento de [&hellip;]<\/p>\n","protected":false},"featured_media":12027,"template":"","meta":{"_acf_changed":false},"product_brand":[],"product_cat":[103,101],"product_tag":[],"berocket_brand":[],"class_list":{"0":"post-12026","1":"product","2":"type-product","3":"status-publish","4":"has-post-thumbnail","6":"product_cat-accesorios-alarmas","7":"product_cat-alarmas-y-hogar-inteligente-iot","9":"first","10":"instock","11":"taxable","12":"shipping-taxable","13":"purchasable","14":"product-type-simple","15":"berocket_lgv_grid","16":"berocket_lgv_list_grid"},"acf":[],"aioseo_notices":[],"_links":{"self":[{"href":"https:\/\/todoenseguridad.com\/site\/wp-json\/wp\/v2\/product\/12026","targetHints":{"allow":["GET"]}}],"collection":[{"href":"https:\/\/todoenseguridad.com\/site\/wp-json\/wp\/v2\/product"}],"about":[{"href":"https:\/\/todoenseguridad.com\/site\/wp-json\/wp\/v2\/types\/product"}],"wp:featuredmedia":[{"embeddable":true,"href":"https:\/\/todoenseguridad.com\/site\/wp-json\/wp\/v2\/media\/12027"}],"wp:attachment":[{"href":"https:\/\/todoenseguridad.com\/site\/wp-json\/wp\/v2\/media?parent=12026"}],"wp:term":[{"taxonomy":"product_brand","embeddable":true,"href":"https:\/\/todoenseguridad.com\/site\/wp-json\/wp\/v2\/product_brand?post=12026"},{"taxonomy":"product_cat","embeddable":true,"href":"https:\/\/todoenseguridad.com\/site\/wp-json\/wp\/v2\/product_cat?post=12026"},{"taxonomy":"product_tag","embeddable":true,"href":"https:\/\/todoenseguridad.com\/site\/wp-json\/wp\/v2\/product_tag?post=12026"},{"taxonomy":"berocket_brand","embeddable":true,"href":"https:\/\/todoenseguridad.com\/site\/wp-json\/wp\/v2\/berocket_brand?post=12026"}],"curies":[{"name":"wp","href":"https:\/\/api.w.org\/{rel}","templated":true}]}}