{"id":12023,"date":"2022-09-02T11:24:39","date_gmt":"2022-09-02T16:24:39","guid":{"rendered":"https:\/\/todoenseguridad.com\/site\/?post_type=product&#038;p=12023"},"modified":"2026-03-23T15:35:56","modified_gmt":"2026-03-23T20:35:56","slug":"dahua-kit-de-alarma-inalambrico-con-conexion-wifi-y-ethernet","status":"publish","type":"product","link":"https:\/\/todoenseguridad.com\/site\/producto\/dahua-kit-de-alarma-inalambrico-con-conexion-wifi-y-ethernet\/","title":{"rendered":"DHI-ART-ARC3000H-03-W2 DAHUA Kit de Alarma Inal\u00e1mbrico con Conexi\u00f3n Wifi y Ethernet\/ Monitoreo por APP\/ Incluye Panel WiFi Ethernet"},"content":{"rendered":"<h2 class=\\\"mb-3\\\"><span style=\\\"color: #0000ff\\\">DHI-ART-ARC3000H-03-W2 DAHUA Kit de Alarma Inal\u00e1mbrico con Conexi\u00f3n Wifi y Ethernet\/ Monitoreo por APP\/ Incluye Panel WiFi Ethernet; Un Sensor de Movimiento; Un Contacto Magn\u00e9tico; Un Control Remoto<\/span><\/h2>\n<p>&nbsp;<\/p>\n<h2 class=\\\"card-title text-center\\\"><span style=\\\"color: #000000\\\">Informaci\u00f3n General<\/span><\/h2>\n<h2 class=\\\"ql-align-center\\\"><span style=\\\"color: #000000\\\"><strong>Kit de Panel de Alarma de Intrusi\u00f3n Inal\u00e1mbrico (HUB)<\/strong><\/span><\/h2>\n<h3 class=\\\"ql-align-center\\\"><span style=\\\"color: #000000\\\">Red por cable Ethernet o WiFi<\/span><\/h3>\n<p class=\\\"ql-align-justify\\\"><span style=\\\"color: #000000\\\">Un dise\u00f1o completamente actual y un sistema tecnol\u00f3gico avanzado hacen que la nueva generaci\u00f3n de productos de alarma de intrusi\u00f3n inal\u00e1mbrica por medio de un HUB, sea mucho m\u00e1s f\u00e1cil de instalar, se vea mejor, se comunique de manera m\u00e1s confiable y funcione de manera estable. Desde la comodidad de las aplicaciones m\u00f3viles DMSS (iOS y Android), administre y controle sus dispositivos, reciba notificaciones en tiempo real, realice operaciones remotas y m\u00e1s.<\/span><\/p>\n<p><span style=\\\"color: #000000\\\">El kit contiene un concentrador de alarma de intrusi\u00f3n (HUB) modelo DHI-ARC3000H-W2 para comunicaciones por cable Ethernet o WiFi, un Sensor de Movimiento modelo DHI-ARD1233-W2, un Contacto Magn\u00e9tico modelo DHI-ARD323-W2 y un Control Remoto DHI-ARA24-W2<\/span><\/p>\n<h3><span style=\\\"color: #000000\\\">Caracter\u00edsticas Principales<\/span><\/h3>\n<ul>\n<li><span style=\\\"color: #000000\\\">Conexi\u00f3n del HUB por medio de red Ethernet por cable, o WiFi<\/span><\/li>\n<li><span style=\\\"color: #000000\\\">Admite 150 perif\u00e9ricos inal\u00e1mbricos (6 sirenas, 64 llaveros inal\u00e1mbricos).<\/span><\/li>\n<li><span style=\\\"color: #000000\\\">Visualizaci\u00f3n del estado de los perif\u00e9ricos (intensidad de la se\u00f1al, nivel de bater\u00eda, temperatura, versi\u00f3n del programa).<\/span><\/li>\n<li><span style=\\\"color: #000000\\\">Reposici\u00f3n autom\u00e1tica de red (ANR).<\/span><\/li>\n<li><span style=\\\"color: #000000\\\">Enlace de video en la aplicaci\u00f3n.<\/span><\/li>\n<li><span style=\\\"color: #000000\\\">Alarma de emergencia SOS.<\/span><\/li>\n<li><span style=\\\"color: #000000\\\">La funci\u00f3n de salto de frecuencia y la tecnolog\u00eda de comunicaci\u00f3n bidireccional garantizan la estabilidad de la comunicaci\u00f3n.<\/span><\/li>\n<li><span style=\\\"color: #000000\\\">Actualizaci\u00f3n en la nube y recuperaci\u00f3n autom\u00e1tica de fallas de actualizaci\u00f3n.<\/span><\/li>\n<\/ul>\n<h2><span style=\\\"color: #000000\\\">Protecci\u00f3n inteligente<\/span><\/h2>\n<p><span style=\\\"color: #000000\\\">Con la funci\u00f3n de salto de frecuencia (433,1 MHz\u2013434,6 MHz) y tecnolog\u00eda de comunicaci\u00f3n bidireccional encriptada en AES128, garantiza la estabilidad de la comunicaci\u00f3n. Adem\u00e1s, el dar de alta los dispositivos a trav\u00e9s de la App\u00a0DMSS\u00a0por medio de\u00a0c\u00f3digo\u00a0QR, hace muy sencilla la instalaci\u00f3n del sistema de alarma y sus dispositivos.<\/span><\/p>\n<p><span style=\\\"color: #000000\\\">La mayor\u00eda de los dispositivos cuentan con Indicador led de status de alarma,\u00a0tamper antisabotaje, medici\u00f3n y alarma de bater\u00eda baja del dispositivo, medici\u00f3n de temperatura ambiente, detecci\u00f3n de intensidad de se\u00f1al, Vinculaci\u00f3n Alarma &#8211; Sirena cuando se activa una alarma, Integraci\u00f3n Alarma &#8211; Video a trav\u00e9s de la App\u00a0DMSS\u00a0cuando se activa una alarma, configuraci\u00f3n remota, actualizaci\u00f3n en la nube y comprobaci\u00f3n del estado a trav\u00e9s de la aplicaci\u00f3n m\u00f3vil<\/span><\/p>\n<h2><span style=\\\"color: #000000\\\">Especificaciones<\/span><\/h2>\n<ul>\n<li><span style=\\\"color: #000000\\\">Dimensiones empaque 219,0 mm \u00d7 187,0 mm \u00d7 91,0 mm (Largo \u00d7 Ancho \u00d7 Alto)<\/span><\/li>\n<li><span style=\\\"color: #000000\\\">Peso Bruto 1,150 g<\/span><\/li>\n<li><span style=\\\"color: #000000\\\">Carcasa de policarbonato y pl\u00e1stico ABS color blanco<\/span><\/li>\n<li><span style=\\\"color: #000000\\\">Funci\u00f3n de salto de frecuencia (433,1 MHz\u2013434,6 MHz) y tecnolog\u00eda de comunicaci\u00f3n bidireccional encriptada en AES128 garantizando la estabilidad de la comunicaci\u00f3n<\/span><\/li>\n<li><span style=\\\"color: #000000\\\">Actualizaci\u00f3n en la nube y recuperaci\u00f3n autom\u00e1tica de errores de actualizaci\u00f3n<\/span><\/li>\n<\/ul>\n<p><span style=\\\"color: #000000\\\">(Especificaciones en particular de cada dispositivo en su respectiva p\u00e1gina)<\/span><\/p>\n","protected":false},"excerpt":{"rendered":"<p>DHI-ART-ARC3000H-03-W2 DAHUA Kit de Alarma Inal\u00e1mbrico con Conexi\u00f3n Wifi y Ethernet\/ Monitoreo por APP\/ Incluye Panel WiFi Ethernet; Un Sensor de Movimiento; Un Contacto Magn\u00e9tico; Un Control Remoto &nbsp; Informaci\u00f3n General Kit de Panel de Alarma de Intrusi\u00f3n Inal\u00e1mbrico (HUB) Red por cable Ethernet o WiFi Un dise\u00f1o completamente actual y un sistema tecnol\u00f3gico avanzado [&hellip;]<\/p>\n","protected":false},"featured_media":12024,"template":"","meta":{"_acf_changed":false},"product_brand":[],"product_cat":[101,102],"product_tag":[],"berocket_brand":[],"class_list":{"0":"post-12023","1":"product","2":"type-product","3":"status-publish","4":"has-post-thumbnail","6":"product_cat-alarmas-y-hogar-inteligente-iot","7":"product_cat-kit","9":"first","10":"instock","11":"taxable","12":"shipping-taxable","13":"purchasable","14":"product-type-simple","15":"berocket_lgv_grid","16":"berocket_lgv_list_grid"},"acf":[],"aioseo_notices":[],"_links":{"self":[{"href":"https:\/\/todoenseguridad.com\/site\/wp-json\/wp\/v2\/product\/12023","targetHints":{"allow":["GET"]}}],"collection":[{"href":"https:\/\/todoenseguridad.com\/site\/wp-json\/wp\/v2\/product"}],"about":[{"href":"https:\/\/todoenseguridad.com\/site\/wp-json\/wp\/v2\/types\/product"}],"wp:featuredmedia":[{"embeddable":true,"href":"https:\/\/todoenseguridad.com\/site\/wp-json\/wp\/v2\/media\/12024"}],"wp:attachment":[{"href":"https:\/\/todoenseguridad.com\/site\/wp-json\/wp\/v2\/media?parent=12023"}],"wp:term":[{"taxonomy":"product_brand","embeddable":true,"href":"https:\/\/todoenseguridad.com\/site\/wp-json\/wp\/v2\/product_brand?post=12023"},{"taxonomy":"product_cat","embeddable":true,"href":"https:\/\/todoenseguridad.com\/site\/wp-json\/wp\/v2\/product_cat?post=12023"},{"taxonomy":"product_tag","embeddable":true,"href":"https:\/\/todoenseguridad.com\/site\/wp-json\/wp\/v2\/product_tag?post=12023"},{"taxonomy":"berocket_brand","embeddable":true,"href":"https:\/\/todoenseguridad.com\/site\/wp-json\/wp\/v2\/berocket_brand?post=12023"}],"curies":[{"name":"wp","href":"https:\/\/api.w.org\/{rel}","templated":true}]}}