{"id":11922,"date":"2022-06-21T13:37:09","date_gmt":"2022-06-21T18:37:09","guid":{"rendered":"https:\/\/todoenseguridad.com\/site\/?post_type=product&#038;p=11922"},"modified":"2026-03-30T16:14:28","modified_gmt":"2026-03-30T21:14:28","slug":"p8turbowdnv2-epcom-camara-pinhole-turbohd-1080p-ahd-analogico-lente-3-7-mm-wdr-100db-ideal-para-contra-luz","status":"publish","type":"product","link":"https:\/\/todoenseguridad.com\/site\/producto\/p8turbowdnv2-epcom-camara-pinhole-turbohd-1080p-ahd-analogico-lente-3-7-mm-wdr-100db-ideal-para-contra-luz\/","title":{"rendered":"P8TURBOWDNV2 EPCOM C\u00e1mara Pinhole TurboHD 1080p, AHD, analogico\/ lente 3.7 mm \/ WDR 100dB ideal para contra luz"},"content":{"rendered":"<h2 id=\\\"product_title_187679\\\" class=\\\"no_margin_top titulo_vista_producto\\\"><span style=\\\"color: #0000ff\\\"><span class=\\\"modelo-marca\\\">P8TURBOWDNV2<\/span> EPCOM C\u00e1mara Pinhole TurboHD 1080p, AHD, analogico\/ lente 3.7 mm \/ WDR 100dB ideal para contra luz\/ d\u00eda y noche<\/span><\/h2>\n<p><span style=\\\"color: #000000\\\"><strong>Caracter\u00edsticas de la C\u00e1mara:<\/strong><\/span><br \/>\n<span style=\\\"color: #000000\\\">\u2022\u00a01\/2.9\u201c CMOS Sensor SONY EXmor.<\/span><br \/>\n<span style=\\\"color: #000000\\\">\u2022 Resoluci\u00f3n de 2 Mp (1920 X 1080).<\/span><br \/>\n<span style=\\\"color: #000000\\\">\u2022\u00a0D\u00eda \/ Noche<\/span><br \/>\n<span style=\\\"color: #000000\\\">\u2022 Iluminaci\u00f3n m\u00ednima color: 0.1lux.<\/span><br \/>\n<span style=\\\"color: #000000\\\">\u2022 Salida de video TurboHD 1080p, AHD 1080p, CVI (Seleccionable por switch) y an\u00e1loga\u00a0(Salida simultanea).\u200b<\/span><br \/>\n<span style=\\\"color: #000000\\\">\u200b\u2022 WDR 100dB ideal para la instalaci\u00f3n a contra luz y obtener la mejor imagen.<\/span><br \/>\n<span style=\\\"color: #000000\\\">\u2022 Funciones:\u00a0Auto Defog, HLC, mascara de privacidad, detecci\u00f3n de movimiento, 2D\/3D DNR.<\/span><br \/>\n<span style=\\\"color: #000000\\\">\u200b\u2022 Menu OSD.<\/span><\/p>\n<p><span style=\\\"color: #000000\\\"><strong>Especificaciones:<\/strong><\/span><br \/>\n<span style=\\\"color: #000000\\\">\u2022 Lente 3.7 mm.<\/span><br \/>\n<span style=\\\"color: #000000\\\">\u2022 Consumo: &lt;2W.<\/span><br \/>\n<span style=\\\"color: #000000\\\">\u2022 Alimentaci\u00f3n: 12 Vcd.<\/span><br \/>\n<span style=\\\"color: #000000\\\">\u2022 Uso en interior con proteccion IP60.\u200b<\/span><br \/>\n<span style=\\\"color: #000000\\\">\u2022 Dimensiones: 49 (L) \u00d7 48.5 (A) \u00d7 15 (P) mm<\/span><br \/>\n<span style=\\\"color: #000000\\\">\u2022 Peso: 375 gr.<\/span><\/p>\n<p><span style=\\\"color: #000000\\\"><strong>Nota<\/strong>\u00a0:No aplicable a ilumincadores IR<\/span><\/p>\n","protected":false},"excerpt":{"rendered":"<p>P8TURBOWDNV2 EPCOM C\u00e1mara Pinhole TurboHD 1080p, AHD, analogico\/ lente 3.7 mm \/ WDR 100dB ideal para contra luz\/ d\u00eda y noche Caracter\u00edsticas de la C\u00e1mara: \u2022\u00a01\/2.9\u201c CMOS Sensor SONY EXmor. \u2022 Resoluci\u00f3n de 2 Mp (1920 X 1080). \u2022\u00a0D\u00eda \/ Noche \u2022 Iluminaci\u00f3n m\u00ednima color: 0.1lux. \u2022 Salida de video TurboHD 1080p, AHD 1080p, CVI [&hellip;]<\/p>\n","protected":false},"featured_media":11923,"template":"","meta":{"_acf_changed":false},"product_brand":[],"product_cat":[104,105],"product_tag":[],"berocket_brand":[],"class_list":{"0":"post-11922","1":"product","2":"type-product","3":"status-publish","4":"has-post-thumbnail","6":"product_cat-cctv-hdcvi","7":"product_cat-ocultas-miniatura","9":"first","10":"instock","11":"taxable","12":"shipping-taxable","13":"purchasable","14":"product-type-simple","15":"berocket_lgv_grid","16":"berocket_lgv_list_grid"},"acf":[],"aioseo_notices":[],"_links":{"self":[{"href":"https:\/\/todoenseguridad.com\/site\/wp-json\/wp\/v2\/product\/11922","targetHints":{"allow":["GET"]}}],"collection":[{"href":"https:\/\/todoenseguridad.com\/site\/wp-json\/wp\/v2\/product"}],"about":[{"href":"https:\/\/todoenseguridad.com\/site\/wp-json\/wp\/v2\/types\/product"}],"wp:featuredmedia":[{"embeddable":true,"href":"https:\/\/todoenseguridad.com\/site\/wp-json\/wp\/v2\/media\/11923"}],"wp:attachment":[{"href":"https:\/\/todoenseguridad.com\/site\/wp-json\/wp\/v2\/media?parent=11922"}],"wp:term":[{"taxonomy":"product_brand","embeddable":true,"href":"https:\/\/todoenseguridad.com\/site\/wp-json\/wp\/v2\/product_brand?post=11922"},{"taxonomy":"product_cat","embeddable":true,"href":"https:\/\/todoenseguridad.com\/site\/wp-json\/wp\/v2\/product_cat?post=11922"},{"taxonomy":"product_tag","embeddable":true,"href":"https:\/\/todoenseguridad.com\/site\/wp-json\/wp\/v2\/product_tag?post=11922"},{"taxonomy":"berocket_brand","embeddable":true,"href":"https:\/\/todoenseguridad.com\/site\/wp-json\/wp\/v2\/berocket_brand?post=11922"}],"curies":[{"name":"wp","href":"https:\/\/api.w.org\/{rel}","templated":true}]}}