{"id":11873,"date":"2022-06-20T11:44:45","date_gmt":"2022-06-20T16:44:45","guid":{"rendered":"https:\/\/todoenseguridad.com\/site\/?post_type=product&#038;p=11873"},"modified":"2026-03-30T16:20:41","modified_gmt":"2026-03-30T21:20:41","slug":"pro-cat-6-plus-100m-linkedpro-by-epcom-cable-cat6-calibre-23-alto-rendimiento-etlul-con-garantia-de-25-anos-color-azul","status":"publish","type":"product","link":"https:\/\/todoenseguridad.com\/site\/producto\/pro-cat-6-plus-100m-linkedpro-by-epcom-cable-cat6-calibre-23-alto-rendimiento-etlul-con-garantia-de-25-anos-color-azul\/","title":{"rendered":"PRO-CAT-6-PLUS\/100M LINKEDPRO BY EPCOM Cable Cat6+ CALIBRE 23 ALTO RENDIMIENTO, ETL,UL, con garant\u00eda de 25 a\u00f1os, color azul"},"content":{"rendered":"<h2 id=\\\"product_title_77421\\\" class=\\\"no_margin_top titulo_vista_producto\\\"><span style=\\\"color: #0000ff\\\"><span class=\\\"modelo-marca\\\">PRO-CAT-6-PLUS\/100M<\/span> LINKEDPRO BY EPCOM Cable Cat6+ CALIBRE 23 ALTO RENDIMIENTO, ETL,UL, con garant\u00eda de 25 a\u00f1os, color azul, de 100 metros, super flexible, para aplicaciones de CCTV, video HD, y redes de datos<\/span><\/h2>\n<p><span style=\\\"color: #000000\\\"><strong>Cable de alto desempe\u00f1o super flexible<\/strong><\/span><\/p>\n<p><span style=\\\"color: #000000\\\">Dise\u00f1ado para: Aplicaciones de datos de alta velocidad, Fast Ethernet<\/span><\/p>\n<p><span style=\\\"color: #000000\\\"><strong>Caracter\u00edsticas:<\/strong><\/span><\/p>\n<ul>\n<li><span style=\\\"color: #000000\\\">CCTV IP Megapixel \/ Instalaciones de video an\u00e1logo \/ Redes locales de alta velocidad<\/span><\/li>\n<li><span style=\\\"color: #000000\\\">Redes inal\u00e1mbricas<\/span><\/li>\n<li><span style=\\\"color: #000000\\\">Para aplicaciones de alta velocidad de datos, Fast Ethernet y Gigabit Ethernet.<\/span><\/li>\n<li><span style=\\\"color: #000000\\\">Instalaciones Gigabit de voz\/datos<\/span><\/li>\n<\/ul>\n<div class=\\\"col-sm-4\\\">\n<div>\n<p><span style=\\\"color: #000000\\\"><strong>Caracter\u00edsticas F\u00edsicas y electricas:<\/strong><\/span><\/p>\n<ul>\n<li><span style=\\\"color: #000000\\\">Conductor: 100% Cobre.<\/span><\/li>\n<li><span style=\\\"color: #000000\\\"><strong>Aplicaci\u00f3n: Interior<\/strong><\/span><\/li>\n<li><span style=\\\"color: #000000\\\"><strong>Color Exterior: Azul.<\/strong><\/span><\/li>\n<li><span style=\\\"color: #000000\\\">Calibre: 23 (Alto Rendimiento)<\/span><\/li>\n<li><span style=\\\"color: #000000\\\">Aislamiento: PVC (CM)<\/span><\/li>\n<li><span style=\\\"color: #000000\\\">Sin blindaje.<\/span><\/li>\n<li><span style=\\\"color: #000000\\\">Di\u00e1metro: 6.1 mm.<\/span><\/li>\n<li><span style=\\\"color: #000000\\\">Frecuencia: 250 MHz<\/span><\/li>\n<\/ul>\n<div class=\\\"col-sm-4\\\">\n<div>\n<p><span style=\\\"color: #000000\\\"><strong>Estandares y certificaciones:<\/strong><\/span><\/p>\n<ul>\n<li><span style=\\\"color: #000000\\\">UL\u00a0: E488955<\/span><\/li>\n<li><span style=\\\"color: #000000\\\">ANSI\/TIA- 560-C.2<\/span><\/li>\n<li><span style=\\\"color: #000000\\\">ISO\/IEC<\/span><\/li>\n<li><span style=\\\"color: #000000\\\">CENELEC EN.<\/span><\/li>\n<li><span style=\\\"color: #000000\\\">RoHS<\/span><\/li>\n<li><span style=\\\"color: #000000\\\">Cumple con las Pruebas de Rendimiento para Enlace Permanente a 90 metros<\/span><\/li>\n<\/ul>\n<\/div>\n<\/div>\n<\/div>\n<\/div>\n","protected":false},"excerpt":{"rendered":"<p>PRO-CAT-6-PLUS\/100M LINKEDPRO BY EPCOM Cable Cat6+ CALIBRE 23 ALTO RENDIMIENTO, ETL,UL, con garant\u00eda de 25 a\u00f1os, color azul, de 100 metros, super flexible, para aplicaciones de CCTV, video HD, y redes de datos Cable de alto desempe\u00f1o super flexible Dise\u00f1ado para: Aplicaciones de datos de alta velocidad, Fast Ethernet Caracter\u00edsticas: CCTV IP Megapixel \/ Instalaciones [&hellip;]<\/p>\n","protected":false},"featured_media":11874,"template":"","meta":{"_acf_changed":false},"product_brand":[],"product_cat":[229,228,220],"product_tag":[],"berocket_brand":[],"class_list":{"0":"post-11873","1":"product","2":"type-product","3":"status-publish","4":"has-post-thumbnail","6":"product_cat-accesorios-de-redes","7":"product_cat-cables-utp","8":"product_cat-redes-de-datos","10":"first","11":"instock","12":"taxable","13":"shipping-taxable","14":"purchasable","15":"product-type-simple","16":"berocket_lgv_grid","17":"berocket_lgv_list_grid"},"acf":[],"aioseo_notices":[],"_links":{"self":[{"href":"https:\/\/todoenseguridad.com\/site\/wp-json\/wp\/v2\/product\/11873","targetHints":{"allow":["GET"]}}],"collection":[{"href":"https:\/\/todoenseguridad.com\/site\/wp-json\/wp\/v2\/product"}],"about":[{"href":"https:\/\/todoenseguridad.com\/site\/wp-json\/wp\/v2\/types\/product"}],"wp:featuredmedia":[{"embeddable":true,"href":"https:\/\/todoenseguridad.com\/site\/wp-json\/wp\/v2\/media\/11874"}],"wp:attachment":[{"href":"https:\/\/todoenseguridad.com\/site\/wp-json\/wp\/v2\/media?parent=11873"}],"wp:term":[{"taxonomy":"product_brand","embeddable":true,"href":"https:\/\/todoenseguridad.com\/site\/wp-json\/wp\/v2\/product_brand?post=11873"},{"taxonomy":"product_cat","embeddable":true,"href":"https:\/\/todoenseguridad.com\/site\/wp-json\/wp\/v2\/product_cat?post=11873"},{"taxonomy":"product_tag","embeddable":true,"href":"https:\/\/todoenseguridad.com\/site\/wp-json\/wp\/v2\/product_tag?post=11873"},{"taxonomy":"berocket_brand","embeddable":true,"href":"https:\/\/todoenseguridad.com\/site\/wp-json\/wp\/v2\/berocket_brand?post=11873"}],"curies":[{"name":"wp","href":"https:\/\/api.w.org\/{rel}","templated":true}]}}