{"id":11760,"date":"2022-06-15T11:21:59","date_gmt":"2022-06-15T16:21:59","guid":{"rendered":"https:\/\/todoenseguridad.com\/site\/?post_type=product&#038;p=11760"},"modified":"2026-03-23T16:34:06","modified_gmt":"2026-03-23T21:34:06","slug":"rg-rap6260g-ruijie-punto-de-acceso-wifi6-para-exterior-ip68-hasta-1775mbps-doble-banda-802-11ax-mu-mimo-2x2","status":"publish","type":"product","link":"https:\/\/todoenseguridad.com\/site\/producto\/rg-rap6260g-ruijie-punto-de-acceso-wifi6-para-exterior-ip68-hasta-1775mbps-doble-banda-802-11ax-mu-mimo-2x2\/","title":{"rendered":"RG-RAP6260(G) RUIJIE Punto de acceso WiFi6 para exterior IP68 hasta 1775Mbps doble banda 802.11AX MU-MIMO 2&#215;2"},"content":{"rendered":"<h2 id=\\\"product_title_203963\\\" class=\\\"no_margin_top titulo_vista_producto\\\"><span style=\\\"color: #0000ff\\\"><span class=\\\"modelo-marca\\\">RG-RAP6260(G)<\/span> RUIJIE Punto de acceso WiFi6 para exterior IP68 hasta 1775Mbps doble banda 802.11AX MU-MIMO 2&#215;2<\/span><\/h2>\n<div class=\\\"col-sm-4\\\">\n<div>\n<p><span style=\\\"color: #000000\\\"><strong>Caracter\u00edsticas principales:<\/strong><\/span><\/p>\n<ul>\n<li><span style=\\\"color: #000000\\\">Administraci\u00f3n en la nube (Sin Costo)<\/span><\/li>\n<li><span style=\\\"color: #000000\\\">Garant\u00eda de 3 a\u00f1os<\/span><\/li>\n<li><span style=\\\"color: #000000\\\">Monitoreo y configuraci\u00f3n remota<\/span><\/li>\n<\/ul>\n<div class=\\\"col-sm-4\\\">\n<div>\n<p><span style=\\\"color: #000000\\\"><strong>Accesorios sugeridos (No Incluidos) :<\/strong><\/span><\/p>\n<ul>\n<li><span style=\\\"color: #000000\\\">Inyector PoE 802.3at<\/span><\/li>\n<\/ul>\n<div class=\\\"col-sm-4\\\">\n<div>\n<p><span style=\\\"color: #000000\\\"><strong>Contenido del Paquete:<\/strong><\/span><\/p>\n<ul>\n<li><span style=\\\"color: #000000\\\">1pz AccessPoint RGRAP6260(G)<\/span><\/li>\n<li><span style=\\\"color: #000000\\\">Guia Rapida de Instalacion<\/span><\/li>\n<li><span style=\\\"color: #000000\\\">Tornilleria y montaje para instalacion<\/span><\/li>\n<\/ul>\n<\/div>\n<\/div>\n<\/div>\n<\/div>\n<\/div>\n<\/div>\n","protected":false},"excerpt":{"rendered":"<p>RG-RAP6260(G) RUIJIE Punto de acceso WiFi6 para exterior IP68 hasta 1775Mbps doble banda 802.11AX MU-MIMO 2&#215;2 Caracter\u00edsticas principales: Administraci\u00f3n en la nube (Sin Costo) Garant\u00eda de 3 a\u00f1os Monitoreo y configuraci\u00f3n remota Accesorios sugeridos (No Incluidos) : Inyector PoE 802.3at Contenido del Paquete: 1pz AccessPoint RGRAP6260(G) Guia Rapida de Instalacion Tornilleria y montaje para instalacion<\/p>\n","protected":false},"featured_media":11761,"template":"","meta":{"_acf_changed":false},"product_brand":[],"product_cat":[74,73,220,72],"product_tag":[],"berocket_brand":[],"class_list":{"0":"post-11760","1":"product","2":"type-product","3":"status-publish","4":"has-post-thumbnail","6":"product_cat-access-point-punto-de-accesso","7":"product_cat-interior","8":"product_cat-redes-de-datos","9":"product_cat-redes-inalambricas","11":"first","12":"instock","13":"taxable","14":"shipping-taxable","15":"purchasable","16":"product-type-simple","17":"berocket_lgv_grid","18":"berocket_lgv_list_grid"},"acf":[],"aioseo_notices":[],"_links":{"self":[{"href":"https:\/\/todoenseguridad.com\/site\/wp-json\/wp\/v2\/product\/11760","targetHints":{"allow":["GET"]}}],"collection":[{"href":"https:\/\/todoenseguridad.com\/site\/wp-json\/wp\/v2\/product"}],"about":[{"href":"https:\/\/todoenseguridad.com\/site\/wp-json\/wp\/v2\/types\/product"}],"wp:featuredmedia":[{"embeddable":true,"href":"https:\/\/todoenseguridad.com\/site\/wp-json\/wp\/v2\/media\/11761"}],"wp:attachment":[{"href":"https:\/\/todoenseguridad.com\/site\/wp-json\/wp\/v2\/media?parent=11760"}],"wp:term":[{"taxonomy":"product_brand","embeddable":true,"href":"https:\/\/todoenseguridad.com\/site\/wp-json\/wp\/v2\/product_brand?post=11760"},{"taxonomy":"product_cat","embeddable":true,"href":"https:\/\/todoenseguridad.com\/site\/wp-json\/wp\/v2\/product_cat?post=11760"},{"taxonomy":"product_tag","embeddable":true,"href":"https:\/\/todoenseguridad.com\/site\/wp-json\/wp\/v2\/product_tag?post=11760"},{"taxonomy":"berocket_brand","embeddable":true,"href":"https:\/\/todoenseguridad.com\/site\/wp-json\/wp\/v2\/berocket_brand?post=11760"}],"curies":[{"name":"wp","href":"https:\/\/api.w.org\/{rel}","templated":true}]}}