{"id":11741,"date":"2022-06-15T10:08:57","date_gmt":"2022-06-15T15:08:57","guid":{"rendered":"https:\/\/todoenseguridad.com\/site\/?post_type=product&#038;p=11741"},"modified":"2026-03-30T16:34:31","modified_gmt":"2026-03-30T21:34:31","slug":"mw325r-mercusys-router-inalambrico-n-2-4-ghz-de-300-mbps-1-puerto-wan-10-100-mbps-4-puertos-lan-10-100-mbps-con-4-antenas-de-5-dbi","status":"publish","type":"product","link":"https:\/\/todoenseguridad.com\/site\/producto\/mw325r-mercusys-router-inalambrico-n-2-4-ghz-de-300-mbps-1-puerto-wan-10-100-mbps-4-puertos-lan-10-100-mbps-con-4-antenas-de-5-dbi\/","title":{"rendered":"MW325R MERCUSYS Router Inal\u00e1mbrico N 2.4 GHz de 300 Mbps 1 puerto WAN 10\/100 Mbps 4 puertos LAN 10\/100 Mbps con 4 antenas de 5 dBi"},"content":{"rendered":"<h2 id=\\\"product_title_154812\\\" class=\\\"no_margin_top titulo_vista_producto\\\"><span style=\\\"color: #0000ff\\\"><span class=\\\"modelo-marca\\\">MW325R<\/span> MERCUSYS Router Inal\u00e1mbrico N 2.4 GHz de 300 Mbps 1 puerto WAN 10\/100 Mbps 4 puertos LAN 10\/100 Mbps con 4 antenas de 5 dBi<\/span><\/h2>\n<p><span style=\\\"color: #000000\\\"><strong>Caracteristicas principales<\/strong><\/span><\/p>\n<ul>\n<li><span style=\\\"color: #000000\\\">Cobertura M\u00e1xima \u2013 las cuatro antenas de 5dBi proporcionan hasta 500m2 (linea de vista libre)\u00a0de cobertura inal\u00e1mbrica.<\/span><\/li>\n<li><span style=\\\"color: #000000\\\">Se\u00f1al mejorada \u2013 las antenas de alta ganancia aumentan dr\u00e1sticamente la potencia de la se\u00f1al inal\u00e1mbrica, la extensi\u00f3n y la estabilidad.\u00a0<\/span><\/li>\n<li><span style=\\\"color: #000000\\\">Velocidad inal\u00e1mbrica de 300Mbps &#8211; ideal para el streaming en HD, video juegos en l\u00ednea y descarga de archivos de gran tama\u00f1o.\u00a0<\/span><\/li>\n<li><span style=\\\"color: #000000\\\">Instalaci\u00f3n f\u00e1cil \u2013 la p\u00e1gina web intuitiva lo guiar\u00e1 a trav\u00e9s del proceso de configuraci\u00f3n en cuesti\u00f3n de minutos.<\/span><\/li>\n<li><span style=\\\"color: #000000\\\">*Las especificaciones de alcance se basan en los resultados de las pruebas de desempe\u00f1o. El desempe\u00f1o real var\u00eda en funci\u00f3n de las aplicaciones y condiciones ambientales.<\/span><\/li>\n<\/ul>\n<p><span style=\\\"color: #000000\\\"><strong>\u00a0Especificaciones<\/strong><\/span><\/p>\n<ul>\n<li><span style=\\\"color: #000000\\\">4 puertos LAN 10\/100Mbps\u00a0<\/span><\/li>\n<li><span style=\\\"color: #000000\\\">1 puerto WAN 10\/100Mbps\u00a0<\/span><\/li>\n<li><span style=\\\"color: #000000\\\">Velocidad de transmision 300 Mbps<\/span><\/li>\n<li><span style=\\\"color: #000000\\\">4 Antenas externas omni direccionales de 5dBi\u00a0<\/span><\/li>\n<li><span style=\\\"color: #000000\\\">Estandares IEEE 802.11n, IEEE 802.11g, IEEE 802.11b<\/span><\/li>\n<li><span style=\\\"color: #000000\\\">Frecuencia\u00a0 2.4 &#8211; 2.4835GHz<\/span><\/li>\n<li><span style=\\\"color: #000000\\\">Seguridad inal\u00e1mbrica WPA-PSK \/ WPA2-PSK<\/span><\/li>\n<li><span style=\\\"color: #000000\\\">Potencia de transmision &lt;20dBm<\/span><\/li>\n<\/ul>\n<p><span style=\\\"color: #000000\\\"><strong>Caracteristicas fisicas y electricas\u00a0<\/strong><\/span><\/p>\n<ul>\n<li><span style=\\\"color: #000000\\\">Temperatura de operac\u00edon: 0\u2070C ~ 40\u2070C (32\u2070F ~ 104\u2070F)<\/span><\/li>\n<li><span style=\\\"color: #000000\\\">Temperatura de almacenamiento: -40\u2070C ~ 70\u2070C (-40\u2070F ~ 158\u2070F)<\/span><\/li>\n<li><span style=\\\"color: #000000\\\">Dimenciones (W X D X H) 167 x 118 x 33 mm<\/span><\/li>\n<li><span style=\\\"color: #000000\\\">Fuente de alimentacion externa\u00a09VDC\/0.6A<\/span><\/li>\n<\/ul>\n<p><span style=\\\"color: #000000\\\"><strong>Incluye<\/strong><\/span><\/p>\n<ul>\n<li><span style=\\\"color: #000000\\\">Router inal\u00e1mbrico MW325R<\/span><\/li>\n<li><span style=\\\"color: #000000\\\">Adaptador de poder<\/span><\/li>\n<li><span style=\\\"color: #000000\\\">Guia rapida de instalacion\u00a0<\/span><\/li>\n<li><span style=\\\"color: #000000\\\">Cable\u00a0Ethernet\u00a0<\/span><\/li>\n<\/ul>\n","protected":false},"excerpt":{"rendered":"<p>MW325R MERCUSYS Router Inal\u00e1mbrico N 2.4 GHz de 300 Mbps 1 puerto WAN 10\/100 Mbps 4 puertos LAN 10\/100 Mbps con 4 antenas de 5 dBi Caracteristicas principales Cobertura M\u00e1xima \u2013 las cuatro antenas de 5dBi proporcionan hasta 500m2 (linea de vista libre)\u00a0de cobertura inal\u00e1mbrica. Se\u00f1al mejorada \u2013 las antenas de alta ganancia aumentan dr\u00e1sticamente [&hellip;]<\/p>\n","protected":false},"featured_media":11742,"template":"","meta":{"_acf_changed":false},"product_brand":[],"product_cat":[220,222],"product_tag":[],"berocket_brand":[],"class_list":{"0":"post-11741","1":"product","2":"type-product","3":"status-publish","4":"has-post-thumbnail","6":"product_cat-redes-de-datos","7":"product_cat-ruteadores-de-datos","9":"first","10":"instock","11":"taxable","12":"shipping-taxable","13":"purchasable","14":"product-type-simple","15":"berocket_lgv_grid","16":"berocket_lgv_list_grid"},"acf":[],"aioseo_notices":[],"_links":{"self":[{"href":"https:\/\/todoenseguridad.com\/site\/wp-json\/wp\/v2\/product\/11741","targetHints":{"allow":["GET"]}}],"collection":[{"href":"https:\/\/todoenseguridad.com\/site\/wp-json\/wp\/v2\/product"}],"about":[{"href":"https:\/\/todoenseguridad.com\/site\/wp-json\/wp\/v2\/types\/product"}],"wp:featuredmedia":[{"embeddable":true,"href":"https:\/\/todoenseguridad.com\/site\/wp-json\/wp\/v2\/media\/11742"}],"wp:attachment":[{"href":"https:\/\/todoenseguridad.com\/site\/wp-json\/wp\/v2\/media?parent=11741"}],"wp:term":[{"taxonomy":"product_brand","embeddable":true,"href":"https:\/\/todoenseguridad.com\/site\/wp-json\/wp\/v2\/product_brand?post=11741"},{"taxonomy":"product_cat","embeddable":true,"href":"https:\/\/todoenseguridad.com\/site\/wp-json\/wp\/v2\/product_cat?post=11741"},{"taxonomy":"product_tag","embeddable":true,"href":"https:\/\/todoenseguridad.com\/site\/wp-json\/wp\/v2\/product_tag?post=11741"},{"taxonomy":"berocket_brand","embeddable":true,"href":"https:\/\/todoenseguridad.com\/site\/wp-json\/wp\/v2\/berocket_brand?post=11741"}],"curies":[{"name":"wp","href":"https:\/\/api.w.org\/{rel}","templated":true}]}}