{"id":11654,"date":"2022-06-09T14:57:41","date_gmt":"2022-06-09T19:57:41","guid":{"rendered":"https:\/\/todoenseguridad.com\/site\/?post_type=product&#038;p=11654"},"modified":"2026-03-23T16:50:00","modified_gmt":"2026-03-23T21:50:00","slug":"89373-yale-assa-abloy-kit-cerradura-electrica-321dc-derecha-y-hub-para-apertura-a-traves-de-smarphone-en-cualquier-parte-del-mundo","status":"publish","type":"product","link":"https:\/\/todoenseguridad.com\/site\/producto\/89373-yale-assa-abloy-kit-cerradura-electrica-321dc-derecha-y-hub-para-apertura-a-traves-de-smarphone-en-cualquier-parte-del-mundo\/","title":{"rendered":"89373 YALE-ASSA ABLOY Kit Cerradura El\u00e9ctrica 321DC Derecha y Hub para Apertura a trav\u00e9s de Smarphone en cualquier parte del mundo"},"content":{"rendered":"<h2 id=\\\"product_title_143448\\\" class=\\\"no_margin_top titulo_vista_producto\\\"><span style=\\\"color: #0000ff\\\"><span class=\\\"modelo-marca\\\">89373<\/span> YALE-ASSA ABLOY Kit Cerradura El\u00e9ctrica 321DC Derecha y Hub para Apertura a trav\u00e9s de Smarphone en cualquier parte del mundo<\/span><\/h2>\n<p><span style=\\\"color: #000000\\\">Yale Connect es un ecosistema para la apertura de la puerta a trav\u00e9s de su SMARTPHONE con las cerraduras aut\u00f3nomas de Assabloy. Ahora puede abrir la puerta desde cualquier parte del mundo!<\/span><\/p>\n<h3><span style=\\\"color: #000000\\\"><strong>El kit incluye:<\/strong><\/span><\/h3>\n<ul>\n<li><span style=\\\"color: #000000\\\">Cerradura\u00a0\u00a0<a style=\\\"color: #000000\\\" href=\\\"https:\/\/www.syscom.mx\/principal\/searchcont?route=321-DCD-ABG-ASSA-ABLOY-36771&amp;autodetect=321dc\\\">321-DCD-ABG<\/a><\/span><\/li>\n<li><span style=\\\"color: #000000\\\">M\u00f3dulo HUB <a style=\\\"color: #000000\\\" href=\\\"https:\/\/www.syscom.mx\/principal\/searchcont?route=51020-ASSA-ABLOY-143439&amp;autodetect=51020\\\">51020<\/a><\/span><\/li>\n<li><span style=\\\"color: #000000\\\">M\u00f3dulo de relevador compatible con HUB 51020<\/span><\/li>\n<li><span style=\\\"color: #000000\\\">Incluye 3 controles remotos.<\/span><\/li>\n<\/ul>\n<p>&nbsp;<\/p>\n<h3><span style=\\\"color: #000000\\\"><strong>Caracter\u00edsticas principales del ecosistema de Yale Connect:<\/strong><\/span><\/h3>\n<ul>\n<li><span style=\\\"color: #000000\\\">Asigne c\u00f3digos de acceso y manejo de cerraduras a visitantes desde cualquier lugar del mundo.<\/span><\/li>\n<li><span style=\\\"color: #000000\\\">Controla el uso de los dispositivos por fecha y horario.<\/span><\/li>\n<li><span style=\\\"color: #000000\\\">Controle y comparte de forma remota y segura.<\/span><\/li>\n<li><span style=\\\"color: #000000\\\"><strong>Utilice la se\u00f1al Wifi de su casa u oficina para administrar las cerraduras.<\/strong><\/span><\/li>\n<\/ul>\n<ul>\n<li><span style=\\\"color: #000000\\\">El uso del sistema es gratuito, no hay cargos mensuales por el uso o para usuarios adicionales.<\/span><\/li>\n<li><span style=\\\"color: #000000\\\">Agregue usuarios para controlar los dispositivos seleccionados, pudiendo restringir el uso por horario (fecha \/ hora).<\/span><\/li>\n<li><span style=\\\"color: #000000\\\">Cree c\u00f3digos de usuario (para cerraduras digitales de puertas) para usuarios sin la aplicaci\u00f3n Yale Connect.<\/span><\/li>\n<li><span style=\\\"color: #000000\\\">Sepa qui\u00e9n ha accedido a los dispositivos a trav\u00e9s de un reporte de auditor\u00eda.<\/span><\/li>\n<\/ul>\n<h3><span style=\\\"color: #000000\\\">\u00a0<strong>Caracter\u00edsticas del Hub:<\/strong><\/span><\/h3>\n<ul>\n<li><span style=\\\"color: #000000\\\">El Hub permite conectar hasta un m\u00e1ximo de 16 componentes.<\/span><\/li>\n<li><span style=\\\"color: #000000\\\">Requiere una red wifi para controlarse.<\/span><\/li>\n<li><span style=\\\"color: #000000\\\">Compatible con cerraduras YMF30\/40, Real Living.<\/span><\/li>\n<li><span style=\\\"color: #000000\\\">Requiere un Smartphone con al menos sistema operativo iOS7 + o Android 4.0.3 +<\/span><\/li>\n<li><span style=\\\"color: #000000\\\">Alimentaci\u00f3n: 5 V, 1 A., consume 1 W.<\/span><\/li>\n<li><span style=\\\"color: #000000\\\">Entrada micro USB.<\/span><\/li>\n<li><span style=\\\"color: #000000\\\">Compatible Wifi 2.4 GHz<\/span><\/li>\n<\/ul>\n<h3><span style=\\\"color: #000000\\\"><strong>Caracter\u00edsticas de la cerradura:<\/strong><\/span><\/h3>\n<ul>\n<li><span style=\\\"color: #000000\\\">Para puerta Derecha<\/span><\/li>\n<li><span style=\\\"color: #000000\\\">Pestillo con rodillo<\/span><\/li>\n<li><span style=\\\"color: #000000\\\">Color beige<\/span><\/li>\n<li><span style=\\\"color: #000000\\\">La cerradura tiene doble cerrojo.<\/span><\/li>\n<li><span style=\\\"color: #000000\\\">Voltaje de operaci\u00f3n (12 Vcd\/Vca) 3 A.<\/span><\/li>\n<li><span style=\\\"color: #000000\\\">Dimensiones del cuerpo: 129 x 103 x 38 mm.<\/span><\/li>\n<li><span style=\\\"color: #000000\\\">Llave convencional.<\/span><\/li>\n<li><span style=\\\"color: #000000\\\">Se activa recibiendo un pulso de voltaje por 2 seg, (no exponerlo a pulsos de voltaje por tiempos mayores a 2 seg).<\/span><\/li>\n<li><span style=\\\"color: #000000\\\">1 A\u00f1o de garant\u00eda.<\/span><\/li>\n<\/ul>\n<h1><span style=\\\"color: #000000\\\">Preguntas Frecuentes:<\/span><\/h1>\n<ul>\n<li><span style=\\\"color: #000000\\\"><strong>\u00bfHasta cuantos Hub puedo asociar a la aplicaci\u00f3n?\u00a0 \u00a0 \u00a0 \u00a0 \u00a0 \u00a0 \u00a0 \u00a0 \u00a0 \u00a0 \u00a0 \u00a0 \u00a0 \u00a0 \u00a0 \u00a0 \u00a0 \u00a0 \u00a0 \u00a0 \u00a0<\/strong><\/span>\n<ul>\n<li><span style=\\\"color: #000000\\\">Se puede asociar 16 Hub a la aplicaci\u00f3n, considerando 16 cerraduras por Hub se puede tener hasta 256 cerraduras en la aplicaci\u00f3n.<\/span><\/li>\n<\/ul>\n<\/li>\n<\/ul>\n<ul>\n<li><span style=\\\"color: #000000\\\"><strong>\u00bfCu\u00e1ntos administradores admite la aplicaci\u00f3n y cuantos usuarios simult\u00e1neos pueden asociarse por HUB?<\/strong><\/span>\n<ul>\n<li>\n<ul>\n<li><span style=\\\"color: #000000\\\">Solo se puede tener 1 cuenta administrador, la cual puede estar en sesi\u00f3n iniciada en varios dispositivos al mismo tiempo.<\/span><\/li>\n<\/ul>\n<\/li>\n<\/ul>\n<\/li>\n<li><span style=\\\"color: #000000\\\"><strong>\u00bfQu\u00e9 tiempo tarda la operaci\u00f3n de cambiar una contrase\u00f1a a un determinado Hub?<\/strong><\/span>\n<ul>\n<li><span style=\\\"color: #000000\\\">Hay un retardo de menos de un minuto al dar de alta un nuevo invitado.<\/span><\/li>\n<\/ul>\n<\/li>\n<\/ul>\n<ul>\n<li><span style=\\\"color: #000000\\\"><strong>\u00bfCu\u00e1nto dura la bater\u00eda en cada equipo?<\/strong><\/span>\n<ul>\n<li><span style=\\\"color: #000000\\\">En uso promedio, la bater\u00eda dura 1 a\u00f1o aproximadamente, con mayor uso de lo normal puede llegar a durar 6 meses, la cerradura da una alarma cuando se va a quedar sin bater\u00eda tanto local como en la aplicaci\u00f3n del celular.<\/span><\/li>\n<\/ul>\n<\/li>\n<li><span style=\\\"color: #000000\\\"><strong>\u00bfTienes un demo que pueda accesar de la aplicaci\u00f3n ya instalada asociada a Hub y cerraduras inteligentes?<\/strong><\/span>\n<ul>\n<li><span style=\\\"color: #000000\\\">En este momento no se cuenta con un sistema demo, si ser\u00eda necesario contar con un sistema b\u00e1sico de 1 cerradura y 1 Hub para poder hacer pruebas.<\/span><\/li>\n<\/ul>\n<\/li>\n<li><span style=\\\"color: #000000\\\"><strong>\u00bfToda la administraci\u00f3n de los equipos se hace a trav\u00e9s del aplicativo, o tambi\u00e9n se puede hacer a trav\u00e9s de un software de computadora o acceso web?<\/strong><\/span>\n<ul>\n<li><span style=\\\"color: #000000\\\">Toda la administraci\u00f3n se hace desde la aplicaci\u00f3n de celular, no es posible por software en computadora o acceso web.<\/span><\/li>\n<\/ul>\n<\/li>\n<li><span style=\\\"color: #000000\\\"><strong>\u00bfEl sistema puede generar reportes, \u00a0de apertura y cierre, \u00a0pre-alarmas o fallas, ejemplo falla de bater\u00eda del dispositivo y que se reporten al aplicativo, y\/o plataforma?<\/strong><\/span>\n<ul>\n<li><span style=\\\"color: #000000\\\">El sistema muestra los registros de uso de apertura y cierre, por teclado, manuales o por APP, tambi\u00e9n tiene notificaci\u00f3n PUSH que indican el estado de la cerradura, si est\u00e1 abierta o cerrada. OJO solo indica el estado de la cerradura, no de la puerta en s\u00ed, si la puerta fue forzada de alguna forma sin modificar o forzar la cerradura, la aplicaci\u00f3n no lo mostrar\u00e1.<\/span><\/li>\n<\/ul>\n<\/li>\n<li><span style=\\\"color: #000000\\\"><strong>\u00bfHay forma de saber si la puerta se encuentra abierta o cerrada, tendr\u00e1 el equipo alg\u00fan sensor de posici\u00f3n o contacto magn\u00e9tico de estado para diferenciar entre abierta y cerrada, as\u00ed mismo se refleja en la aplicaci\u00f3n?<\/strong><\/span><\/li>\n<li><span style=\\\"color: #000000\\\">Como se menciona en la pregunta anterior, la aplicaci\u00f3n si tiene estado de la cerradura, pero no de la puerta aun cuando se tenga un contacto magn\u00e9tico.<\/span><\/li>\n<\/ul>\n","protected":false},"excerpt":{"rendered":"<p>89373 YALE-ASSA ABLOY Kit Cerradura El\u00e9ctrica 321DC Derecha y Hub para Apertura a trav\u00e9s de Smarphone en cualquier parte del mundo Yale Connect es un ecosistema para la apertura de la puerta a trav\u00e9s de su SMARTPHONE con las cerraduras aut\u00f3nomas de Assabloy. Ahora puede abrir la puerta desde cualquier parte del mundo! El kit [&hellip;]<\/p>\n","protected":false},"featured_media":11655,"template":"","meta":{"_acf_changed":false},"product_brand":[],"product_cat":[100,96],"product_tag":[],"berocket_brand":[],"class_list":{"0":"post-11654","1":"product","2":"type-product","3":"status-publish","4":"has-post-thumbnail","6":"product_cat-accesorios-control-de-acceso","7":"product_cat-control-de-acceso","9":"first","10":"instock","11":"taxable","12":"shipping-taxable","13":"purchasable","14":"product-type-simple","15":"berocket_lgv_grid","16":"berocket_lgv_list_grid"},"acf":[],"aioseo_notices":[],"_links":{"self":[{"href":"https:\/\/todoenseguridad.com\/site\/wp-json\/wp\/v2\/product\/11654","targetHints":{"allow":["GET"]}}],"collection":[{"href":"https:\/\/todoenseguridad.com\/site\/wp-json\/wp\/v2\/product"}],"about":[{"href":"https:\/\/todoenseguridad.com\/site\/wp-json\/wp\/v2\/types\/product"}],"wp:featuredmedia":[{"embeddable":true,"href":"https:\/\/todoenseguridad.com\/site\/wp-json\/wp\/v2\/media\/11655"}],"wp:attachment":[{"href":"https:\/\/todoenseguridad.com\/site\/wp-json\/wp\/v2\/media?parent=11654"}],"wp:term":[{"taxonomy":"product_brand","embeddable":true,"href":"https:\/\/todoenseguridad.com\/site\/wp-json\/wp\/v2\/product_brand?post=11654"},{"taxonomy":"product_cat","embeddable":true,"href":"https:\/\/todoenseguridad.com\/site\/wp-json\/wp\/v2\/product_cat?post=11654"},{"taxonomy":"product_tag","embeddable":true,"href":"https:\/\/todoenseguridad.com\/site\/wp-json\/wp\/v2\/product_tag?post=11654"},{"taxonomy":"berocket_brand","embeddable":true,"href":"https:\/\/todoenseguridad.com\/site\/wp-json\/wp\/v2\/berocket_brand?post=11654"}],"curies":[{"name":"wp","href":"https:\/\/api.w.org\/{rel}","templated":true}]}}