{"id":11644,"date":"2022-06-09T14:09:56","date_gmt":"2022-06-09T19:09:56","guid":{"rendered":"https:\/\/todoenseguridad.com\/site\/?post_type=product&#038;p=11644"},"modified":"2026-03-23T17:04:57","modified_gmt":"2026-03-23T22:04:57","slug":"mag350h-accesspro-chapa-magnetica-350lbs-de-montaje-superficial-para-exterior-ip68","status":"publish","type":"product","link":"https:\/\/todoenseguridad.com\/site\/producto\/mag350h-accesspro-chapa-magnetica-350lbs-de-montaje-superficial-para-exterior-ip68\/","title":{"rendered":"MAG350H ACCESSPRO Chapa magn\u00e9tica 350LBs de montaje superficial para exterior IP68"},"content":{"rendered":"<h2 id=\\\"product_title_176868\\\" class=\\\"no_margin_top titulo_vista_producto\\\"><span style=\\\"color: #0000ff\\\"><span class=\\\"modelo-marca\\\">MAG350H<\/span> ACCESSPRO Chapa magn\u00e9tica 350LBs de montaje superficial para exterior IP68<\/span><\/h2>\n<p><span style=\\\"color: #000000\\\">MAG350H es una chapa magn\u00e9tica de 350LBS para exterior con protecci\u00f3n IP68 de r\u00e1pida instalaci\u00f3n y sin necesidad de montajes<\/span><\/p>\n<p>&nbsp;<\/p>\n","protected":false},"excerpt":{"rendered":"<p>MAG350H ACCESSPRO Chapa magn\u00e9tica 350LBs de montaje superficial para exterior IP68 MAG350H es una chapa magn\u00e9tica de 350LBS para exterior con protecci\u00f3n IP68 de r\u00e1pida instalaci\u00f3n y sin necesidad de montajes &nbsp;<\/p>\n","protected":false},"featured_media":11645,"template":"","meta":{"_acf_changed":false},"product_brand":[],"product_cat":[100,96],"product_tag":[],"berocket_brand":[],"class_list":{"0":"post-11644","1":"product","2":"type-product","3":"status-publish","4":"has-post-thumbnail","6":"product_cat-accesorios-control-de-acceso","7":"product_cat-control-de-acceso","9":"first","10":"instock","11":"taxable","12":"shipping-taxable","13":"purchasable","14":"product-type-simple","15":"berocket_lgv_grid","16":"berocket_lgv_list_grid"},"acf":[],"aioseo_notices":[],"_links":{"self":[{"href":"https:\/\/todoenseguridad.com\/site\/wp-json\/wp\/v2\/product\/11644","targetHints":{"allow":["GET"]}}],"collection":[{"href":"https:\/\/todoenseguridad.com\/site\/wp-json\/wp\/v2\/product"}],"about":[{"href":"https:\/\/todoenseguridad.com\/site\/wp-json\/wp\/v2\/types\/product"}],"wp:featuredmedia":[{"embeddable":true,"href":"https:\/\/todoenseguridad.com\/site\/wp-json\/wp\/v2\/media\/11645"}],"wp:attachment":[{"href":"https:\/\/todoenseguridad.com\/site\/wp-json\/wp\/v2\/media?parent=11644"}],"wp:term":[{"taxonomy":"product_brand","embeddable":true,"href":"https:\/\/todoenseguridad.com\/site\/wp-json\/wp\/v2\/product_brand?post=11644"},{"taxonomy":"product_cat","embeddable":true,"href":"https:\/\/todoenseguridad.com\/site\/wp-json\/wp\/v2\/product_cat?post=11644"},{"taxonomy":"product_tag","embeddable":true,"href":"https:\/\/todoenseguridad.com\/site\/wp-json\/wp\/v2\/product_tag?post=11644"},{"taxonomy":"berocket_brand","embeddable":true,"href":"https:\/\/todoenseguridad.com\/site\/wp-json\/wp\/v2\/berocket_brand?post=11644"}],"curies":[{"name":"wp","href":"https:\/\/api.w.org\/{rel}","templated":true}]}}