{"id":11636,"date":"2022-06-09T13:39:51","date_gmt":"2022-06-09T18:39:51","guid":{"rendered":"https:\/\/todoenseguridad.com\/site\/?post_type=product&#038;p=11636"},"modified":"2026-03-30T16:47:49","modified_gmt":"2026-03-30T21:47:49","slug":"mag600nled-accesspro-chapa-magnetica-600-lbs-con-led-ultra-brillante-libre-de-magnetismo-residual-sensor-de-estado-de-la-placa","status":"publish","type":"product","link":"https:\/\/todoenseguridad.com\/site\/producto\/mag600nled-accesspro-chapa-magnetica-600-lbs-con-led-ultra-brillante-libre-de-magnetismo-residual-sensor-de-estado-de-la-placa\/","title":{"rendered":"MAG600NLED ACCESSPRO Chapa magn\u00e9tica 600 lbs con LED Ultra-brillante\/ Libre de Magnetismo Residual \/ Sensor de estado de la placa"},"content":{"rendered":"<h2 id=\\\"product_title_151481\\\" class=\\\"no_margin_top titulo_vista_producto\\\"><span style=\\\"color: #0000ff\\\"><span class=\\\"modelo-marca\\\">MAG600NLED<\/span> ACCESSPRO Chapa magn\u00e9tica 600 lbs con LED Ultra-brillante\/ Libre de Magnetismo Residual \/ Sensor de estado de la placa<\/span><\/h2>\n<div class=\\\"col-sm-4\\\">\n<div>\n<p><span style=\\\"color: #000000\\\"><strong>Caracter\u00edsticas principales:<\/strong><\/span><\/p>\n<ul>\n<li><span style=\\\"color: #000000\\\">Fuerza de sujeci\u00f3n: 280 kg, (600lbs).<\/span><\/li>\n<li><span style=\\\"color: #000000\\\">Incluye magneto, placa y tornilleria.<\/span><\/li>\n<li><span style=\\\"color: #000000\\\">Sensor de puerta NO\/NC<\/span><\/li>\n<\/ul>\n<p><span style=\\\"color: #000000\\\"><strong>Caracter\u00edsticas F\u00edsicas y El\u00e9ctricas:<\/strong><\/span><\/p>\n<ul>\n<li><span style=\\\"color: #000000\\\">Voltaje:12\/24 Vcd+10% (seleccionable por jumper).<\/span><\/li>\n<li><span style=\\\"color: #000000\\\">Acabado del im\u00e1n: aluminio anodizado.<\/span><\/li>\n<li><span style=\\\"color: #000000\\\">Acabado de la placa: zinc.<\/span><\/li>\n<li><span style=\\\"color: #000000\\\">Dimensiones del im\u00e1n: 250 x 48.8 x 27.9 mm.<\/span><\/li>\n<li><span style=\\\"color: #000000\\\">Dimensiones de la placa: 180 x 38.8 x 13.2 mm.<\/span><\/li>\n<li><span style=\\\"color: #000000\\\">Peso: 2.1kg<\/span><\/li>\n<\/ul>\n<p><span style=\\\"color: #000000\\\"><strong>Caracter\u00edsticas Destacadas:<\/strong><\/span><\/p>\n<ul>\n<li><span style=\\\"color: #000000\\\">Led indicador ultra-brillante.<\/span><\/li>\n<li><span style=\\\"color: #000000\\\">Dise\u00f1o libre de magnetismo residual.<\/span><\/li>\n<li><span style=\\\"color: #000000\\\">Nueva versi\u00f3n.<\/span><\/li>\n<li><span style=\\\"color: #000000\\\">1 a\u00f1o de garant\u00eda<\/span><\/li>\n<\/ul>\n<\/div>\n<\/div>\n","protected":false},"excerpt":{"rendered":"<p>MAG600NLED ACCESSPRO Chapa magn\u00e9tica 600 lbs con LED Ultra-brillante\/ Libre de Magnetismo Residual \/ Sensor de estado de la placa Caracter\u00edsticas principales: Fuerza de sujeci\u00f3n: 280 kg, (600lbs). Incluye magneto, placa y tornilleria. Sensor de puerta NO\/NC Caracter\u00edsticas F\u00edsicas y El\u00e9ctricas: Voltaje:12\/24 Vcd+10% (seleccionable por jumper). Acabado del im\u00e1n: aluminio anodizado. Acabado de la placa: [&hellip;]<\/p>\n","protected":false},"featured_media":11637,"template":"","meta":{"_acf_changed":false},"product_brand":[],"product_cat":[100,96],"product_tag":[],"berocket_brand":[],"class_list":{"0":"post-11636","1":"product","2":"type-product","3":"status-publish","4":"has-post-thumbnail","6":"product_cat-accesorios-control-de-acceso","7":"product_cat-control-de-acceso","9":"first","10":"instock","11":"taxable","12":"shipping-taxable","13":"purchasable","14":"product-type-simple","15":"berocket_lgv_grid","16":"berocket_lgv_list_grid"},"acf":[],"aioseo_notices":[],"_links":{"self":[{"href":"https:\/\/todoenseguridad.com\/site\/wp-json\/wp\/v2\/product\/11636","targetHints":{"allow":["GET"]}}],"collection":[{"href":"https:\/\/todoenseguridad.com\/site\/wp-json\/wp\/v2\/product"}],"about":[{"href":"https:\/\/todoenseguridad.com\/site\/wp-json\/wp\/v2\/types\/product"}],"wp:featuredmedia":[{"embeddable":true,"href":"https:\/\/todoenseguridad.com\/site\/wp-json\/wp\/v2\/media\/11637"}],"wp:attachment":[{"href":"https:\/\/todoenseguridad.com\/site\/wp-json\/wp\/v2\/media?parent=11636"}],"wp:term":[{"taxonomy":"product_brand","embeddable":true,"href":"https:\/\/todoenseguridad.com\/site\/wp-json\/wp\/v2\/product_brand?post=11636"},{"taxonomy":"product_cat","embeddable":true,"href":"https:\/\/todoenseguridad.com\/site\/wp-json\/wp\/v2\/product_cat?post=11636"},{"taxonomy":"product_tag","embeddable":true,"href":"https:\/\/todoenseguridad.com\/site\/wp-json\/wp\/v2\/product_tag?post=11636"},{"taxonomy":"berocket_brand","embeddable":true,"href":"https:\/\/todoenseguridad.com\/site\/wp-json\/wp\/v2\/berocket_brand?post=11636"}],"curies":[{"name":"wp","href":"https:\/\/api.w.org\/{rel}","templated":true}]}}