{"id":11575,"date":"2022-06-08T12:24:07","date_gmt":"2022-06-08T17:24:07","guid":{"rendered":"https:\/\/todoenseguridad.com\/site\/?post_type=product&#038;p=11575"},"modified":"2026-03-23T17:20:59","modified_gmt":"2026-03-23T22:20:59","slug":"hl1080psc-hilook-by-hikvision-microfono-integrado-kit-turbohd-1080p-lite-dvr-4-canales-audio-por-coaxitron","status":"publish","type":"product","link":"https:\/\/todoenseguridad.com\/site\/producto\/hl1080psc-hilook-by-hikvision-microfono-integrado-kit-turbohd-1080p-lite-dvr-4-canales-audio-por-coaxitron\/","title":{"rendered":"HL1080PS(C) HILOOK BY HIKVISION (MICR\u00d3FONO Integrado) Kit 4 CAMARAS ECONOMICAS PARA HOGAR TurboHD 1080p Lite \/ DVR 4 canales \/ Audio por Coaxitron"},"content":{"rendered":"<h2 id=\\\"product_title_195288\\\" class=\\\"no_margin_top titulo_vista_producto\\\"><span style=\\\"color: #0000ff\\\"><span class=\\\"modelo-marca\\\">HL1080PS(B)<\/span> HILOOK BY HIKVISION (MICR\u00d3FONO Integrado) Kit TurboHD 1080p Lite \/ DVR 4 canales \/ Audio por Coaxitron \/ 4 C\u00e1maras Bala de Policarbonato con Micr\u00f3fono Integrado<\/span><\/h2>\n<div class=\\\"row\\\">\n<h2><span style=\\\"color: #000000\\\">HL1080PS<\/span><\/h2>\n<h3><span style=\\\"color: #000000\\\">El kit incluye:<\/span><\/h3>\n<ul>\n<li class=\\\"col-xs-12\\\"><span style=\\\"color: #000000\\\">1 x DVR-104G-F1(B)S<\/span><\/li>\n<li class=\\\"col-xs-12\\\"><span style=\\\"color: #000000\\\">4 x THC-B120-P(S)<\/span><\/li>\n<li class=\\\"col-xs-12\\\"><span style=\\\"color: #000000\\\">1 x Fuente de poder para las 4 c\u00e1maras<\/span><\/li>\n<li class=\\\"col-xs-12\\\"><span style=\\\"color: #000000\\\">4 x Cables siames para v\u00eddeo y alimentaci\u00f3n (18 metros de longitud)<\/span><\/li>\n<\/ul>\n<\/div>\n<p>&nbsp;<\/p>\n<p><span style=\\\"color: #000000\\\"><strong>Caracteristicas de DVR-104G-F1(B)S<\/strong><\/span><\/p>\n<ul>\n<li><span style=\\\"color: #000000\\\">DVR 4 canales de v\u00eddeo en 720p, soporta 1080p Lite.<\/span><\/li>\n<li><span style=\\\"color: #000000\\\">Soporta 4 canales de v\u00eddeo anal\u00f3gicos + 1 canal IP (1080p) = 5 canales en total.<\/span><\/li>\n<li><span style=\\\"color: #000000\\\">Soporta las 5 tecnolog\u00edas del mercado (TVI \/ AHD \/ CVI \/ CVBS \/ IP).<\/span><\/li>\n<li><span style=\\\"color: #000000\\\">Soporta 1 HDD de hasta 6 TB (no incluido).<\/span><\/li>\n<li><span style=\\\"color: #000000\\\">Soporta audio en todos sus canales por coaxitron utilizando camaras con audio integrado.<\/span><\/li>\n<li><span style=\\\"color: #000000\\\">Salida de v\u00eddeo en Full HD (VGA y HDMI, salida simultanea).<\/span><\/li>\n<li><span style=\\\"color: #000000\\\">Alimentaci\u00f3n y consumo: 12 Vcc \/ 8 watts.<\/span><\/li>\n<li><span style=\\\"color: #000000\\\">Compatible con APP Guarding Vision (Disponible en Google Play y App Store).<\/span><\/li>\n<li><span style=\\\"color: #000000\\\">Dimensiones: 200 x 200 x 45 mm.<\/span><\/li>\n<li><span style=\\\"color: #000000\\\">Peso: 0.8 kg<\/span><\/li>\n<\/ul>\n<p><span style=\\\"color: #000000\\\"><strong>Caracteristicas de THC-B120-PS<\/strong><\/span><\/p>\n<ul>\n<li><span style=\\\"color: #000000\\\">C\u00e1mara bala 2 MP (1920 x 1080).<\/span><\/li>\n<li><span style=\\\"color: #000000\\\">Lente fijo: 2.8 mm (angulo de visi\u00f3n 106.4\u00ba).<\/span><\/li>\n<li><span style=\\\"color: #000000\\\">Soporta 4 tecnolog\u00edas (TVI \/ AHD \/ CVI \/ CVBS).<\/span><\/li>\n<li><span style=\\\"color: #000000\\\">25 mts IR EXIR (visi\u00f3n nocturna).<\/span><\/li>\n<li><span style=\\\"color: #000000\\\">dWDR \/ BLC \/ HLC.<\/span><\/li>\n<li><span style=\\\"color: #000000\\\">Micr\u00f3fono integrado.<\/span><\/li>\n<li><span style=\\\"color: #000000\\\">Fabricadas en policarbonato.<\/span><\/li>\n<li><span style=\\\"color: #000000\\\">Alimentaci\u00f3n y consumo: 12 Vcc \/ 2.7 watts.<\/span><\/li>\n<li><span style=\\\"color: #000000\\\">Protecci\u00f3n IP66.<\/span><\/li>\n<li><span style=\\\"color: #000000\\\">Dimensiones: 58 x 61 x 158.6 mm.<\/span><\/li>\n<li><span style=\\\"color: #000000\\\">Peso: 160 grs.<\/span><\/li>\n<\/ul>\n","protected":false},"excerpt":{"rendered":"<p>HL1080PS(B) HILOOK BY HIKVISION (MICR\u00d3FONO Integrado) Kit TurboHD 1080p Lite \/ DVR 4 canales \/ Audio por Coaxitron \/ 4 C\u00e1maras Bala de Policarbonato con Micr\u00f3fono Integrado HL1080PS El kit incluye: 1 x DVR-104G-F1(B)S 4 x THC-B120-P(S) 1 x Fuente de poder para las 4 c\u00e1maras 4 x Cables siames para v\u00eddeo y alimentaci\u00f3n (18 [&hellip;]<\/p>\n","protected":false},"featured_media":11576,"template":"","meta":{"_acf_changed":false},"product_brand":[],"product_cat":[71],"product_tag":[],"berocket_brand":[],"class_list":{"0":"post-11575","1":"product","2":"type-product","3":"status-publish","4":"has-post-thumbnail","6":"product_cat-paquetes-cctv-kit-camaras-de-seguridad","8":"first","9":"instock","10":"sale","11":"taxable","12":"shipping-taxable","13":"purchasable","14":"product-type-simple","15":"berocket_lgv_grid","16":"berocket_lgv_list_grid"},"acf":[],"aioseo_notices":[],"_links":{"self":[{"href":"https:\/\/todoenseguridad.com\/site\/wp-json\/wp\/v2\/product\/11575","targetHints":{"allow":["GET"]}}],"collection":[{"href":"https:\/\/todoenseguridad.com\/site\/wp-json\/wp\/v2\/product"}],"about":[{"href":"https:\/\/todoenseguridad.com\/site\/wp-json\/wp\/v2\/types\/product"}],"wp:featuredmedia":[{"embeddable":true,"href":"https:\/\/todoenseguridad.com\/site\/wp-json\/wp\/v2\/media\/11576"}],"wp:attachment":[{"href":"https:\/\/todoenseguridad.com\/site\/wp-json\/wp\/v2\/media?parent=11575"}],"wp:term":[{"taxonomy":"product_brand","embeddable":true,"href":"https:\/\/todoenseguridad.com\/site\/wp-json\/wp\/v2\/product_brand?post=11575"},{"taxonomy":"product_cat","embeddable":true,"href":"https:\/\/todoenseguridad.com\/site\/wp-json\/wp\/v2\/product_cat?post=11575"},{"taxonomy":"product_tag","embeddable":true,"href":"https:\/\/todoenseguridad.com\/site\/wp-json\/wp\/v2\/product_tag?post=11575"},{"taxonomy":"berocket_brand","embeddable":true,"href":"https:\/\/todoenseguridad.com\/site\/wp-json\/wp\/v2\/berocket_brand?post=11575"}],"curies":[{"name":"wp","href":"https:\/\/api.w.org\/{rel}","templated":true}]}}