{"id":11556,"date":"2022-06-08T10:33:45","date_gmt":"2022-06-08T15:33:45","guid":{"rendered":"https:\/\/todoenseguridad.com\/site\/?post_type=product&#038;p=11556"},"modified":"2026-03-30T16:55:06","modified_gmt":"2026-03-30T21:55:06","slug":"e50-turbo-g2-epcom-turret-turbohd-5mp-lente-2-8-mm-30-mts-ir-exir-exterior-ip67","status":"publish","type":"product","link":"https:\/\/todoenseguridad.com\/site\/producto\/e50-turbo-g2-epcom-turret-turbohd-5mp-lente-2-8-mm-30-mts-ir-exir-exterior-ip67\/","title":{"rendered":"E50-TURBO-G2 EPCOM Turret TURBOHD 5MP\/ Lente 2.8 mm\/ 30 mts IR EXIR\/ Exterior IP67"},"content":{"rendered":"<h2 id=\"product_title_177700\" class=\"no_margin_top titulo_vista_producto\"><span style=\"color: #0000ff;\"><span class=\"modelo-marca\">E50-TURBO-G2<\/span> EPCOM Turret TURBOHD 5MP\/ Lente 2.8 mm\/ 30 mts IR EXIR\/ Exterior IP67\/ Metal\/ 4 en 1\/ dWDR<\/span><\/h2>\n<p>&nbsp;<\/p>\n<p><span style=\"color: #000000;\"><strong>Caracter\u00edsticas principales:<\/strong><\/span><\/p>\n<ul>\n<li><span style=\"color: #000000;\">Resoluci\u00f3n m\u00e1xima: 2560 x 1944 ( 5 Megapixel).<\/span><\/li>\n<li><span style=\"color: #000000;\">Permite seleccionar la resoluci\u00f2n entre 5 Megapixel \/ 4 Megapixel \/ 2 Megapixel.<\/span><\/li>\n<li><span style=\"color: #000000;\">Iluminaci\u00f3n m\u00ednima:0.01 Lux@(F1.2, AGC ON), 0 Lux con IR.<\/span><\/li>\n<li><span style=\"color: #000000;\">Lente fijo: 2.8 mm (angulo de visi\u00f3n 85\u00b0).<\/span><\/li>\n<li><span style=\"color: #000000;\">30 mts IR EXIR (visi\u00f3n nocturna).<\/span><\/li>\n<li><span style=\"color: #000000;\">Soporta 4 tecnolog\u00edas seleccionables (TVI \/ AHD \/ CVI \/ CVBS ).<\/span><\/li>\n<li><span style=\"color: #000000;\">Funciones: dWDR \/ BLC \/ 2D-DNR \/ HLC \/ Global.<\/span><\/li>\n<\/ul>\n<div class=\"col-sm-6\">\n<div>\n<p><span style=\"color: #000000;\"><strong>Caracter\u00edsticas F\u00edsicas y El\u00e9ctricas:<\/strong><\/span><\/p>\n<ul>\n<li><span style=\"color: #000000;\">Temperatura de operaci\u00f3n: -40\u00baC a 60\u00baC.<\/span><\/li>\n<li><span style=\"color: #000000;\">Alimentaci\u00f3n: 12 Vcd \/ 4.3 Watts.<\/span><\/li>\n<li><span style=\"color: #000000;\">Protecci\u00f3n: Interior \/ Exterior IP67.<\/span><\/li>\n<li><span style=\"color: #000000;\">Fabricado en material de metal.<\/span><\/li>\n<li><span style=\"color: #000000;\">Dimensiones: 82.6 x 90\u00a0 x 79.37 mm.<\/span><\/li>\n<li><span style=\"color: #000000;\">Peso: 289 grs.<\/span><\/li>\n<li><span style=\"color: #000000;\">Garant\u00eda: 5 a\u00f1os<\/span><\/li>\n<\/ul>\n<\/div>\n<\/div>\n","protected":false},"excerpt":{"rendered":"<p>E50-TURBO-G2 EPCOM Turret TURBOHD 5MP\/ Lente 2.8 mm\/ 30 mts IR EXIR\/ Exterior IP67\/ Metal\/ 4 en 1\/ dWDR &nbsp; Caracter\u00edsticas principales: Resoluci\u00f3n m\u00e1xima: 2560 x 1944 ( 5 Megapixel). Permite seleccionar la resoluci\u00f2n entre 5 Megapixel \/ 4 Megapixel \/ 2 Megapixel. Iluminaci\u00f3n m\u00ednima:0.01 Lux@(F1.2, AGC ON), 0 Lux con IR. Lente fijo: 2.8 [&hellip;]<\/p>\n","protected":false},"featured_media":11557,"template":"","meta":{"_acf_changed":false},"product_brand":[],"product_cat":[81,83],"product_tag":[],"berocket_brand":[],"class_list":{"0":"post-11556","1":"product","2":"type-product","3":"status-publish","4":"has-post-thumbnail","6":"product_cat-cctv-hdtvi-turbo","7":"product_cat-domo-cctv-hdtvi-turbo","9":"first","10":"instock","11":"taxable","12":"shipping-taxable","13":"purchasable","14":"product-type-simple","15":"berocket_lgv_grid","16":"berocket_lgv_list_grid"},"acf":[],"aioseo_notices":[],"_links":{"self":[{"href":"https:\/\/todoenseguridad.com\/site\/wp-json\/wp\/v2\/product\/11556","targetHints":{"allow":["GET"]}}],"collection":[{"href":"https:\/\/todoenseguridad.com\/site\/wp-json\/wp\/v2\/product"}],"about":[{"href":"https:\/\/todoenseguridad.com\/site\/wp-json\/wp\/v2\/types\/product"}],"wp:featuredmedia":[{"embeddable":true,"href":"https:\/\/todoenseguridad.com\/site\/wp-json\/wp\/v2\/media\/11557"}],"wp:attachment":[{"href":"https:\/\/todoenseguridad.com\/site\/wp-json\/wp\/v2\/media?parent=11556"}],"wp:term":[{"taxonomy":"product_brand","embeddable":true,"href":"https:\/\/todoenseguridad.com\/site\/wp-json\/wp\/v2\/product_brand?post=11556"},{"taxonomy":"product_cat","embeddable":true,"href":"https:\/\/todoenseguridad.com\/site\/wp-json\/wp\/v2\/product_cat?post=11556"},{"taxonomy":"product_tag","embeddable":true,"href":"https:\/\/todoenseguridad.com\/site\/wp-json\/wp\/v2\/product_tag?post=11556"},{"taxonomy":"berocket_brand","embeddable":true,"href":"https:\/\/todoenseguridad.com\/site\/wp-json\/wp\/v2\/berocket_brand?post=11556"}],"curies":[{"name":"wp","href":"https:\/\/api.w.org\/{rel}","templated":true}]}}