{"id":11524,"date":"2022-06-07T15:57:45","date_gmt":"2022-06-07T20:57:45","guid":{"rendered":"https:\/\/todoenseguridad.com\/site\/?post_type=product&#038;p=11524"},"modified":"2026-03-30T17:01:40","modified_gmt":"2026-03-30T22:01:40","slug":"ds-2ce16h0t-itfc-hikvision-bala-turbohd-5mp-lente-2-8-mm-4-tecnologias-tvi-ahd-cvi-cvbs-30-mts-smart-ir-exir","status":"publish","type":"product","link":"https:\/\/todoenseguridad.com\/site\/producto\/ds-2ce16h0t-itfc-hikvision-bala-turbohd-5mp-lente-2-8-mm-4-tecnologias-tvi-ahd-cvi-cvbs-30-mts-smart-ir-exir\/","title":{"rendered":"DS-2CE16H0T-ITF(C) HIKVISION Bala TURBOHD 5MP \/ Lente 2.8 mm \/ 4 Tecnolog\u00edas (TVI \/ AHD \/ CVI \/ CVBS) \/ 30 mts SMART IR EXIR"},"content":{"rendered":"<h2 id=\"product_title_176229\" class=\"no_margin_top titulo_vista_producto\"><span style=\"color: #0000ff;\"><span class=\"modelo-marca\">DS-2CE16H0T-ITF(C)<\/span> HIKVISION Bala TURBOHD 5MP \/ Lente 2.8 mm \/ 4 Tecnolog\u00edas (TVI \/ AHD \/ CVI \/ CVBS) \/ 30 mts SMART IR EXIR \/ Exterior IP67 \/ dWDR<\/span><\/h2>\n<p><span style=\"color: #000000;\"><strong>Caracter\u00edsticas principales:<\/strong><\/span><\/p>\n<ul>\n<li><span style=\"color: #000000;\">Resoluci\u00f3n m\u00e1xima: 2560\u00a0x 1944\u00a0( 5\u00a0Megapixel)\u00a0<\/span><\/li>\n<li><span style=\"color: #000000;\">Permite seleccionar la resolucion entre 5 Megapixel \/ 4 Megapixel \/ 2 Megapixel.<\/span><\/li>\n<li><span style=\"color: #000000;\">Iluminaci\u00f3n m\u00ednima: 0.01\u00a0Lux @ (F1.2, AGC ON, 0 Lux con IR.<\/span><\/li>\n<li><span style=\"color: #000000;\">Lente fijo: 2.8 mm (angulo de apertura 85\u00ba).<\/span><\/li>\n<li><span style=\"color: #000000;\">30 mts SMART IR EXIR (visi\u00f3n nocturna).<\/span><\/li>\n<li><span style=\"color: #000000;\">Soporta 4 tecnolog\u00edas seleccionables (TVI \/ AHD \/ CVI \/ CVBS ).<\/span><\/li>\n<li><span style=\"color: #000000;\">Funciones: dWDR \/ BLC \/ AGC \/2D DNR<\/span><\/li>\n<\/ul>\n<p><span style=\"color: #000000;\"><strong>Caracter\u00edsticas F\u00edsicas y El\u00e9ctricas:<\/strong><\/span><\/p>\n<ul>\n<li><span style=\"color: #000000;\">Temperatura de operaci\u00f3n: -40\u00baC a 60\u00baC.<\/span><\/li>\n<li><span style=\"color: #000000;\">Alimentaci\u00f3n: 12 Vcd \/ 4.3\u00a0Watts.<\/span><\/li>\n<li><span style=\"color: #000000;\">Protecci\u00f3n: Interior \/ Exterior IP67.<\/span><\/li>\n<li><span style=\"color: #000000;\">Fabricado en material de metal.<\/span><\/li>\n<li><span style=\"color: #000000;\">Dimensiones: 60.9 x 57.9 x 138.8 mm.<\/span><\/li>\n<li><span style=\"color: #000000;\">Peso: 258 grs.<\/span><\/li>\n<li><span style=\"color: #000000;\">Garant\u00eda: 2 a\u00f1os<\/span><\/li>\n<\/ul>\n","protected":false},"excerpt":{"rendered":"<p>DS-2CE16H0T-ITF(C) HIKVISION Bala TURBOHD 5MP \/ Lente 2.8 mm \/ 4 Tecnolog\u00edas (TVI \/ AHD \/ CVI \/ CVBS) \/ 30 mts SMART IR EXIR \/ Exterior IP67 \/ dWDR Caracter\u00edsticas principales: Resoluci\u00f3n m\u00e1xima: 2560\u00a0x 1944\u00a0( 5\u00a0Megapixel)\u00a0 Permite seleccionar la resolucion entre 5 Megapixel \/ 4 Megapixel \/ 2 Megapixel. Iluminaci\u00f3n m\u00ednima: 0.01\u00a0Lux @ (F1.2, [&hellip;]<\/p>\n","protected":false},"featured_media":11525,"template":"","meta":{"_acf_changed":false},"product_brand":[],"product_cat":[82,81],"product_tag":[],"berocket_brand":[],"class_list":{"0":"post-11524","1":"product","2":"type-product","3":"status-publish","4":"has-post-thumbnail","6":"product_cat-bullet-cctv-hdtvi-turbo","7":"product_cat-cctv-hdtvi-turbo","9":"first","10":"instock","11":"taxable","12":"shipping-taxable","13":"purchasable","14":"product-type-simple","15":"berocket_lgv_grid","16":"berocket_lgv_list_grid"},"acf":[],"aioseo_notices":[],"_links":{"self":[{"href":"https:\/\/todoenseguridad.com\/site\/wp-json\/wp\/v2\/product\/11524","targetHints":{"allow":["GET"]}}],"collection":[{"href":"https:\/\/todoenseguridad.com\/site\/wp-json\/wp\/v2\/product"}],"about":[{"href":"https:\/\/todoenseguridad.com\/site\/wp-json\/wp\/v2\/types\/product"}],"wp:featuredmedia":[{"embeddable":true,"href":"https:\/\/todoenseguridad.com\/site\/wp-json\/wp\/v2\/media\/11525"}],"wp:attachment":[{"href":"https:\/\/todoenseguridad.com\/site\/wp-json\/wp\/v2\/media?parent=11524"}],"wp:term":[{"taxonomy":"product_brand","embeddable":true,"href":"https:\/\/todoenseguridad.com\/site\/wp-json\/wp\/v2\/product_brand?post=11524"},{"taxonomy":"product_cat","embeddable":true,"href":"https:\/\/todoenseguridad.com\/site\/wp-json\/wp\/v2\/product_cat?post=11524"},{"taxonomy":"product_tag","embeddable":true,"href":"https:\/\/todoenseguridad.com\/site\/wp-json\/wp\/v2\/product_tag?post=11524"},{"taxonomy":"berocket_brand","embeddable":true,"href":"https:\/\/todoenseguridad.com\/site\/wp-json\/wp\/v2\/berocket_brand?post=11524"}],"curies":[{"name":"wp","href":"https:\/\/api.w.org\/{rel}","templated":true}]}}