{"id":11472,"date":"2022-06-06T16:41:21","date_gmt":"2022-06-06T21:41:21","guid":{"rendered":"https:\/\/todoenseguridad.com\/site\/?post_type=product&#038;p=11472"},"modified":"2026-03-23T17:38:22","modified_gmt":"2026-03-23T22:38:22","slug":"xvr5108he-i3-dahua-dvr-de-8-canales-5mp-lite-wizsense-h-265-8-canales-4-ip-hasta-12-ch-ip-1-canal-de-reconocimiento-facial","status":"publish","type":"product","link":"https:\/\/todoenseguridad.com\/site\/producto\/xvr5108he-i3-dahua-dvr-de-8-canales-5mp-lite-wizsense-h-265-8-canales-4-ip-hasta-12-ch-ip-1-canal-de-reconocimiento-facial\/","title":{"rendered":"XVR5108HE-I3 DAHUA DVR de 8 Canales 5MP Lite\/ WizSense\/ H.265+\/ 8 Canales +4 IP\/ Hasta 12 Ch IP\/ 1 Canal de Reconocimiento Facial\/"},"content":{"rendered":"<h2 id=\\\"title\\\" class=\\\"mb-3\\\"><span style=\\\"color: #0000ff\\\">XVR5108HE-I3 <\/span><span style=\\\"color: #0000ff\\\">DAHUA DVR de 8 Canales 5MP Lite\/ WizSense\/ H.265+\/ 8 Canales +4 IP\/ Hasta 12 Ch IP\/ 1 Canal de Reconocimiento Facial\/ SMD Plus\/ Protecci\u00f3n Perimetral\/ 1 Puerto SATA\/ 8&amp;3 E&amp;S de Alarmas\/ 8 Entradas de Audio\/ IoT&amp;POS<\/span><\/h2>\n<h2 class=\\\"card-title text-center\\\"><span style=\\\"color: #000000\\\">Informaci\u00f3n General<\/span><\/h2>\n<p><span style=\\\"color: #000000\\\"><strong>XVR5108HE-I3<\/strong> con SMD Plus de canal completo (excepto para dispositivos de 32 canales) para beneficiar a los clientes con la actualizaci\u00f3n de IA. La serie est\u00e1 dise\u00f1ada para reducir las tasas de falsas alarmas y los costos de vigilancia humana, lo que brinda un gran valor a los clientes que buscan productos con alarmas precisas para humanos\/veh\u00edculos para elevar el nivel de seguridad de varias instalaciones interiores y exteriores.\u00a0<\/span><\/p>\n<h2><span style=\\\"color: #000000\\\">Protecci\u00f3n perimetral<\/span><\/h2>\n<p><span style=\\\"color: #000000\\\">Filtrado autom\u00e1tico de falsas alarmas causadas por animales, hojas susurrantes, luces brillantes, etc. Permite que el sistema act\u00fae como reconocimiento secundario de los objetivos. Mejora de la precisi\u00f3n de las alarmas.<\/span><\/p>\n<p><span style=\\\"color: #000000\\\"><strong> * La protecci\u00f3n perimetral entra en vigor cuando se selecciona IVS&amp;SMD en modo AI.<\/strong><\/span><\/p>\n<h2><span style=\\\"color: #000000\\\">SMD Plus<\/span><\/h2>\n<p><span style=\\\"color: #000000\\\">SMD Plus, conocido como Smart Motion Detection Plus, que es una versi\u00f3n mejorada de SMD que mejora en gran medida la precisi\u00f3n de la alarma al cargar un algoritmo de aprendizaje profundo. Analiza formas de personas y veh\u00edculos. Basado en la detecci\u00f3n de movimiento y env\u00eda alarmas solo cuando la persona y el veh\u00edculo se entrometen.<\/span><\/p>\n<p><span style=\\\"color: #000000\\\"><strong>* SMD Plus surte efecto cuando se selecciona SMD o IVS&amp;SMD en modo AI. <\/strong><\/span><\/p>\n<h2><span style=\\\"color: #000000\\\">Smart Codec H.265+<\/span><\/h2>\n<p><span style=\\\"color: #000000\\\">Smart Codec, H.265+ puede reducir hasta un 90 % la tasa de bits y los requisitos de almacenamiento en comparaci\u00f3n con H.264 sin tener que invertir en nuevas c\u00e1maras.<\/span><\/p>\n<h2><span style=\\\"color: #000000\\\">Detecci\u00f3n autom\u00e1tica HDCVI\/AHD\/TVI\/CVBS<\/span><\/h2>\n<p><span style=\\\"color: #000000\\\">El XVR puede reconocer autom\u00e1ticamente la se\u00f1al de la c\u00e1mara frontal sin ning\u00fan Funciones ajuste. Hace que la operaci\u00f3n sea m\u00e1s amigable y conveniente.<\/span><\/p>\n<h2><span style=\\\"color: #000000\\\">Tabla de compatibilidad HDD<\/span><\/h2>\n<p><span style=\\\"color: #000000\\\">El almacenamiento es parte fundamental de un sistema de videovigilancia por tal motivo te recomendamos revisar nuestra lista de compatibilidad antes de seleccionar un disco duro (HDD).<\/span><\/p>\n<h2><span style=\\\"color: #000000\\\">Principales Caracter\u00edsticas<\/span><\/h2>\n<p><span style=\\\"color: #000000\\\">\u00b7 Compresi\u00f3n de video de flujo dual H.265+\/H.265<\/span><\/p>\n<p><span style=\\\"color: #000000\\\">\u00b7 Admite codificaci\u00f3n AI de canal completo<\/span><\/p>\n<p><span style=\\\"color: #000000\\\">\u00b7 Admite entradas de video HDCVI\/AHD\/TVI\/CVBS\/IP<\/span><\/p>\n<p><span style=\\\"color: #000000\\\">\u00b7 Transmisi\u00f3n de video de hasta 1 canal (canal anal\u00f3gico) Protecci\u00f3n perimetral<\/span><\/p>\n<p><span style=\\\"color: #000000\\\">\u00b7 Transmisi\u00f3n de video de hasta 8 canales (canal anal\u00f3gico) SMD Plus<\/span><\/p>\n<p><span style=\\\"color: #000000\\\">\u00b7 Transmisi\u00f3n de video de hasta 1 canal (canal anal\u00f3gico) reconocimiento de rostro humano<\/span><\/p>\n<p><span style=\\\"color: #000000\\\">\u00b7 Funcionalidades IoT y POS\u00a0<\/span><\/p>\n<h2><span style=\\\"color: #000000\\\">Especificaciones<\/span><\/h2>\n<ul>\n<li><span style=\\\"color: #000000\\\">Procesador principal Procesador integrado<\/span><\/li>\n<li><span style=\\\"color: #000000\\\">Sistema operativo linux integrado\u00a0<\/span><\/li>\n<li><span style=\\\"color: #000000\\\">1 canal, 10 IVS para cada canal<\/span><\/li>\n<li><span style=\\\"color: #000000\\\">Claasificaci\u00f3n: Reconocimiento secundario humano\/veh\u00edculo para trampa e intrusi\u00f3n<\/span><\/li>\n<li><span style=\\\"color: #000000\\\">B\u00fasqueda de IA: B\u00fasqueda por clasificaci\u00f3n de objetivo (humano, veh\u00edculo)<\/span><\/li>\n<li><span style=\\\"color: #000000\\\">Procesamiento m\u00e1ximo de 8 im\u00e1genes faciales\/seg<\/span><\/li>\n<li><span style=\\\"color: #000000\\\">Hasta 10 bases de datos de rostros con 10 000 im\u00e1genes de rostros en total. Se puede agregar nombre, g\u00e9nero, cumplea\u00f1os, direcci\u00f3n, tipo de certificado, n\u00famero de certificado, pa\u00edses y regiones y estado a cada imagen de rostro<\/span><\/li>\n<li><span style=\\\"color: #000000\\\">Entrada de c\u00e1mara anal\u00f3gica: 8 canales, BNC<\/span><\/li>\n<li><span style=\\\"color: #000000\\\">Entrada de alarma 8<\/span><\/li>\n<li><span style=\\\"color: #000000\\\">1 puerto SATA, hasta 10 TB de capacidad<\/span><\/li>\n<li><span style=\\\"color: #000000\\\">Salida de rel\u00e9 3<\/span><\/li>\n<li><span style=\\\"color: #000000\\\">2 puertos USB (USB 2.0)<\/span><\/li>\n<li><span style=\\\"color: #000000\\\">1 puerto, para control PTZ<\/span><\/li>\n<li><span style=\\\"color: #000000\\\">Fuente de alimentaci\u00f3n CC 12V\/2A<\/span><\/li>\n<li><span style=\\\"color: #000000\\\">El consumo de energ\u00eda Intervalo de registro &lt; 7W<\/span><\/li>\n<\/ul>\n","protected":false},"excerpt":{"rendered":"<p>XVR5108HE-I3 DAHUA DVR de 8 Canales 5MP Lite\/ WizSense\/ H.265+\/ 8 Canales +4 IP\/ Hasta 12 Ch IP\/ 1 Canal de Reconocimiento Facial\/ SMD Plus\/ Protecci\u00f3n Perimetral\/ 1 Puerto SATA\/ 8&amp;3 E&amp;S de Alarmas\/ 8 Entradas de Audio\/ IoT&amp;POS Informaci\u00f3n General XVR5108HE-I3 con SMD Plus de canal completo (excepto para dispositivos de 32 canales) para [&hellip;]<\/p>\n","protected":false},"featured_media":11473,"template":"","meta":{"_acf_changed":false},"product_brand":[],"product_cat":[88,85],"product_tag":[],"berocket_brand":[],"class_list":{"0":"post-11472","1":"product","2":"type-product","3":"status-publish","4":"has-post-thumbnail","6":"product_cat-8-canales","7":"product_cat-grabadora-dvr-hdcvi-hd","9":"first","10":"instock","11":"taxable","12":"shipping-taxable","13":"purchasable","14":"product-type-simple","15":"berocket_lgv_grid","16":"berocket_lgv_list_grid"},"acf":[],"aioseo_notices":[],"_links":{"self":[{"href":"https:\/\/todoenseguridad.com\/site\/wp-json\/wp\/v2\/product\/11472","targetHints":{"allow":["GET"]}}],"collection":[{"href":"https:\/\/todoenseguridad.com\/site\/wp-json\/wp\/v2\/product"}],"about":[{"href":"https:\/\/todoenseguridad.com\/site\/wp-json\/wp\/v2\/types\/product"}],"wp:featuredmedia":[{"embeddable":true,"href":"https:\/\/todoenseguridad.com\/site\/wp-json\/wp\/v2\/media\/11473"}],"wp:attachment":[{"href":"https:\/\/todoenseguridad.com\/site\/wp-json\/wp\/v2\/media?parent=11472"}],"wp:term":[{"taxonomy":"product_brand","embeddable":true,"href":"https:\/\/todoenseguridad.com\/site\/wp-json\/wp\/v2\/product_brand?post=11472"},{"taxonomy":"product_cat","embeddable":true,"href":"https:\/\/todoenseguridad.com\/site\/wp-json\/wp\/v2\/product_cat?post=11472"},{"taxonomy":"product_tag","embeddable":true,"href":"https:\/\/todoenseguridad.com\/site\/wp-json\/wp\/v2\/product_tag?post=11472"},{"taxonomy":"berocket_brand","embeddable":true,"href":"https:\/\/todoenseguridad.com\/site\/wp-json\/wp\/v2\/berocket_brand?post=11472"}],"curies":[{"name":"wp","href":"https:\/\/api.w.org\/{rel}","templated":true}]}}