{"id":11439,"date":"2022-06-06T13:42:02","date_gmt":"2022-06-06T18:42:02","guid":{"rendered":"https:\/\/todoenseguridad.com\/site\/?post_type=product&#038;p=11439"},"modified":"2026-03-30T17:08:46","modified_gmt":"2026-03-30T22:08:46","slug":"11439","status":"publish","type":"product","link":"https:\/\/todoenseguridad.com\/site\/producto\/11439\/","title":{"rendered":"HAC-HFW1231CM-28 DAHUA Camara Bullet 1080p\/ Super Adapt\/ Metalica\/ Lente de 2.8mm\/ WDR Real de 130 dB\/ 107 Grados de Apertura"},"content":{"rendered":"<h2 id=\"title\" class=\"mb-3\"><span style=\"color: #0000ff;\">HAC-HFW1231CM-28 <\/span><span style=\"color: #0000ff;\">DAHUA Camara Bullet 1080p\/ Super Adapt\/ Metalica\/ Lente de 2.8mm\/ WDR Real de 130 dB\/ 107 Grados de Apertura\/ 30 Mts de IR\/ IP67\/ Soporta CVI\/AHD\/TVI y CBVS\/ Ideal para Contrastes de Luz\/<\/span><\/h2>\n<h2 class=\"card-title text-center\"><span style=\"color: #000000;\">Informaci\u00f3n General<\/span><\/h2>\n<h3><span style=\"color: #000000;\">El modelo\u00a0<strong>HFW1231CM-28<\/strong>\u00a0es una c\u00e1mara bullet HDCVI de\u00a0<strong>1080P<\/strong>\u00a0de resoluci\u00f3n, con la cual podemos apreciar una imagen con mayor nitidez, brillo y claridad. Este modelo incorpora un lente de\u00a0<strong>2.8 mm<\/strong>. Otra caracter\u00edstica importante que tenemos en la c\u00e1mara, es a prueba de agua con \u00edndice de protecci\u00f3n\u00a0<strong>IP67<\/strong>\u00a0lo que le permite ser utilizada para el exterior, ya que esta dise\u00f1ada para que no ingrese polvo y agua.<\/span><\/h3>\n<h2><span style=\"color: #000000;\">Soporte M\u00faltiples Formatos de Video<\/span><\/h2>\n<h3><span style=\"color: #000000;\">La c\u00e1mara admite m\u00faltiples formatos de video, incluidos HDCVI, CVBS y otros dos formatos anal\u00f3gicos HD comunes en el mercado. Los cuatro formatos se pueden cambiar a trav\u00e9s del men\u00fa OSD o mediante PFM820 (controlador UTC). Esta caracter\u00edstica hace que la c\u00e1mara sea compatible con la mayor\u00eda de los DVR HD \/ SD existentes de los usuarios finales.<\/span><\/h3>\n<h2><span style=\"color: #000000;\">Starlight<\/span><\/h2>\n<h3><span style=\"color: #000000;\">Con la adopci\u00f3n de un sensor de alto rendimiento de gran tama\u00f1o y grande lente de apertura, la c\u00e1mara <strong>HFW1231CM-28<\/strong>\u00a0puede proporcionar un rendimiento incomparable incluso en entornos con poca luz extrema. La funci\u00f3n <strong>Starlight<\/strong> permite capturar m\u00e1s detalles y reconocer colores precisos por la noche o en escenas con iluminaci\u00f3n limitada.<\/span><\/h3>\n<h2><span style=\"color: #000000;\">WDR 130dB<\/span><\/h2>\n<h3><span style=\"color: #000000;\">Nuestra c\u00e1mara\u00a0<strong>HFW1231CM-28\u00a0<\/strong>cuenta con la funci\u00f3n\u00a0WDR de 130db, esta funci\u00f3n\u00a0se encarga de medir, compensar y ajustar la luz en la imagen\u00a0captada para despu\u00e9s combinar los espacios de luces brillantes con los espacios de sombras que hay en una misma toma, creando\u00a0un equilibrio en la imagen final.<\/span><\/h3>\n<h2><span style=\"color: #000000;\">Excelente protecci\u00f3n en ambiente exterior<\/span><\/h2>\n<h3><span style=\"color: #000000;\">La excelente confiabilidad de la c\u00e1mara es insuperable debido a su dise\u00f1o resistente. La c\u00e1mara est\u00e1 protegida contra el agua y el polvo con clasificaci\u00f3n\u00a0<strong>IP67<\/strong>, lo que la hace adecuada para entornos interiores o exteriores. Con un rango de temperatura de trabajo de <strong>-40 \u00b0 C a +60 \u00b0 C<\/strong>, la c\u00e1mara est\u00e1 dise\u00f1ada para entornos de temperaturas extremas.Con una tolerancia de voltaje de entrada de\u00a0<strong>\u00b1 30%<\/strong>, esta c\u00e1mara se adapta incluso a condiciones de suministro de energ\u00eda m\u00e1s inestables.<\/span><\/h3>\n<h2><span style=\"color: #000000;\">Principales Caracter\u00edsticas<\/span><\/h2>\n<ul>\n<li><span style=\"color: #000000;\">M\u00e1ximo 30 fps a 1080P<\/span><\/li>\n<li><span style=\"color: #000000;\">Starlight<\/span><\/li>\n<li><span style=\"color: #000000;\">WDR real130 dB<\/span><\/li>\n<li><span style=\"color: #000000;\">3D NR<\/span><\/li>\n<li><span style=\"color: #000000;\">Lente fija de 2.8 mm<\/span><\/li>\n<li><span style=\"color: #000000;\">CVI \/ CVBS \/ AHD \/ TVI conmutable<\/span><\/li>\n<li><span style=\"color: #000000;\">Super Adapt<\/span><\/li>\n<li><span style=\"color: #000000;\">Micr\u00f3fono incorporado (-A)<\/span><\/li>\n<li><span style=\"color: #000000;\">IR inteligente<\/span><\/li>\n<li><span style=\"color: #000000;\">IP67<\/span><\/li>\n<\/ul>\n","protected":false},"excerpt":{"rendered":"<p>HAC-HFW1231CM-28 DAHUA Camara Bullet 1080p\/ Super Adapt\/ Metalica\/ Lente de 2.8mm\/ WDR Real de 130 dB\/ 107 Grados de Apertura\/ 30 Mts de IR\/ IP67\/ Soporta CVI\/AHD\/TVI y CBVS\/ Ideal para Contrastes de Luz\/ Informaci\u00f3n General El modelo\u00a0HFW1231CM-28\u00a0es una c\u00e1mara bullet HDCVI de\u00a01080P\u00a0de resoluci\u00f3n, con la cual podemos apreciar una imagen con mayor nitidez, brillo [&hellip;]<\/p>\n","protected":false},"featured_media":11440,"template":"","meta":{"_acf_changed":false},"product_brand":[],"product_cat":[107,104],"product_tag":[],"berocket_brand":[],"class_list":{"0":"post-11439","1":"product","2":"type-product","3":"status-publish","4":"has-post-thumbnail","6":"product_cat-bullet-cctv-hdcvi","7":"product_cat-cctv-hdcvi","9":"first","10":"instock","11":"taxable","12":"shipping-taxable","13":"purchasable","14":"product-type-simple","15":"berocket_lgv_grid","16":"berocket_lgv_list_grid"},"acf":[],"aioseo_notices":[],"_links":{"self":[{"href":"https:\/\/todoenseguridad.com\/site\/wp-json\/wp\/v2\/product\/11439","targetHints":{"allow":["GET"]}}],"collection":[{"href":"https:\/\/todoenseguridad.com\/site\/wp-json\/wp\/v2\/product"}],"about":[{"href":"https:\/\/todoenseguridad.com\/site\/wp-json\/wp\/v2\/types\/product"}],"wp:featuredmedia":[{"embeddable":true,"href":"https:\/\/todoenseguridad.com\/site\/wp-json\/wp\/v2\/media\/11440"}],"wp:attachment":[{"href":"https:\/\/todoenseguridad.com\/site\/wp-json\/wp\/v2\/media?parent=11439"}],"wp:term":[{"taxonomy":"product_brand","embeddable":true,"href":"https:\/\/todoenseguridad.com\/site\/wp-json\/wp\/v2\/product_brand?post=11439"},{"taxonomy":"product_cat","embeddable":true,"href":"https:\/\/todoenseguridad.com\/site\/wp-json\/wp\/v2\/product_cat?post=11439"},{"taxonomy":"product_tag","embeddable":true,"href":"https:\/\/todoenseguridad.com\/site\/wp-json\/wp\/v2\/product_tag?post=11439"},{"taxonomy":"berocket_brand","embeddable":true,"href":"https:\/\/todoenseguridad.com\/site\/wp-json\/wp\/v2\/berocket_brand?post=11439"}],"curies":[{"name":"wp","href":"https:\/\/api.w.org\/{rel}","templated":true}]}}