{"id":11307,"date":"2021-11-17T16:32:35","date_gmt":"2021-11-17T21:32:35","guid":{"rendered":"https:\/\/todoenseguridad.com\/site\/?post_type=product&#038;p=11307"},"modified":"2026-03-24T15:28:55","modified_gmt":"2026-03-24T20:28:55","slug":"kit-de-alarma-ds-pwa48-kslim-con-1-hub-1-sensor-pir-1-contacto-magnetico-1-control-remoto-wifi","status":"publish","type":"product","link":"https:\/\/todoenseguridad.com\/site\/producto\/kit-de-alarma-ds-pwa48-kslim-con-1-hub-1-sensor-pir-1-contacto-magnetico-1-control-remoto-wifi\/","title":{"rendered":"KIT de Alarma DS-PWA48-KSLIM con 1 Hub + 1 Sensor PIR + 1 Contacto Magn\u00e9tico+ 1 Control Remoto  wifi"},"content":{"rendered":"<h2 id=\\\"product_title_200321\\\" class=\\\"no_margin_top titulo_vista_producto\\\"><span style=\\\"color: #0000ff\\\">KIT de Alarma AX PRO modelo <span class=\\\"modelo-marca\\\">DS-PWA48-KSLIM<\/span> by Hikvision \/ Incluye: 1 Hub + 1 Sensor PIR + 1 Contacto Magn\u00e9tico slim + 1 Control Remoto + WiFi + Compatible con Hik-Connect P2P<\/span><\/h2>\n<p>&nbsp;<\/p>\n<h3><span style=\\\"color: #000000\\\">REPETIDOR DE SE\u00d1AL\u00a0<strong>DS-PR1-WB<\/strong><\/span><\/h3>\n<p><span style=\\\"color: #000000\\\"><strong>Aumenta la cobertura de tus dispositivos<\/strong><\/span><\/p>\n<p><span style=\\\"color: #000000\\\">Extiende la se\u00f1al de los dispositivos de la serie AXPRO, recibe mensajes de alarma, estado y control de los dispositivos y repite estos mensajes al panel de control.<\/span><\/p>\n<p>&nbsp;<\/p>\n<ul>\n<li><span style=\\\"color: #000000\\\">\u2713Comunicaci\u00f3n inal\u00e1mbrica bidireccional de 433 MHz\u00a0estable y segura.<\/span><\/li>\n<li><span style=\\\"color: #000000\\\">\u2713Indicador LED, muestra los diferentes estatus del dispositivo con f\u00e1cil comprensi\u00f3n.<\/span><\/li>\n<li><span style=\\\"color: #000000\\\">\u2713Hasta 35 horas de respaldo de bater\u00eda despu\u00e9s de la p\u00e9rdida energ\u00eda principal.<\/span><\/li>\n<li><span style=\\\"color: #000000\\\">\u2713Encuentra y conecta detectores autom\u00e1ticamente, emparejamiento autom\u00e1tico inteligente.<\/span><\/li>\n<li><span style=\\\"color: #000000\\\">\u2713F\u00e1cil instalaci\u00f3n debido nuevo dise\u00f1ado.<\/span><\/li>\n<\/ul>\n<p>&nbsp;<\/p>\n<h3><span style=\\\"color: #000000\\\">DETECTOR PIR CON CAMARA INALAMBRICO\u00a0DS-PDPC12P-EG2-WB<\/span><\/h3>\n<p><span style=\\\"color: #000000\\\">Detector inal\u00e1mbrico bidireccional totalmente supervisado con c\u00e1mara incorporada de alta calidad que puede proporcionar un ideal soluci\u00f3n para la verificaci\u00f3n de video.<\/span><\/p>\n<p>&nbsp;<\/p>\n<ul>\n<li><span style=\\\"color: #000000\\\">\u2713Rango de detecci\u00f3n: 12 m.<\/span><\/li>\n<li><span style=\\\"color: #000000\\\">\u2713Angulo de detecci\u00f3n: 85.9\u00b0.<\/span><\/li>\n<li><span style=\\\"color: #000000\\\">\u2713Inmunidad contra mascotas: 30Kg.<\/span><\/li>\n<li><span style=\\\"color: #000000\\\">\u2713Resoluci\u00f3n m\u00e1xima de la c\u00e1mara: 640 x 480.<\/span><\/li>\n<li><span style=\\\"color: #000000\\\">\u2713Voltaje de Operaci\u00f3n: 3 x\u00a0<strong>CR123A<\/strong>\u00a0(Incluida).<\/span><\/li>\n<li><span style=\\\"color: #000000\\\">\u2713Tiempo util de la bater\u00eda: 6 a\u00f1os<\/span><\/li>\n<li><span style=\\\"color: #000000\\\">\u2713Tamper antisabotaje.<\/span><\/li>\n<\/ul>\n<h3><span style=\\\"color: #000000\\\"><strong>ACCESORIOS PARA AUTOMATIZAR:<\/strong><\/span><\/h3>\n<p>&nbsp;<\/p>\n<h3><span style=\\\"color: #000000\\\"><strong>DS-PM1-O1H-WB<\/strong><\/span><\/h3>\n<ul>\n<li><span style=\\\"color: #000000\\\">\u2713Comunicaci\u00f3n inal\u00e1mbrica bidireccional de 433 MHz \/ Cifrado AES-128.<\/span><\/li>\n<li><span style=\\\"color: #000000\\\">\u2713Pantalla LED, muestra el estado del dispositivo: encendido \/ apagado.<\/span><\/li>\n<li><span style=\\\"color: #000000\\\">\u2713Dise\u00f1o de caja peque\u00f1a, que se puede esconder f\u00e1cilmente.<\/span><\/li>\n<li><span style=\\\"color: #000000\\\">\u2713Operaci\u00f3n de automatizaci\u00f3n, bot\u00f3n de encendido\/apagado desde: aplicaci\u00f3n \/ control \/ teclado<\/span><\/li>\n<li><span style=\\\"color: #000000\\\">\u2713Configuraci\u00f3n de escenarios por diferentes eventos.<\/span><\/li>\n<li><span style=\\\"color: #000000\\\">\u27131 Salida de relevador: NO\/NC (100 to 240 VAC \/ Max. 13 A\uff09<\/span><\/li>\n<li><span style=\\\"color: #000000\\\">\u2713Voltaje de Operaci\u00f3n: 100 VCA a 240 VCA.<\/span><\/li>\n<li><span style=\\\"color: #000000\\\">\u2713Temperatura de operaci\u00f3n: -10\u00b0 a 55\u00b0C.<\/span><\/li>\n<\/ul>\n<h3><span style=\\\"color: #000000\\\"><strong>DS-PM1-O1L-WB<\/strong><\/span><\/h3>\n<ul>\n<li><span style=\\\"color: #000000\\\">\u2713Comunicaci\u00f3n inal\u00e1mbrica bidireccional de 433 MHz \/ Cifrado AES-128.<\/span><\/li>\n<li><span style=\\\"color: #000000\\\">\u2713Pantalla LED, muestra el estado del dispositivo: encendido \/ apagado.<\/span><\/li>\n<li><span style=\\\"color: #000000\\\">\u2713Dise\u00f1o de caja peque\u00f1a, que se puede esconder f\u00e1cilmente.<\/span><\/li>\n<li><span style=\\\"color: #000000\\\">\u2713Operaci\u00f3n de automatizaci\u00f3n, bot\u00f3n de encendido\/apagado desde: aplicaci\u00f3n \/ control \/ teclado<\/span><\/li>\n<li><span style=\\\"color: #000000\\\">\u2713Configuraci\u00f3n de escenarios por diferentes eventos<\/span><\/li>\n<li><span style=\\\"color: #000000\\\">\u2713Usando la entrada de alarma, se puede utilizar como entrada de zona para el panel.<\/span><\/li>\n<li><span style=\\\"color: #000000\\\">\u27131 Salida de relevador: NO\/NC (0 a 36VCD \/ Max. 5 A).<\/span><\/li>\n<li><span style=\\\"color: #000000\\\">\u27131 Entrada de alarma: NO\/NC.<\/span><\/li>\n<li><span style=\\\"color: #000000\\\">\u2713Voltaje de Operaci\u00f3n: 7VCD a 24 VCD.<\/span><\/li>\n<li><span style=\\\"color: #000000\\\">\u2713Temperatura de operaci\u00f3n: -10\u00b0 a 55\u00b0C.<\/span><\/li>\n<\/ul>\n<p><span style=\\\"color: #0000ff\\\">**Se venden sensores adicionales por separado, llame para detalles al 8115229255<\/span><\/p>\n<p>&nbsp;<\/p>\n","protected":false},"excerpt":{"rendered":"<h2 id=\"product_title_200321\" class=\"no_margin_top titulo_vista_producto\">KIT de Alarma AX PRO modelo <span class=\"modelo-marca\">DS-PWA48-KSLIM<\/span> by Hikvision \/ Incluye: 1 Hub + 1 Sensor PIR + 1 Contacto Magn\u00e9tico slim + 1 Control Remoto + WiFi + Compatible con Hik-Connect P2P<\/h2>\n","protected":false},"featured_media":11309,"template":"","meta":{"_acf_changed":false},"product_brand":[],"product_cat":[102],"product_tag":[],"berocket_brand":[],"class_list":{"0":"post-11307","1":"product","2":"type-product","3":"status-publish","4":"has-post-thumbnail","6":"product_cat-kit","8":"first","9":"instock","10":"taxable","11":"shipping-taxable","12":"purchasable","13":"product-type-simple","14":"berocket_lgv_grid","15":"berocket_lgv_list_grid"},"acf":[],"aioseo_notices":[],"_links":{"self":[{"href":"https:\/\/todoenseguridad.com\/site\/wp-json\/wp\/v2\/product\/11307","targetHints":{"allow":["GET"]}}],"collection":[{"href":"https:\/\/todoenseguridad.com\/site\/wp-json\/wp\/v2\/product"}],"about":[{"href":"https:\/\/todoenseguridad.com\/site\/wp-json\/wp\/v2\/types\/product"}],"wp:featuredmedia":[{"embeddable":true,"href":"https:\/\/todoenseguridad.com\/site\/wp-json\/wp\/v2\/media\/11309"}],"wp:attachment":[{"href":"https:\/\/todoenseguridad.com\/site\/wp-json\/wp\/v2\/media?parent=11307"}],"wp:term":[{"taxonomy":"product_brand","embeddable":true,"href":"https:\/\/todoenseguridad.com\/site\/wp-json\/wp\/v2\/product_brand?post=11307"},{"taxonomy":"product_cat","embeddable":true,"href":"https:\/\/todoenseguridad.com\/site\/wp-json\/wp\/v2\/product_cat?post=11307"},{"taxonomy":"product_tag","embeddable":true,"href":"https:\/\/todoenseguridad.com\/site\/wp-json\/wp\/v2\/product_tag?post=11307"},{"taxonomy":"berocket_brand","embeddable":true,"href":"https:\/\/todoenseguridad.com\/site\/wp-json\/wp\/v2\/berocket_brand?post=11307"}],"curies":[{"name":"wp","href":"https:\/\/api.w.org\/{rel}","templated":true}]}}