{"id":11233,"date":"2021-08-06T16:38:26","date_gmt":"2021-08-06T21:38:26","guid":{"rendered":"https:\/\/todoenseguridad.com\/site\/?post_type=product&#038;p=11233"},"modified":"2026-03-24T15:29:29","modified_gmt":"2026-03-24T20:29:29","slug":"rblhgg-60ad-kitr2-mikrotik-wireless-wire-dish-enlace-completo-de-60ghz-hasta-2gbps","status":"publish","type":"product","link":"https:\/\/todoenseguridad.com\/site\/producto\/rblhgg-60ad-kitr2-mikrotik-wireless-wire-dish-enlace-completo-de-60ghz-hasta-2gbps\/","title":{"rendered":"RBLHGG-60AD-KITR2 MIKROTIK (Wireless Wire Dish) Enlace completo de 60GHz, Hasta 2Gbps"},"content":{"rendered":"<h3 id=\\\"product_title_155920\\\" class=\\\"no_margin_top titulo_vista_producto\\\"><span style=\\\"color: #0000ff\\\"><span class=\\\"modelo-marca\\\">RBLHGG-60AD-KITR2<\/span> <span class=\\\"modelo-marca\\\">MIKROTIK<\/span> (Wireless Wire Dish) Enlace completo de 60GHz, Hasta 2Gbps, \\\u00bbListos para Conectarse\\\u00bb<\/span><\/h3>\n<p>&nbsp;<\/p>\n<p><span style=\\\"color: #000000\\\">El Wireless Wire Dish es una soluci\u00f3n innovadora que ofrece velocidad y calidad de fibra en distancias de hasta 1500 m por una fracci\u00f3n del precio.<\/span><\/p>\n<p><span style=\\\"color: #000000\\\">Este incre\u00edble kit crea un enlace inal\u00e1mbrico de 60 GHz cifrado AES seguro que no se ve afectado por el abarrotado espectro de WiFi, ofreciendo un enlace estable y r\u00e1pido para distancias de 1500 metros o m\u00e1s.\u00a0Simplemente apunte los dispositivos incluidos entre s\u00ed y enci\u00e9ndalos, ya est\u00e1n preconfigurados para conectarse autom\u00e1ticamente y har\u00e1n un enlace agregado de 2 Gb \/ s.<\/span><\/p>\n<p><span style=\\\"color: #000000\\\">La caja incluye dos dispositivos LHGG-60ad que ya est\u00e1n emparejados, fuentes de alimentaci\u00f3n, inyectores PoE y kits de montaje para ambos dispositivos.<\/span><\/p>\n<h4><span style=\\\"color: #000000\\\">Especificaciones<\/span><\/h4>\n<p><span style=\\\"color: #000000\\\">Arquitectura: ARM32bit<\/span><\/p>\n<p><span style=\\\"color: #000000\\\">CPU: IPQ-4019<\/span><\/p>\n<p><span style=\\\"color: #000000\\\">Recuento de n\u00facleos de CPU: 4<\/span><\/p>\n<p><span style=\\\"color: #000000\\\">Frecuencia nominal de la CPU: 716,8 MHz<\/span><\/p>\n<p><span style=\\\"color: #000000\\\">Dimensiones: 391 x 222 mm<\/span><\/p>\n<p><span style=\\\"color: #000000\\\">Licencia de RouterOS: 3<\/span><\/p>\n<p><span style=\\\"color: #000000\\\">Sistema operativo: RouterOS<\/span><\/p>\n<p><span style=\\\"color: #000000\\\">Tama\u00f1o de RAM: 256 MB<\/span><\/p>\n<p><span style=\\\"color: #000000\\\">Tama\u00f1o de almacenamiento: 16 MB<\/span><\/p>\n<p><span style=\\\"color: #000000\\\">Temperatura ambiente probada: -40 \u00b0 C hasta 70 \u00b0 C<\/span><\/p>\n","protected":false},"excerpt":{"rendered":"<p>RBLHGG-60AD-KITR2 MIKROTIK (Wireless Wire Dish) Enlace completo de 60GHz, Hasta 2Gbps, \\\u00bbListos para Conectarse\\\u00bb &nbsp; El Wireless Wire Dish es una soluci\u00f3n innovadora que ofrece velocidad y calidad de fibra en distancias de hasta 1500 m por una fracci\u00f3n del precio. Este incre\u00edble kit crea un enlace inal\u00e1mbrico de 60 GHz cifrado AES seguro que [&hellip;]<\/p>\n","protected":false},"featured_media":11234,"template":"","meta":{"_acf_changed":false},"product_brand":[],"product_cat":[77,220,72],"product_tag":[],"berocket_brand":[],"class_list":{"0":"post-11233","1":"product","2":"type-product","3":"status-publish","4":"has-post-thumbnail","6":"product_cat-enlaces-punto-a-punto-ptop-wifi-2-4-5-8-60ghz","7":"product_cat-redes-de-datos","8":"product_cat-redes-inalambricas","10":"first","11":"instock","12":"taxable","13":"shipping-taxable","14":"purchasable","15":"product-type-simple","16":"berocket_lgv_grid","17":"berocket_lgv_list_grid"},"acf":[],"aioseo_notices":[],"_links":{"self":[{"href":"https:\/\/todoenseguridad.com\/site\/wp-json\/wp\/v2\/product\/11233","targetHints":{"allow":["GET"]}}],"collection":[{"href":"https:\/\/todoenseguridad.com\/site\/wp-json\/wp\/v2\/product"}],"about":[{"href":"https:\/\/todoenseguridad.com\/site\/wp-json\/wp\/v2\/types\/product"}],"wp:featuredmedia":[{"embeddable":true,"href":"https:\/\/todoenseguridad.com\/site\/wp-json\/wp\/v2\/media\/11234"}],"wp:attachment":[{"href":"https:\/\/todoenseguridad.com\/site\/wp-json\/wp\/v2\/media?parent=11233"}],"wp:term":[{"taxonomy":"product_brand","embeddable":true,"href":"https:\/\/todoenseguridad.com\/site\/wp-json\/wp\/v2\/product_brand?post=11233"},{"taxonomy":"product_cat","embeddable":true,"href":"https:\/\/todoenseguridad.com\/site\/wp-json\/wp\/v2\/product_cat?post=11233"},{"taxonomy":"product_tag","embeddable":true,"href":"https:\/\/todoenseguridad.com\/site\/wp-json\/wp\/v2\/product_tag?post=11233"},{"taxonomy":"berocket_brand","embeddable":true,"href":"https:\/\/todoenseguridad.com\/site\/wp-json\/wp\/v2\/berocket_brand?post=11233"}],"curies":[{"name":"wp","href":"https:\/\/api.w.org\/{rel}","templated":true}]}}